000
CXUS54 KJAN 211200
CF6HKS
PRELIMINARY LOCAL CLIMATOLOGICAL DATA (WS FORM: F-6)

                                          STATION:   JACKSON HAWKINS
                                          MONTH:     SEPTEMBER
                                          YEAR:      2014
                                          LATITUDE:   32 20 N
                                          LONGITUDE:  90 14 W

  TEMPERATURE IN F:       :PCPN:    SNOW:  WIND      :SUNSHINE: SKY     :PK WND
================================================================================
1   2   3   4   5  6A  6B    7    8   9   10  11  12  13   14  15   16   17  18
                                     12Z  AVG MX 2MIN
DY MAX MIN AVG DEP HDD CDD  WTR  SNW DPTH SPD SPD DIR MIN PSBL S-S WX    SPD DR
================================================================================

 1  94  75  85   5   0  20    T  0.0    0  8.6 22 130   M    M   2 1      26 130
 2  90  73  82   2   0  17 1.57  0.0    0  6.1 22 290   M    M   5 13     29 270
 3  91  72  82   2   0  17 0.00  0.0    0  3.0 13 300   M    M   4 1      16 270
 4  93  73  83   3   0  18 0.00  0.0    0  3.0 13 140   M    M   1        15 180
 5  91  73  82   2   0  17 0.38  0.0    0  2.6 16 290   M    M   2 123    18 290
 6  91  71  81   2   0  16 0.00  0.0    0  1.6  7  10   M    M   2 12     10 340
 7  85  74  80   1   0  15 0.00  0.0    0  4.1  8 350   M    M   5 18     12 320
 8  92  72  82   3   0  17 0.00  0.0    0  1.7  8 350   M    M   1 18     12  10
 9  94  74  84   6   0  19 0.00  0.0    0  3.0 16 150   M    M   1 18     21 150
10  92  75  84   6   0  19 0.00  0.0    0  7.4 14 230   M    M   2 18     18 200
11  94  75  85   7   0  20 0.00  0.0    0  4.7 10 230   M    M   1 1      14 250
12  88  73  81   3   0  16    T  0.0    0  3.7 13 160   M    M   5 1      16 320
13  73  67  70  -7   0   5 0.01  0.0    0  6.8 13 360   M    M  10 1      19  10
14  87  65  76  -1   0  11 0.00  0.0    0  2.7  9  10   M    M   6 8      12 360
15  90  69  80   3   0  15 0.00  0.0    0  1.9 10 360   M    M   1        13 360
16  90  72  81   5   0  16    T  0.0    0  1.9  9 170   M    M   2        14  40
17  93  69  81   5   0  16 0.00  0.0    0  2.1  9  30   M    M   1        13  30
18  90  70  80   4   0  15 0.17  0.0    0  3.8 16  60   M    M   2 13     25  40
19  91  67  79   4   0  14 0.00  0.0    0  2.9 10  90   M    M   1        13  80
20  91  69  80   5   0  15 0.00  0.0    0  3.1  9  60   M    M   1 18     14  30
================================================================================
SM 1800 1428         0 318  2.13     0.0  74.7          M       55
================================================================================
AV 90.0 71.4                               3.7 FASTST   M    M   3    MAX(MPH)
                                 MISC ---->  # 22 130               # 29  270
================================================================================
NOTES:
# LAST OF SEVERAL OCCURRENCES

COLUMN 17 PEAK WIND IN M.P.H.

PRELIMINARY LOCAL CLIMATOLOGICAL DATA (WS FORM: F-6) , PAGE 2

                                          STATION:  JACKSON HAWKINS
                                          MONTH:    SEPTEMBER
                                          YEAR:     2014
                                          LATITUDE:   32 20 N
                                          LONGITUDE:  90 14 W

[TEMPERATURE DATA]      [PRECIPITATION DATA]       SYMBOLS USED IN COLUMN 16

AVERAGE MONTHLY: 80.7   TOTAL FOR MONTH:   2.13    1 = FOG OR MIST
DPTR FM NORMAL:   2.8   DPTR FM NORMAL:    0.04    2 = FOG REDUCING VISIBILITY
HIGHEST:    94 ON 11, 9 GRTST 24HR  1.57 ON  2- 2      TO 1/4 MILE OR LESS
LOWEST:     65 ON 14                               3 = THUNDER
                        SNOW, ICE PELLETS, HAIL    4 = ICE PELLETS
                        TOTAL MONTH:   0.0 INCH    5 = HAIL
                        GRTST 24HR     0.0         6 = FREEZING RAIN OR DRIZZLE
                        GRTST DEPTH:   0           7 = DUSTSTORM OR SANDSTORM:
                                                       VSBY 1/2 MILE OR LESS
                                                   8 = SMOKE OR HAZE
[NO. OF DAYS WITH]      [WEATHER - DAYS WITH]      9 = BLOWING SNOW
                                                   X = TORNADO
MAX 32 OR BELOW:   0    0.01 INCH OR MORE:   4
MAX 90 OR ABOVE:  16    0.10 INCH OR MORE:   3
MIN 32 OR BELOW:   0    0.50 INCH OR MORE:   1
MIN  0 OR BELOW:   0    1.00 INCH OR MORE:   1

[HDD (BASE 65) ]
TOTAL THIS MO.     0    CLEAR  (SCALE 0-3)  14
DPTR FM NORMAL     0    PTCLDY (SCALE 4-7)   5
TOTAL FM JUL 1     0    CLOUDY (SCALE 8-10)  1
DPTR FM NORMAL     0

[CDD (BASE 65) ]
TOTAL THIS MO.   318
DPTR FM NORMAL    61    [PRESSURE DATA]
TOTAL FM JAN 1  2148    HIGHEST SLP M ON M
DPTR FM NORMAL    43    LOWEST  SLP 29.85 ON 18

[REMARKS]
