000
CXUS54 KJAN 300800
CF6HKS
PRELIMINARY LOCAL CLIMATOLOGICAL DATA (WS FORM: F-6)

                                          STATION:   JACKSON HAWKINS
                                          MONTH:     MARCH
                                          YEAR:      2015
                                          LATITUDE:   32 20 N
                                          LONGITUDE:  90 14 W

  TEMPERATURE IN F:       :PCPN:    SNOW:  WIND      :SUNSHINE: SKY     :PK WND
================================================================================
1   2   3   4   5  6A  6B    7    8   9   10  11  12  13   14  15   16   17  18
                                     12Z  AVG MX 2MIN
DY MAX MIN AVG DEP HDD CDD  WTR  SNW DPTH SPD SPD DIR MIN PSBL S-S WX    SPD DR
================================================================================

 1  60  49  55   1  10   0 1.11  0.0    0  5.9 16 140   M    M   9 18     20 130
 2  58  47  53  -1  12   0 0.06  0.0    0  3.1  8 350   M    M   9 12     10 340
 3  76  51  64   9   1   0 0.06  0.0    0  6.9 18 190   M    M  10 12     25 180
 4  82  41  62   7   3   0 0.13  0.0    0 10.7 22 210   M    M   8 1      29 210
 5  41  26  34 -21  31   0 0.31    M    M  9.9 18 340   M    M   6 146    29 340
 6  48  22  35 -20  30   0 0.00  0.0    0  6.4 13  10   M    M   0        19  30
 7  64  25  45 -11  20   0 0.00  0.0    0  1.1  7  50   M    M   0 8      10 180
 8  65  39  52  -4  13   0 0.07  0.0    0  3.3 14 310   M    M   9        21 310
 9  58  48  53  -3  12   0 0.15  0.0    0  5.6 13 130   M    M  10 1      15 130
10  72  58  65   9   0   0 0.90  0.0    0  8.0 17 200   M    M  10 1      25 200
11  62  56  59   3   6   0 0.01  0.0    0  5.1  9 350   M    M  10 1      12 320
12  75  56  66   9   0   1 0.07  0.0    0  9.4 17 140   M    M   9 1      22 150
13  71  64  68  11   0   3 1.00  0.0    0  9.7 25 150   M    M   8 1      36 160
14  69  60  65   8   0   0    T  0.0    0  4.9 14 240   M    M   7 18     17 240
15  76  57  67  10   0   2 0.00  0.0    0  2.2  9  60   M    M   4 128    12  50
16  83  52  68  10   0   3 0.00  0.0    0  3.2 16 290   M    M   2 12     22 230
17  83  62  73  15   0   8 0.00  0.0    0  5.5 16 280   M    M   0        23 300
18  79  59  69  11   0   4 0.16  0.0    0  3.5 16 180   M    M   6 1      21 180
19  75  59  67   9   0   2 0.00  0.0    0  3.8 12 290   M    M   7 12     15 290
20  73  60  67   9   0   2 0.14  0.0    0  5.2 13 320   M    M   8 1      17 320
21  62  57  60   1   5   0 1.58  0.0    0  5.4  9  70   M    M  10 1      13  70
22  64  56  60   1   5   0 0.32  0.0    0  6.7 14 290   M    M  10 1      18 290
23  68  52  60   1   5   0 0.02  0.0    0  5.2 12  10   M    M   8 1      17  10
24  75  48  62   3   3   0 0.00  0.0    0  4.4 17 160   M    M   2 12     21 160
25  80  57  69   9   0   4 0.00  0.0    0  7.7 18 180   M    M   3 1      23 110
26  77  49  63   3   2   0 0.12  0.0    0  6.2 18 350   M    M   7 1      36 290
27  61  40  51  -9  14   0 0.00  0.0    0  6.8 18 320   M    M   2 1      25 320
28  58  38  48 -12  17   0 0.00  0.0    0  5.4 15  80   M    M   1        22  80
29   M   M   M   M   M   M    M    M    M   M   M   M   M    M   M         M  M
================================================================================
SM 1915 1388       189  29  6.21     0.0 161.2          M      175
================================================================================
AV 68.4 49.6                               5.8 FASTST   M    M   6    MAX(MPH)
                                 MISC ---->  # 25 150               # 36  160
================================================================================
NOTES:
# LAST OF SEVERAL OCCURRENCES

COLUMN 17 PEAK WIND IN M.P.H.

PRELIMINARY LOCAL CLIMATOLOGICAL DATA (WS FORM: F-6) , PAGE 2

                                          STATION:  JACKSON HAWKINS
                                          MONTH:    MARCH
                                          YEAR:     2015
                                          LATITUDE:   32 20 N
                                          LONGITUDE:  90 14 W

[TEMPERATURE DATA]      [PRECIPITATION DATA]       SYMBOLS USED IN COLUMN 16

AVERAGE MONTHLY: 59.0   TOTAL FOR MONTH:   6.21    1 = FOG OR MIST
DPTR FM NORMAL:   1.7   DPTR FM NORMAL:    1.44    2 = FOG REDUCING VISIBILITY
HIGHEST:    83 ON 17,16 GRTST 24HR  1.58 ON 21-21      TO 1/4 MILE OR LESS
LOWEST:     22 ON  6                               3 = THUNDER
                        SNOW, ICE PELLETS, HAIL    4 = ICE PELLETS
                        TOTAL MONTH:   0.0 INCH    5 = HAIL
                        GRTST 24HR     0.0         6 = FREEZING RAIN OR DRIZZLE
                        GRTST DEPTH:   0           7 = DUSTSTORM OR SANDSTORM:
                                                       VSBY 1/2 MILE OR LESS
                                                   8 = SMOKE OR HAZE
[NO. OF DAYS WITH]      [WEATHER - DAYS WITH]      9 = BLOWING SNOW
                                                   X = TORNADO
MAX 32 OR BELOW:   0    0.01 INCH OR MORE:  17
MAX 90 OR ABOVE:   0    0.10 INCH OR MORE:  11
MIN 32 OR BELOW:   3    0.50 INCH OR MORE:   4
MIN  0 OR BELOW:   0    1.00 INCH OR MORE:   3

[HDD (BASE 65) ]
TOTAL THIS MO.   189    CLEAR  (SCALE 0-3)   7
DPTR FM NORMAL   -56    PTCLDY (SCALE 4-7)  11
TOTAL FM JUL 1  2290    CLOUDY (SCALE 8-10) 10
DPTR FM NORMAL   182

[CDD (BASE 65) ]
TOTAL THIS MO.    29
DPTR FM NORMAL     0    [PRESSURE DATA]
TOTAL FM JAN 1    29    HIGHEST SLP M ON M
DPTR FM NORMAL   -12    LOWEST  SLP 29.79 ON 26

[REMARKS]
