000
CXUS52 KGSP 300817
CF6HKY
PRELIMINARY LOCAL CLIMATOLOGICAL DATA (WS FORM: F-6)

                                          STATION:   HICKORY NC
                                          MONTH:     JUNE
                                          YEAR:      2015
                                          LATITUDE:   35 45 N
                                          LONGITUDE:  81 23 W

  TEMPERATURE IN F:       :PCPN:    SNOW:  WIND      :SUNSHINE: SKY     :PK WND
================================================================================
1   2   3   4   5  6A  6B    7    8   9   10  11  12  13   14  15   16   17  18
                                     12Z  AVG MX 2MIN
DY MAX MIN AVG DEP HDD CDD  WTR  SNW DPTH SPD SPD DIR MIN PSBL S-S WX    SPD DR
================================================================================

 1  83  65  74   3   0   9 0.41    M    M  5.6 16 300   M    M   6 13     22 320
 2  82  62  72   1   0   7 1.90    M    M  1.7 16  20   M    M   5 123    20  20
 3  67  60  64  -7   1   0 0.00    M    M  6.6 13  50   M    M  10 12     17  50
 4  74  59  67  -5   0   2 0.02    M    M  4.0  9  60   M    M   9 1      13 100
 5  81  60  71  -1   0   6 0.09    M    M  1.6 13 320   M    M   6 13     16 310
 6  86  64  75   3   0  10 0.00    M    M  4.6 13  50   M    M   3 1      16  50
 7  82  67  75   3   0  10 0.00    M    M  3.4 10 190   M    M   6        16 200
 8  83  65  74   1   0   9 0.57    M    M  8.2 22 300   M    M   7 138    33 300
 9  86  65  76   3   0  11 0.04    M    M  2.3  9  20   M    M   3 1      13  20
10  86  63  75   2   0  10 0.00    M    M  3.5 12 200   M    M   1        16 190
11  86  66  76   2   0  11 0.12    M    M  3.5 17 210   M    M   2 1      24 220
12  85  68  77   3   0  12 0.01    M    M  4.3 16 250   M    M   4 1      20 250
13  90  68  79   5   0  14 0.00    M    M  3.4 12 240   M    M   1        17 250
14  93  68  81   7   0  16 0.00    M    M  3.7 13 190   M    M   1        16 200
15  94  70  82   7   0  17 0.00    M    M  4.2 13 290   M    M   0        16 280
16  94  70  82   7   0  17 0.00    M    M  5.7 14 290   M    M   0        20 270
17  92  72  82   7   0  17 0.08    M    M  3.0 12 200   M    M   1 3      16 230
18  93  71  82   7   0  17    T    M    M  2.7 21 230   M    M   1 3      27 220
19  89  71  80   5   0  15 0.08    M    M  2.7 15 190   M    M   1 3      22 190
20  90  69  80   4   0  15 0.18    M    M  7.7 23 200   M    M   4 123    33 190
21  94  69  82   6   0  17 0.00    M    M  4.6 24 350   M    M   1 3      41 330
22  94  67  81   5   0  16    T    M    M  2.8 12 180   M    M   0 3      18 200
23  95  71  83   7   0  18 0.00    M    M  5.4 14 270   M    M   1        19 290
24  97  72  85   9   0  20 0.37    M    M  2.9 29  50   M    M   2 13     43  60
25  94  71  83   7   0  18 0.00    M    M  3.2 14 270   M    M   1        18 270
26  95  73  84   7   0  19    T    M    M  5.4 13  50   M    M   2 3      17  60
27  88  70  79   2   0  14 0.04    M    M  4.6 16 200   M    M   6        22 190
28  84  61  73  -4   0   8 0.00    M    M  5.4 13 330   M    M   0        20 360
29  84  59  72  -5   0   7 0.00    M    M  3.4 10 200   M    M   4        14 190
================================================================================
SM 2541 1936         1 362  3.91    M    120.1          M       88
================================================================================
AV 87.6 66.8                               4.1 FASTST   M    M   3    MAX(MPH)
                                 MISC ---->  # 29  50               # 43   60
================================================================================
NOTES:
# LAST OF SEVERAL OCCURRENCES

COLUMN 17 PEAK WIND IN M.P.H.

PRELIMINARY LOCAL CLIMATOLOGICAL DATA (WS FORM: F-6) , PAGE 2

                                          STATION:  HICKORY NC
                                          MONTH:    JUNE
                                          YEAR:     2015
                                          LATITUDE:   35 45 N
                                          LONGITUDE:  81 23 W

[TEMPERATURE DATA]      [PRECIPITATION DATA]       SYMBOLS USED IN COLUMN 16

AVERAGE MONTHLY: 77.2   TOTAL FOR MONTH:   3.91    1 = FOG OR MIST
DPTR FM NORMAL:   2.9   DPTR FM NORMAL:   -0.08    2 = FOG REDUCING VISIBILITY
HIGHEST:    97 ON 24    GRTST 24HR  2.12 ON  1- 2      TO 1/4 MILE OR LESS
LOWEST:     59 ON 29, 4                            3 = THUNDER
                        SNOW, ICE PELLETS, HAIL    4 = ICE PELLETS
                        TOTAL MONTH:    M          5 = HAIL
                        GRTST 24HR    M  ON   M    6 = FREEZING RAIN OR DRIZZLE
                        GRTST DEPTH:  M  ON   M    7 = DUSTSTORM OR SANDSTORM:
                                                       VSBY 1/2 MILE OR LESS
                                                   8 = SMOKE OR HAZE
[NO. OF DAYS WITH]      [WEATHER - DAYS WITH]      9 = BLOWING SNOW
                                                   X = TORNADO
MAX 32 OR BELOW:   0    0.01 INCH OR MORE:  13
MAX 90 OR ABOVE:  13    0.10 INCH OR MORE:   6
MIN 32 OR BELOW:   0    0.50 INCH OR MORE:   2
MIN  0 OR BELOW:   0    1.00 INCH OR MORE:   1

[HDD (BASE 65) ]
TOTAL THIS MO.     1    CLEAR  (SCALE 0-3)  16
DPTR FM NORMAL    -3    PTCLDY (SCALE 4-7)  11
TOTAL FM JUL 1  3639    CLOUDY (SCALE 8-10)  2
DPTR FM NORMAL    21

[CDD (BASE 65) ]
TOTAL THIS MO.   362
DPTR FM NORMAL    87    [PRESSURE DATA]
TOTAL FM JAN 1   583    HIGHEST SLP  0.00 ON 16
DPTR FM NORMAL   174    LOWEST  SLP  0.00 ON 16

[REMARKS]
