000
CXUS52 KGSP 310817
CF6HKY
PRELIMINARY LOCAL CLIMATOLOGICAL DATA (WS FORM: F-6)

                                          STATION:   HICKORY NC
                                          MONTH:     AUGUST
                                          YEAR:      2015
                                          LATITUDE:   35 45 N
                                          LONGITUDE:  81 23 W

  TEMPERATURE IN F:       :PCPN:    SNOW:  WIND      :SUNSHINE: SKY     :PK WND
================================================================================
1   2   3   4   5  6A  6B    7    8   9   10  11  12  13   14  15   16   17  18
                                     12Z  AVG MX 2MIN
DY MAX MIN AVG DEP HDD CDD  WTR  SNW DPTH SPD SPD DIR MIN PSBL S-S WX    SPD DR
================================================================================

 1  92  64  78   1   0  13 0.00    M    M  5.0 15 290   M    M   1        19 290
 2  92  64  78   1   0  13 0.00    M    M  2.7  9 240   M    M   2        15 350
 3  94  65  80   3   0  15 0.00    M    M  2.7 10 190   M    M   1 8      14 190
 4  96  68  82   5   0  17 0.00    M    M  3.6 13 300   M    M   0 8      19 250
 5  98  69  84   7   0  19 0.00    M    M  2.9 16 200   M    M   2 8      23 190
 6  89  69  79   2   0  14 0.76    M    M  2.5  8 200   M    M   5 13     12 200
 7  80  70  75  -2   0  10    T    M    M  5.1 10  10   M    M   9 1      15  20
 8  88  69  79   2   0  14 0.00    M    M  3.6 12  60   M    M   7        15  20
 9  87  70  79   2   0  14 0.00    M    M  3.2  9 260   M    M   7        14 190
10  86  70  78   1   0  13    T    M    M  5.5 17 210   M    M   5 3      23 220
11  90  71  81   4   0  16    T    M    M  3.9 12 320   M    M   6 3      18 320
12  89  66  78   1   0  13 0.00    M    M  5.6 14  20   M    M   3        19  30
13  87  62  75  -2   0  10 0.00    M    M  3.7  9 100   M    M   3        14  90
14  90  66  78   1   0  13 0.03    M    M  3.4 15  20   M    M   5 13     22  20
15  90  65  78   1   0  13 0.00    M    M  2.7 13 230   M    M   1 13     15 230
16  89  64  77   0   0  12 0.00    M    M  3.2  9  80   M    M   2        13  20
17  89  69  79   2   0  14    T    M    M  2.8 13 200   M    M   2        17 190
18  85  70  78   2   0  13 0.35    M    M  3.6 14 200   M    M   8 1      19 200
19  91  72  82   6   0  17 1.09    M    M  4.4 24 270   M    M   5 13     32 260
20  89  70  80   4   0  15 0.02    M    M  2.3 12 200   M    M   5 12     17 190
21  87  70  79   3   0  14 0.00    M    M  3.3 13  50   M    M   6        19  50
22  84  69  77   1   0  12 0.00    M    M  2.9  8  70   M    M   7        12  60
23  84  69  77   1   0  12 1.06    M    M  2.3 13 280   M    M   8 138    16 280
24  90  69  80   4   0  15 0.00    M    M  2.7 12  10   M    M   4 128    15 270
25  86  64  75  -1   0  10 0.00    M    M  3.2 10  10   M    M   3        14  10
26  82  64  73  -3   0   8 0.00    M    M  4.6 12  60   M    M   4        18  60
27  83  64  74  -1   0   9 0.00    M    M  4.3 13  50   M    M   5        17  60
28  84  61  73  -2   0   8 0.00    M    M  1.4  9 190   M    M   2 18     14 180
29  83  62  73  -2   0   8 0.00    M    M  1.8  9 200   M    M   1 18     14 200
30  83  65  74  -1   0   9 0.04    M    M  1.3  8 190   M    M   4 1      12 200
================================================================================
SM 2637 2010         0 383  3.35    M    100.2          M      123
================================================================================
AV 87.9 67.0                               3.3 FASTST   M    M   4    MAX(MPH)
                                 MISC ---->  # 24 270               # 32  260
================================================================================
NOTES:
# LAST OF SEVERAL OCCURRENCES

COLUMN 17 PEAK WIND IN M.P.H.

PRELIMINARY LOCAL CLIMATOLOGICAL DATA (WS FORM: F-6) , PAGE 2

                                          STATION:  HICKORY NC
                                          MONTH:    AUGUST
                                          YEAR:     2015
                                          LATITUDE:   35 45 N
                                          LONGITUDE:  81 23 W

[TEMPERATURE DATA]      [PRECIPITATION DATA]       SYMBOLS USED IN COLUMN 16

AVERAGE MONTHLY: 77.4   TOTAL FOR MONTH:   3.35    1 = FOG OR MIST
DPTR FM NORMAL:   1.0   DPTR FM NORMAL:   -0.63    2 = FOG REDUCING VISIBILITY
HIGHEST:    98 ON  5    GRTST 24HR  1.09 ON 19-19      TO 1/4 MILE OR LESS
LOWEST:     61 ON 28                               3 = THUNDER
                        SNOW, ICE PELLETS, HAIL    4 = ICE PELLETS
                        TOTAL MONTH:    M          5 = HAIL
                        GRTST 24HR    M  ON   M    6 = FREEZING RAIN OR DRIZZLE
                        GRTST DEPTH:  M  ON   M    7 = DUSTSTORM OR SANDSTORM:
                                                       VSBY 1/2 MILE OR LESS
                                                   8 = SMOKE OR HAZE
[NO. OF DAYS WITH]      [WEATHER - DAYS WITH]      9 = BLOWING SNOW
                                                   X = TORNADO
MAX 32 OR BELOW:   0    0.01 INCH OR MORE:   7
MAX 90 OR ABOVE:  10    0.10 INCH OR MORE:   4
MIN 32 OR BELOW:   0    0.50 INCH OR MORE:   3
MIN  0 OR BELOW:   0    1.00 INCH OR MORE:   2

[HDD (BASE 65) ]
TOTAL THIS MO.     0    CLEAR  (SCALE 0-3)  13
DPTR FM NORMAL     0    PTCLDY (SCALE 4-7)  15
TOTAL FM JUL 1     0    CLOUDY (SCALE 8-10)  2
DPTR FM NORMAL     0

[CDD (BASE 65) ]
TOTAL THIS MO.   383
DPTR FM NORMAL    39    [PRESSURE DATA]
TOTAL FM JAN 1  1444    HIGHEST SLP M ON M
DPTR FM NORMAL   290    LOWEST  SLP 29.74 ON  7

[REMARKS]
