000
CXUS51 KPBZ 010804
CF6HLG
PRELIMINARY LOCAL CLIMATOLOGICAL DATA (WS FORM: F-6)

                                          STATION:   WHEELING
                                          MONTH:     SEPTEMBER
                                          YEAR:      2016
                                          LATITUDE:   40 10 N
                                          LONGITUDE:  80 39 W

  TEMPERATURE IN F:       :PCPN:    SNOW:  WIND      :SUNSHINE: SKY     :PK WND
================================================================================
1   2   3   4   5  6A  6B    7    8   9   10  11  12  13   14  15   16   17  18
                                     12Z  AVG MX 2MIN
DY MAX MIN AVG DEP HDD CDD  WTR  SNW DPTH SPD SPD DIR MIN PSBL S-S WX    SPD DR
================================================================================

 1  78  63  71   2   0   6 0.00    M    M  8.6 16 350   M    M   4 1      22 350
 2  77  56  67  -2   0   2 0.00    M    M  8.2 16  50   M    M   2        22  70
 3  79  57  68   0   0   3 0.00    M    M  6.2 13  70   M    M   0        16  60
 4  82  56  69   1   0   4 0.00    M    M  3.7 10 110   M    M   0 1      13 100
 5  85  57  71   3   0   6    T    M    M  1.8  7 270   M    M   0 1      11 280
 6  86  61  74   6   0   9 0.03    M    M  3.2 15 300   M    M   3 128    21 290
 7  90  72  81  14   0  16 0.00    M    M  6.9 15 240   M    M   3        20 260
 8  90  72  81  14   0  16    T    M    M  8.6 22 230   M    M   3 1      34 220
 9  80  72  76   9   0  11 0.89    M    M  3.3 12 310   M    M  10 13     15 310
10  90  68  79  13   0  14 0.25    M    M  9.6 29 280   M    M   3 1      39 290
11  75  60  68   2   0   3    T    M    M  5.4 14 320   M    M   2 1      19 300
12  80  54  67   1   0   2 0.00    M    M  3.7 10 130   M    M   0        13 140
13  85  60  73   8   0   8 0.00    M    M  4.6 15 230   M    M   1 1      20 280
14  83  59  71   6   0   6    T    M    M  4.8 20 350   M    M   2        24 350
15  76  56  66   1   0   1 0.00    M    M  7.5 13  70   M    M   0        19  70
16  84  56  70   6   0   5 0.00    M    M  4.8 12 100   M    M   1        15 210
17  82  70  76  12   0  11    T    M    M  9.1 18 200   M    M   4 3      24 210
18  75  67  71   7   0   6 0.27    M    M  5.3 16 180   M    M   9 138    20 190
19  82  65  74  11   0   9    T    M    M  2.8 10  40   M    M   4 1      30  30
20  85  58  72   9   0   7 0.00    M    M  2.3  8 100   M    M   2 12     14 100
21  86  60  73  11   0   8 0.00    M    M  3.0 10 130   M    M   0 1      11 130
22  87  60  74  12   0   9 0.00    M    M  3.6 10 120   M    M   0 1      11 120
23  88  60  74  12   0   9 0.00    M    M  3.3 10 270   M    M   1 1      13 290
24  77  57  67   6   0   2 0.00    M    M  5.9 13 360   M    M   5 18     17 340
25  78  50  64   3   1   0 0.00    M    M  4.2  9 110   M    M   0        11  70
26  79  53  66   5   0   1 0.08    M    M  6.3 17 300   M    M   2        22 300
27  74  52  63   3   2   0 0.00    M    M  7.2 22 210   M    M   0 1      28 210
28  77  51  64   4   1   0 0.00    M    M  6.1 18 100   M    M   2        25 100
29  71  55  63   4   2   0 1.16    M    M  8.9 23 210   M    M   9 13     31 200
30  64  58  61   2   4   0 0.96    M    M 12.1 25  70   M    M   9 13     34  60
================================================================================
SM 2425 1795        10 174  3.64    M    171.0          M       81
================================================================================
AV 80.8 59.8                               5.7 FASTST   M    M   3    MAX(MPH)
                                 MISC ---->  # 29 280               # 39  290
================================================================================
NOTES:
# LAST OF SEVERAL OCCURRENCES

COLUMN 17 PEAK WIND IN M.P.H.

PRELIMINARY LOCAL CLIMATOLOGICAL DATA (WS FORM: F-6) , PAGE 2

                                          STATION:  WHEELING
                                          MONTH:    SEPTEMBER
                                          YEAR:     2016
                                          LATITUDE:   40 10 N
                                          LONGITUDE:  80 39 W

[TEMPERATURE DATA]      [PRECIPITATION DATA]       SYMBOLS USED IN COLUMN 16

AVERAGE MONTHLY: 70.3   TOTAL FOR MONTH:   3.64    1 = FOG OR MIST
DPTR FM NORMAL:   6.0   DPTR FM NORMAL:    1.37    2 = FOG REDUCING VISIBILITY
HIGHEST:    90 ON 10, 8 GRTST 24HR  1.94 ON 29-30      TO 1/4 MILE OR LESS
LOWEST:     50 ON 25                               3 = THUNDER
                        SNOW, ICE PELLETS, HAIL    4 = ICE PELLETS
                        TOTAL MONTH:    M          5 = HAIL
                        GRTST 24HR    M  ON   M    6 = FREEZING RAIN OR DRIZZLE
                        GRTST DEPTH:  M  ON   M    7 = DUSTSTORM OR SANDSTORM:
                                                       VSBY 1/2 MILE OR LESS
                                                   8 = SMOKE OR HAZE
[NO. OF DAYS WITH]      [WEATHER - DAYS WITH]      9 = BLOWING SNOW
                                                   X = TORNADO
MAX 32 OR BELOW:   0    0.01 INCH OR MORE:   7
MAX 90 OR ABOVE:   3    0.10 INCH OR MORE:   5
MIN 32 OR BELOW:   0    0.50 INCH OR MORE:   3
MIN  0 OR BELOW:   0    1.00 INCH OR MORE:   1

[HDD (BASE 65) ]
TOTAL THIS MO.    10    CLEAR  (SCALE 0-3)  21
DPTR FM NORMAL   -80    PTCLDY (SCALE 4-7)   5
TOTAL FM JUL 1    12    CLOUDY (SCALE 8-10)  4
DPTR FM NORMAL   -89

[CDD (BASE 65) ]
TOTAL THIS MO.   174
DPTR FM NORMAL   104    [PRESSURE DATA]
TOTAL FM JAN 1  1170    HIGHEST SLP 30.28 ON  5
DPTR FM NORMAL   492    LOWEST  SLP 29.81 ON 10

[REMARKS]
#FINAL-09-16#
