000
CXHW50 PHFO 171250
CF6HNL
PRELIMINARY LOCAL CLIMATOLOGICAL DATA (WS FORM: F-6)

                                          STATION:   HONOLULU HI
                                          MONTH:     OCTOBER
                                          YEAR:      2017
                                          LATITUDE:   21 21 N
                                          LONGITUDE: 157 56 W

  TEMPERATURE IN F:       :PCPN:    SNOW:  WIND      :SUNSHINE: SKY     :PK WND
================================================================================
1   2   3   4   5  6A  6B    7    8   9   10  11  12  13   14  15   16   17  18
                                     12Z  AVG MX 2MIN
DY MAX MIN AVG DEP HDD CDD  WTR  SNW DPTH SPD SPD DIR MIN PSBL S-S WX    SPD DR
================================================================================

 1  87  75  81   0   0  16 0.00  0.0    M  4.0 12 210   M    M   M        15 150
 2  86  76  81   0   0  16 0.04  0.0    M  6.4 17  60   M    M   M        20 140
 3  88  75  82   1   0  17 0.01  0.0    M  8.7 21  60   M    M   M        25  40
 4  89  78  84   3   0  19    T  0.0    M 14.2 25  60   M    M   M        31  70
 5  88  78  83   2   0  18 0.01  0.0    M 19.6 30  70   M    M   M        40  70
 6  88  76  82   1   0  17    T  0.0    M  9.5 21  70   M    M   M        28  70
 7  85  72  79  -2   0  14 0.02  0.0    M  5.7 15 340   M    M   M 1      21 340
 8  85  71  78  -3   0  13    T  0.0    M  6.9 17 130   M    M   M        23 140
 9  88  73  81   0   0  16 0.01  0.0    M  6.4 16 350   M    M   M        25 230
10  89  74  82   1   0  17    T  0.0    M  7.8 18  70   M    M   M        23  80
11  89  75  82   2   0  17 0.01  0.0    M  8.1 20  80   M    M   M        26  80
12  89  74  82   2   0  17    T  0.0    M  6.0 20  70   M    M   M        24  60
13  87  78  83   3   0  18    T  0.0    M 10.1 21 140   M    M   M        26 140
14  89  78  84   4   0  19 0.00  0.0    M 14.8 24  70   M    M   M        29  70
15  88  75  82   2   0  17 0.01  0.0    M 18.0 30  50   M    M   M        37  80
16  87  76  82   2   0  17    T  0.0    M 19.6 36  70   M    M   M        42  60
================================================================================
SM 1402 1204         0 268  0.11     0.0 165.8          M        M
================================================================================
AV 87.6 75.3                              10.4 FASTST   M    M -nan   MAX(MPH)
                                 MISC ---->  # 36  70               # 42   60
================================================================================
NOTES:
# LAST OF SEVERAL OCCURRENCES

COLUMN 17 PEAK WIND IN M.P.H.

PRELIMINARY LOCAL CLIMATOLOGICAL DATA (WS FORM: F-6) , PAGE 2

                                          STATION:  HONOLULU HI
                                          MONTH:    OCTOBER
                                          YEAR:     2017
                                          LATITUDE:   21 21 N
                                          LONGITUDE: 157 56 W

[TEMPERATURE DATA]      [PRECIPITATION DATA]       SYMBOLS USED IN COLUMN 16

AVERAGE MONTHLY: 81.4   TOTAL FOR MONTH:   0.11    1 = FOG OR MIST
DPTR FM NORMAL:   0.8   DPTR FM NORMAL:   -0.68    2 = FOG REDUCING VISIBILITY
HIGHEST:    89 ON 14,12 GRTST 24HR  0.04 ON  2- 2      TO 1/4 MILE OR LESS
LOWEST:     71 ON  8                               3 = THUNDER
                        SNOW, ICE PELLETS, HAIL    4 = ICE PELLETS
                        TOTAL MONTH:   0.0 INCH    5 = HAIL
                        GRTST 24HR     0.0         6 = FREEZING RAIN OR DRIZZLE
                        GRTST DEPTH:  M  ON   M    7 = DUSTSTORM OR SANDSTORM:
                                                       VSBY 1/2 MILE OR LESS
                                                   8 = SMOKE OR HAZE
[NO. OF DAYS WITH]      [WEATHER - DAYS WITH]      9 = BLOWING SNOW
                                                   X = TORNADO
MAX 32 OR BELOW:   0    0.01 INCH OR MORE:   7
MAX 90 OR ABOVE:   0    0.10 INCH OR MORE:   0
MIN 32 OR BELOW:   0    0.50 INCH OR MORE:   0
MIN  0 OR BELOW:   0    1.00 INCH OR MORE:   0

[HDD (BASE 65) ]
TOTAL THIS MO.     0    CLEAR  (SCALE 0-3)   0
DPTR FM NORMAL     0    PTCLDY (SCALE 4-7)   0
TOTAL FM JUL 1     0    CLOUDY (SCALE 8-10)  0
DPTR FM NORMAL     0

[CDD (BASE 65) ]
TOTAL THIS MO.   268
DPTR FM NORMAL    19    [PRESSURE DATA]
TOTAL FM JAN 1  3829    HIGHEST SLP M ON M
DPTR FM NORMAL   101    LOWEST  SLP 29.83 ON 12

[REMARKS]
