000
CXUS55 KFSD 180905
CF6HON
PRELIMINARY LOCAL CLIMATOLOGICAL DATA (WS FORM: F-6)

                                          STATION:   HURON
                                          MONTH:     JANUARY
                                          YEAR:      2017
                                          LATITUDE:   44 22 N
                                          LONGITUDE:  98 13 W

  TEMPERATURE IN F:       :PCPN:    SNOW:  WIND      :SUNSHINE: SKY     :PK WND
================================================================================
1   2   3   4   5  6A  6B    7    8   9   10  11  12  13   14  15   16   17  18
                                     12Z  AVG MX 2MIN
DY MAX MIN AVG DEP HDD CDD  WTR  SNW DPTH SPD SPD DIR MIN PSBL S-S WX    SPD DR
================================================================================

 1  28  10  19   2  46   0 0.04  0.3    T  7.5 18  80   M    M   4 1      23  90
 2  31   9  20   4  45   0 0.03  0.5    T 10.0 24 300   M    M   9 1      29 330
 3   9  -6   2 -14  63   0 0.00  0.0    1 19.6 29 320   M    M   1        34 320
 4   4 -12  -4 -20  69   0 0.00  0.0    1  9.2 15 280   M    M   0        24 230
 5   1  -9  -4 -20  69   0 0.00  0.0    1 11.5 23 330   M    M   5        27 320
 6  13  -5   4 -12  61   0 0.00  0.0    1  4.9  9 220   M    M   7        11 220
 7   6  -9  -1 -17  66   0 0.00  0.0    1  6.3 13 330   M    M   0        19 180
 8  26  -4  11  -5  54   0    T    T    1 16.6 28 320   M    M   3        38 150
 9  22   3  13  -3  52   0 0.07  0.7    1  9.6 21 160   M    M   4 1      28 160
10  22   4  13  -3  52   0 0.14  1.8    2 15.1 26 310   M    M   7 1      41 340
11   8   2   5 -11  60   0 0.05  0.7    3 10.3 21 350   M    M   8 1      27 320
12   9 -14  -2 -18  67   0 0.00  0.0    3  8.5 23 340   M    M   3        28 340
13  15 -15   0 -16  65   0    T    T    3 10.1 21 150   M    M   4        26 150
14  20  -7   7  -9  58   0 0.00  0.0    3  3.8 10 170   M    M   0        14 170
15  30   1  16   0  49   0 0.00  0.0    2  4.1 13 170   M    M   0        17 170
16  20   3  12  -4  53   0 0.00  0.0    3  5.0 14 320   M    M   0        24 230
17  30   1  16   0  49   0 0.00  0.0    2  5.6 13 170   M    M   0        16 170
================================================================================
SM  294  -48       978   0  0.33     4.0 157.7          M       55
================================================================================
AV 17.3 -2.8                               9.3 FASTST   M    M   3    MAX(MPH)
                                 MISC ---->  # 29 320               # 41  340
================================================================================
NOTES:
# LAST OF SEVERAL OCCURRENCES

COLUMN 17 PEAK WIND IN M.P.H.

PRELIMINARY LOCAL CLIMATOLOGICAL DATA (WS FORM: F-6) , PAGE 2

                                          STATION:  HURON
                                          MONTH:    JANUARY
                                          YEAR:     2017
                                          LATITUDE:   44 22 N
                                          LONGITUDE:  98 13 W

[TEMPERATURE DATA]      [PRECIPITATION DATA]       SYMBOLS USED IN COLUMN 16

AVERAGE MONTHLY:  7.2   TOTAL FOR MONTH:   0.33    1 = FOG OR MIST
DPTR FM NORMAL:  -8.8   DPTR FM NORMAL:    0.05    2 = FOG REDUCING VISIBILITY
HIGHEST:    31 ON  2    GRTST 24HR  0.14 ON 10-10      TO 1/4 MILE OR LESS
LOWEST:    -15 ON 13                               3 = THUNDER
                        SNOW, ICE PELLETS, HAIL    4 = ICE PELLETS
                        TOTAL MONTH:   4.0 INCHES  5 = HAIL
                        GRTST 24HR   1.8 ON   M    6 = FREEZING RAIN OR DRIZZLE
                        GRTST DEPTH:   3 ON 16,14  7 = DUSTSTORM OR SANDSTORM:
                                                       VSBY 1/2 MILE OR LESS
                                                   8 = SMOKE OR HAZE
[NO. OF DAYS WITH]      [WEATHER - DAYS WITH]      9 = BLOWING SNOW
                                                   X = TORNADO
MAX 32 OR BELOW:  17    0.01 INCH OR MORE:   5
MAX 90 OR ABOVE:   0    0.10 INCH OR MORE:   1
MIN 32 OR BELOW:  17    0.50 INCH OR MORE:   0
MIN  0 OR BELOW:   9    1.00 INCH OR MORE:   0

[HDD (BASE 65) ]
TOTAL THIS MO.   978    CLEAR  (SCALE 0-3)   8
DPTR FM NORMAL   147    PTCLDY (SCALE 4-7)   8
TOTAL FM JUL 1  3685    CLOUDY (SCALE 8-10)  1
DPTR FM NORMAL  -266

[CDD (BASE 65) ]
TOTAL THIS MO.     0
DPTR FM NORMAL     0    [PRESSURE DATA]
TOTAL FM JAN 1     0    HIGHEST SLP M ON M
DPTR FM NORMAL     0    LOWEST  SLP 29.46 ON 10

[REMARKS]
