000
CXUS55 KSEW 240930
CF6HQM
PRELIMINARY LOCAL CLIMATOLOGICAL DATA (WS FORM: F-6)

                                          STATION:   HOQUIAM WA AIRPORT
                                          MONTH:     OCTOBER
                                          YEAR:      2014
                                          LATITUDE:   46 58 N
                                          LONGITUDE: 123 56 W

  TEMPERATURE IN F:       :PCPN:    SNOW:  WIND      :SUNSHINE: SKY     :PK WND
================================================================================
1   2   3   4   5  6A  6B    7    8   9   10  11  12  13   14  15   16   17  18
                                     12Z  AVG MX 2MIN
DY MAX MIN AVG DEP HDD CDD  WTR  SNW DPTH SPD SPD DIR MIN PSBL S-S WX    SPD DR
================================================================================

 1  65  49  57   1   8   0 0.00  0.0    0  8.2 18 260   M    M   2 1      22 270
 2  70  45  58   2   7   0 0.00  0.0    0  5.9 13  90   M    M   1 1      14  90
 3  75  50  63   8   2   0 0.00  0.0    0  6.8 16  80   M    M   0 1      19  90
 4  68  52  60   5   5   0 0.00  0.0    0  2.4 12 230   M    M   1 1      13 230
 5  74  51  63   8   2   0 0.00  0.0    0  4.9 12 260   M    M   1 12     14 260
 6  75  53  64   9   1   0 0.00  0.0    0  3.9 13 240   M    M   4 12     14 240
 7  64  52  58   4   7   0 0.00  0.0    0  4.2 16 230   M    M   8 12     18 240
 8  68  52  60   6   5   0 0.00  0.0    0  3.1 13 230   M    M   7 12     13 230
 9  69  51  60   6   5   0 0.00  0.0    0  7.2 15 250   M    M   8 12     18 250
10  64  54  59   5   6   0 0.08  0.0    0  8.7 17 200   M    M  10 1      21 200
11  66  56  61   8   4   0 0.25  0.0    0  9.1 21 260   M    M  10 1      27 260
12  63  52  58   5   7   0 0.01  0.0    0  3.5 12  80   M    M   9 1      13  90
13  65  53  59   6   6   0 1.18  0.0    0 12.3 35 160   M    M   7 1      44 150
14  62  52  57   4   8   0 0.27  0.0    0  7.9 15  80   M    M   8 1      18 210
15  63  54  59   7   6   0 1.02  0.0    0 12.1 20 220   M    M   7 13     25 190
16  65  53  59   7   6   0 0.08  0.0    0  9.0 15  90   M    M   6 1      20 100
17  61  53  57   5   8   0 0.50  0.0    0 12.8 24 160   M    M  10 1      30 170
18  65  58  62  10   3   0 0.06  0.0    0  7.5 14 160   M    M   9 1      17 160
19  66  57  62  10   3   0 0.42  0.0    0 11.4 28 140   M    M  10 1      39 140
20  63  56  60   9   5   0 0.68  0.0    0  9.8 22 170   M    M   8 1      26 170
21  61  56  59   8   6   0 0.44  0.0    0 15.3 29 140   M    M   7 1      37 150
22  59  55  57   6   8   0 1.42  0.0    0 11.0 35 160   M    M   9 1      42 160
23  61  49  55   4  10   0 0.44  0.0    0 10.1 28 210   M    M   6 1      33 210
================================================================================
SM 1512 1213       128   0  6.85     0.0 187.1          M      148
================================================================================
AV 65.7 52.7                               8.1 FASTST   M    M   6    MAX(MPH)
                                 MISC ---->  # 35 160               # 44  150
================================================================================
NOTES:
# LAST OF SEVERAL OCCURRENCES

COLUMN 17 PEAK WIND IN M.P.H.

PRELIMINARY LOCAL CLIMATOLOGICAL DATA (WS FORM: F-6) , PAGE 2

                                          STATION:  HOQUIAM WA AIRPORT
                                          MONTH:    OCTOBER
                                          YEAR:     2014
                                          LATITUDE:   46 58 N
                                          LONGITUDE: 123 56 W

[TEMPERATURE DATA]      [PRECIPITATION DATA]       SYMBOLS USED IN COLUMN 16

AVERAGE MONTHLY: 59.2   TOTAL FOR MONTH:   6.85    1 = FOG OR MIST
DPTR FM NORMAL:   6.0   DPTR FM NORMAL:    2.62    2 = FOG REDUCING VISIBILITY
HIGHEST:    75 ON  6, 3 GRTST 24HR  1.55 ON 21-22      TO 1/4 MILE OR LESS
LOWEST:     45 ON  2                               3 = THUNDER
                        SNOW, ICE PELLETS, HAIL    4 = ICE PELLETS
                        TOTAL MONTH:   0.0 INCH    5 = HAIL
                        GRTST 24HR     0.0         6 = FREEZING RAIN OR DRIZZLE
                        GRTST DEPTH:   0           7 = DUSTSTORM OR SANDSTORM:
                                                       VSBY 1/2 MILE OR LESS
                                                   8 = SMOKE OR HAZE
[NO. OF DAYS WITH]      [WEATHER - DAYS WITH]      9 = BLOWING SNOW
                                                   X = TORNADO
MAX 32 OR BELOW:   0    0.01 INCH OR MORE:  14
MAX 90 OR ABOVE:   0    0.10 INCH OR MORE:  10
MIN 32 OR BELOW:   0    0.50 INCH OR MORE:   5
MIN  0 OR BELOW:   0    1.00 INCH OR MORE:   3

[HDD (BASE 65) ]
TOTAL THIS MO.   128    CLEAR  (SCALE 0-3)   5
DPTR FM NORMAL  -143    PTCLDY (SCALE 4-7)  11
TOTAL FM JUL 1   414    CLOUDY (SCALE 8-10)  7
DPTR FM NORMAL  -360

[CDD (BASE 65) ]
TOTAL THIS MO.     0
DPTR FM NORMAL     0    [PRESSURE DATA]
TOTAL FM JAN 1    48    HIGHEST SLP M ON M
DPTR FM NORMAL    25    LOWEST  SLP 29.46 ON 15

[REMARKS]
