000
CXUS55 KSEW 200930
CF6HQM
PRELIMINARY LOCAL CLIMATOLOGICAL DATA (WS FORM: F-6)

                                          STATION:   HOQUIAM WA AIRPORT
                                          MONTH:     APRIL
                                          YEAR:      2014
                                          LATITUDE:   46 58 N
                                          LONGITUDE: 123 56 W

  TEMPERATURE IN F:       :PCPN:    SNOW:  WIND      :SUNSHINE: SKY     :PK WND
================================================================================
1   2   3   4   5  6A  6B    7    8   9   10  11  12  13   14  15   16   17  18
                                     12Z  AVG MX 2MIN
DY MAX MIN AVG DEP HDD CDD  WTR  SNW DPTH SPD SPD DIR MIN PSBL S-S WX    SPD DR
================================================================================

 1  53  43  48   1  17   0 0.06  0.0    0  6.5 14 240   M    M   7 1      16 240
 2  53  44  49   2  16   0 0.00  0.0    0  8.7 21 230   M    M   7 1      23 220
 3  52  43  48   1  17   0 0.15  0.0    0 12.6 24 180   M    M   8 1      31 160
 4  54  41  48   0  17   0 0.12  0.0    0  8.0 17 230   M    M   8 1      21 220
 5  52  46  49   1  16   0 0.26  0.0    0  9.7 25 190   M    M  10 1      30 180
 6  54  45  50   2  15   0 0.05  0.0    0  5.8 16 220   M    M  10 1      19 230
 7  62  48  55   7  10   0 0.00  0.0    0  5.9 16 230   M    M   8 1      19 250
 8  53  43  48   0  17   0 0.18  0.0    0  8.8 17 220   M    M   9 1      21 220
 9  54  37  46  -2  19   0 0.00  0.0    0  7.5 20 270   M    M   1 1      23 270
10  56  35  46  -2  19   0 0.00  0.0    0  6.1 18 260   M    M   1 1      23 270
11  57  36  47  -1  18   0 0.00  0.0    0  8.2 23 270   M    M   3 1      28 270
12  59  43  51   3  14   0 0.00  0.0    0  6.0 18 270   M    M   4        23 260
13  71  37  54   6  11   0 0.00  0.0    0  7.5 14  40   M    M   0        18  50
14  60  41  51   3  14   0 0.00  0.0    0 11.8 26  26   M    M   0        34  27
15  54  45  50   1  15   0 0.39  0.0    M 10.4 20 180   M    M   8 1      22 180
16  52  49  51   2  14   0 0.89  0.0    0 12.5 22 180   M    M  10 1      27 180
17  53  45  49   0  16   0 0.77  0.0    0 12.9 30 270   M    M   9 1      39 270
18  55  42  49   0  16   0 0.00  0.0    0  6.6 18 260   M    M   2        22 260
19  54  46  50   1  15   0 0.40  0.0    0 13.6 28 240   M    M   9 1      41 220
================================================================================
SM 1058  809       296   0  3.27     0.0 169.1          M      114
================================================================================
AV 55.7 42.6                               8.9 FASTST   M    M   6    MAX(MPH)
                                 MISC ---->  # 30 270               # 41  220
================================================================================
NOTES:
# LAST OF SEVERAL OCCURRENCES

COLUMN 17 PEAK WIND IN M.P.H.

PRELIMINARY LOCAL CLIMATOLOGICAL DATA (WS FORM: F-6) , PAGE 2

                                          STATION:  HOQUIAM WA AIRPORT
                                          MONTH:    APRIL
                                          YEAR:     2014
                                          LATITUDE:   46 58 N
                                          LONGITUDE: 123 56 W

[TEMPERATURE DATA]      [PRECIPITATION DATA]       SYMBOLS USED IN COLUMN 16

AVERAGE MONTHLY: 49.1   TOTAL FOR MONTH:   3.27    1 = FOG OR MIST
DPTR FM NORMAL:   1.0   DPTR FM NORMAL:   -0.20    2 = FOG REDUCING VISIBILITY
HIGHEST:    71 ON 13    GRTST 24HR  1.30 ON 16-17      TO 1/4 MILE OR LESS
LOWEST:     35 ON 10                               3 = THUNDER
                        SNOW, ICE PELLETS, HAIL    4 = ICE PELLETS
                        TOTAL MONTH:   0.0 INCH    5 = HAIL
                        GRTST 24HR     0.0         6 = FREEZING RAIN OR DRIZZLE
                        GRTST DEPTH:   0           7 = DUSTSTORM OR SANDSTORM:
                                                       VSBY 1/2 MILE OR LESS
                                                   8 = SMOKE OR HAZE
[NO. OF DAYS WITH]      [WEATHER - DAYS WITH]      9 = BLOWING SNOW
                                                   X = TORNADO
MAX 32 OR BELOW:   0    0.01 INCH OR MORE:  10
MAX 90 OR ABOVE:   0    0.10 INCH OR MORE:   8
MIN 32 OR BELOW:   0    0.50 INCH OR MORE:   2
MIN  0 OR BELOW:   0    1.00 INCH OR MORE:   0

[HDD (BASE 65) ]
TOTAL THIS MO.   296    CLEAR  (SCALE 0-3)   6
DPTR FM NORMAL   -25    PTCLDY (SCALE 4-7)   6
TOTAL FM JUL 1  4352    CLOUDY (SCALE 8-10)  7
DPTR FM NORMAL   -51

[CDD (BASE 65) ]
TOTAL THIS MO.     0
DPTR FM NORMAL     0    [PRESSURE DATA]
TOTAL FM JAN 1     0    HIGHEST SLP M ON M
DPTR FM NORMAL     0    LOWEST  SLP 29.69 ON 19

[REMARKS]
