710
CXUS54 KLZK 181130
CF6HRO
PRELIMINARY LOCAL CLIMATOLOGICAL DATA (WS FORM: F-6)

                                          STATION:   Harrison
                                          MONTH:     NOVEMBER
                                          YEAR:      2017
                                          LATITUDE:   36 15 N
                                          LONGITUDE:  93  9 W

  TEMPERATURE IN F:       :PCPN:    SNOW:  WIND      :SUNSHINE: SKY     :PK WND
================================================================================
1   2   3   4   5  6A  6B    7    8   9   10  11  12  13   14  15   16   17  18
                                     12Z  AVG MX 2MIN
DY MAX MIN AVG DEP HDD CDD  WTR  SNW DPTH SPD SPD DIR MIN PSBL S-S WX    SPD DR
================================================================================

 1  61  41  51  -3  14   0 0.01    M    0 10.6 21 170   M    M   8 1      26 160
 2  82  60  71  17   0   6 0.01  0.0    0 10.8 21 180   M    M   1 1      30 180
 3  61  57  59   5   6   0 0.00  0.0    0  6.9 14 130   M    M   9 12     17 130
 4  79  58  69  16   0   4 0.00  0.0    0  7.4 17 220   M    M   5 12     28 220
 5  84  53  69  16   0   4 0.00  0.0    0 10.7 20 240   M    M   4        27 220
 6  53  49  51  -1  14   0 0.06  0.0    0  7.2 14 120   M    M  10 1      17 120
 7  49  42  46  -6  19   0 0.03    M    0  5.8 12  20   M    M  10 12     14  20
 8  53  34  44  -8  21   0 0.00  0.0    0  4.0 10  40   M    M   4 8      15  10
 9  61  29  45  -6  20   0 0.00  0.0    0  3.6 10 260   M    M   0        14 300
10  54  33  44  -7  21   0 0.00  0.0    0  7.1 13 130   M    M   0        17 130
11  58  30  44  -6  21   0    T    M    0 10.0 17 140   M    M   5        23 150
12  58  46  52   2  13   0 0.00  0.0    0  3.8 12 340   M    M  10        16 300
13  57  41  49  -1  16   0 0.00  0.0    0  6.7 14 140   M    M   8        20 120
14  54  44  49   0  16   0 0.40  0.0    0 10.4 16 160   M    M  10 1      21 160
15  63  43  53   4  12   0 0.18  0.0    0  7.2 16 160   M    M   6 13     21 170
16  61  36  49   1  16   0 0.00  0.0    0  5.3 13 140   M    M   1        16 130
17  70  50  60  12   5   0 0.00  0.0    0 13.5 21 190   M    M   7        32 180
================================================================================
SM 1058  746       214  14  0.69     0.0 131.0          M       98
================================================================================
AV 62.2 43.9                               7.7 FASTST   M    M   6    MAX(MPH)
                                 MISC ---->  # 21 170               # 32  180
================================================================================
NOTES:
# LAST OF SEVERAL OCCURRENCES

COLUMN 17 PEAK WIND IN M.P.H.

PRELIMINARY LOCAL CLIMATOLOGICAL DATA (WS FORM: F-6) , PAGE 2

                                          STATION:  Harrison
                                          MONTH:    NOVEMBER
                                          YEAR:     2017
                                          LATITUDE:   36 15 N
                                          LONGITUDE:  93  9 W

[TEMPERATURE DATA]      [PRECIPITATION DATA]       SYMBOLS USED IN COLUMN 16

AVERAGE MONTHLY: 53.1   TOTAL FOR MONTH:   0.69    1 = FOG OR MIST
DPTR FM NORMAL:   1.9   DPTR FM NORMAL:   -1.80    2 = FOG REDUCING VISIBILITY
HIGHEST:    84 ON  5    GRTST 24HR  0.40 ON 14-14      TO 1/4 MILE OR LESS
LOWEST:     29 ON  9                               3 = THUNDER
                        SNOW, ICE PELLETS, HAIL    4 = ICE PELLETS
                        TOTAL MONTH:   0.0 INCH    5 = HAIL
                        GRTST 24HR     0.0         6 = FREEZING RAIN OR DRIZZLE
                        GRTST DEPTH:   0           7 = DUSTSTORM OR SANDSTORM:
                                                       VSBY 1/2 MILE OR LESS
                                                   8 = SMOKE OR HAZE
[NO. OF DAYS WITH]      [WEATHER - DAYS WITH]      9 = BLOWING SNOW
                                                   X = TORNADO
MAX 32 OR BELOW:   0    0.01 INCH OR MORE:   6
MAX 90 OR ABOVE:   0    0.10 INCH OR MORE:   2
MIN 32 OR BELOW:   2    0.50 INCH OR MORE:   0
MIN  0 OR BELOW:   0    1.00 INCH OR MORE:   0

[HDD (BASE 65) ]
TOTAL THIS MO.   214    CLEAR  (SCALE 0-3)   4
DPTR FM NORMAL   -24    PTCLDY (SCALE 4-7)   6
TOTAL FM JUL 1   413    CLOUDY (SCALE 8-10)  7
DPTR FM NORMAL   -90

[CDD (BASE 65) ]
TOTAL THIS MO.    14
DPTR FM NORMAL    14    [PRESSURE DATA]
TOTAL FM JAN 1  1406    HIGHEST SLP 30.26 ON 16
DPTR FM NORMAL    -6    LOWEST  SLP 30.03 ON 15

[REMARKS]
ALL SNOWFALL DATA IS FROM THE HARRISON COOPERATIVE OBSERVER SITE
