000
CXUS52 KMHX 230700
CF6HSE
PRELIMINARY LOCAL CLIMATOLOGICAL DATA (WS FORM: F-6)

                                          STATION:   CAPE HATTERAS NC
                                          MONTH:     JANUARY
                                          YEAR:      2017
                                          LATITUDE:   35 13 N
                                          LONGITUDE:  75 37 W

  TEMPERATURE IN F:       :PCPN:    SNOW:  WIND      :SUNSHINE: SKY     :PK WND
================================================================================
1   2   3   4   5  6A  6B    7    8   9   10  11  12  13   14  15   16   17  18
                                     12Z  AVG MX 2MIN
DY MAX MIN AVG DEP HDD CDD  WTR  SNW DPTH SPD SPD DIR MIN PSBL S-S WX    SPD DR
================================================================================

 1   M   M   M   M   M   M 0.01  0.0    M   M   M   M   M    M   M        27 250
 2  67  54  61  15   4   0 1.11  0.0    M  8.0 22 140   M    M   M        28 140
 3  69  52  61  15   4   0 0.13  0.0    M  9.2 18 230   M    M   3 128    27 230
 4  62  52  57  11   8   0 0.00  0.0    0  8.8 13 320   M    M   4 18     24 320
 5  62  45  54   8  11   0 0.29  0.0    0  7.6 18 170   M    M   2 1      23 170
 6  64  43  54   8  11   0 0.07  0.0    0  9.1 15  30   M    M   5 18     27  20
 7  46  27  37  -9  28   0 0.83    T    0 15.0 24  20   M    M  10 18     41  40
 8  29  24  27 -19  38   0 0.00  0.0    0 10.9 17 330   M    M   1 8      29 330
 9  37  26  32 -13  33   0 0.00  0.0    0  6.6 13  10   M    M   0        24  10
10  58  32  45   0  20   0 0.14  0.0    0  6.0 16 200   M    M   4 18     20 200
11  68  53  61  16   4   0 0.16  0.0    0  4.3 12 250   M    M   6 18     17 260
12  67  58  63  18   2   0 0.02  0.0    0  8.4 23 240   M    M   5 18     34 230
13  70  49  60  15   5   0 0.00  0.0    0  8.7 15 250   M    M   0 18     23  20
14  54  47  51   6  14   0 0.00  0.0    0  7.7 13  20   M    M  10 18     23  20
15  51  44  48   3  17   0 0.00  0.0    0  6.7 12  20   M    M   7 128    21  10
16  51  46  49   4  16   0 0.00  0.0    0  7.6 14  30   M    M   9 18     22  30
17  63  47  55  10  10   0    T  0.0    0  4.6 13 210   M    M   6 18     20 200
18  65  49  57  12   8   0 0.16  0.0    0 10.1 17  20   M    M   5 18     29  20
19  55  41  48   3  17   0 0.00  0.0    0  4.6 10  40   M    M   0 18     16  20
20  68  42  55  10  10   0 0.06  0.0    0  5.5 12  90   M    M   4 18     14 210
21  65  49  57  12   8   0 0.83    M    0  5.5 13 150   M    M   7 128    19 150
22  65  51  58  13   7   0 0.18  0.0    0  7.8 16 250   M    M   3 128    25 250
================================================================================
SM 1236  931       275   0  3.99    T    162.7          M       91
================================================================================
AV 58.9 44.3                               7.7 FASTST   M    M   5    MAX(MPH)
                                 MISC ---->  # 24  20               # 41   40
================================================================================
NOTES:
# LAST OF SEVERAL OCCURRENCES

COLUMN 17 PEAK WIND IN M.P.H.

PRELIMINARY LOCAL CLIMATOLOGICAL DATA (WS FORM: F-6) , PAGE 2

                                          STATION:  CAPE HATTERAS NC
                                          MONTH:    JANUARY
                                          YEAR:     2017
                                          LATITUDE:   35 13 N
                                          LONGITUDE:  75 37 W

[TEMPERATURE DATA]      [PRECIPITATION DATA]       SYMBOLS USED IN COLUMN 16

AVERAGE MONTHLY: 51.6   TOTAL FOR MONTH:   3.99    1 = FOG OR MIST
DPTR FM NORMAL:   6.2   DPTR FM NORMAL:    0.25    2 = FOG REDUCING VISIBILITY
HIGHEST:    70 ON 13    GRTST 24HR  1.11 ON  2- 2      TO 1/4 MILE OR LESS
LOWEST:     24 ON  8                               3 = THUNDER
                        SNOW, ICE PELLETS, HAIL    4 = ICE PELLETS
                        TOTAL MONTH:    T          5 = HAIL
                        GRTST 24HR    T  ON  7- 7  6 = FREEZING RAIN OR DRIZZLE
                        GRTST DEPTH:   0           7 = DUSTSTORM OR SANDSTORM:
                                                       VSBY 1/2 MILE OR LESS
                                                   8 = SMOKE OR HAZE
[NO. OF DAYS WITH]      [WEATHER - DAYS WITH]      9 = BLOWING SNOW
                                                   X = TORNADO
MAX 32 OR BELOW:   1    0.01 INCH OR MORE:  13
MAX 90 OR ABOVE:   0    0.10 INCH OR MORE:   9
MIN 32 OR BELOW:   4    0.50 INCH OR MORE:   3
MIN  0 OR BELOW:   0    1.00 INCH OR MORE:   1

[HDD (BASE 65) ]
TOTAL THIS MO.   275    CLEAR  (SCALE 0-3)   5
DPTR FM NORMAL  -158    PTCLDY (SCALE 4-7)  12
TOTAL FM JUL 1   933    CLOUDY (SCALE 8-10)  3
DPTR FM NORMAL  -307

[CDD (BASE 65) ]
TOTAL THIS MO.     0
DPTR FM NORMAL     0    [PRESSURE DATA]
TOTAL FM JAN 1     0    HIGHEST SLP M ON M
DPTR FM NORMAL     0    LOWEST  SLP 29.48 ON 22

[REMARKS]
