000
CXUS53 KGID 270730
CF6HSI
PRELIMINARY LOCAL CLIMATOLOGICAL DATA (WS FORM: F-6)

                                          STATION:   HASTINGS NE
                                          MONTH:     SEPTEMBER
                                          YEAR:      2016
                                          LATITUDE:   40 35 N
                                          LONGITUDE:  98 26 W

  TEMPERATURE IN F:       :PCPN:    SNOW:  WIND      :SUNSHINE: SKY     :PK WND
================================================================================
1   2   3   4   5  6A  6B    7    8   9   10  11  12  13   14  15   16   17  18
                                     12Z  AVG MX 2MIN
DY MAX MIN AVG DEP HDD CDD  WTR  SNW DPTH SPD SPD DIR MIN PSBL S-S WX    SPD DR
================================================================================

 1  80  52  66  -5   0   1 0.00  0.0    0  6.3 15 140   M    M   0 1      21 150
 2  77  57  67  -3   0   2 0.00  0.0    0 10.9 18 150   M    M   1        25 130
 3  73  61  67  -3   0   2 0.19  0.0    0 13.7 25 150   M    M   6 13     43 160
 4  83  65  74   4   0   9 0.35  0.0    0 13.1 31 160   M    M   8        39 170
 5  90  72  81  11   0  16 0.00  0.0    0 13.4 24 200   M    M   1        32 180
 6  89  67  78   9   0  13 0.00  0.0    0  9.0 18  20   M    M   2 3      23  40
 7  82  65  74   5   0   9 0.13  0.0    0  5.8 17 150   M    M   3 1      21 140
 8  80  64  72   3   0   7 0.00  0.0    0  8.8 17  70   M    M   5 12     23  60
 9  71  50  61  -7   4   0 0.25  0.0    0  9.4 28 360   M    M   7 13     36 360
10  74  48  61  -7   4   0 0.00  0.0    0  8.7 16 290   M    M   0        22 260
11  83  54  69   1   0   4 0.00  0.0    0 13.1 23 180   M    M   0        34 180
12  71  57  64  -3   1   0 0.01  0.0    0 11.5 23 360   M    M   6        30 350
13  59  52  56 -11   9   0 0.02  0.0    0 13.7 24  20   M    M  10 18     32  40
14  61  53  57  -9   8   0 0.00  0.0    0  6.9 13 130   M    M  10 1      16 120
15  83  61  72   6   0   7 0.36  0.0    0 10.6 29 250   M    M   7 123    39 250
16  77  55  66   0   0   1 0.02  0.0    0  5.7 17  80   M    M   2 1      22  80
17  82  50  66   1   0   1    T  0.0    0  5.4 13 250   M    M   1        18 250
18  84  57  71   6   0   6 0.00  0.0    0  8.8 17 210   M    M   1        23 200
19  84  62  73   9   0   8 0.00  0.0    0 10.1 21 350   M    M   0        26 340
20  93  62  78  14   0  13 0.00  0.0    0 10.4 20 180   M    M   0        29 170
21  89  72  81  17   0  16 0.00  0.0    0 12.4 20 190   M    M   0        26 190
22  82  64  73  10   0   8 0.00  0.0    0  6.4 14 170   M    M   0 18     21 180
23  89  66  78  15   0  13 0.00  0.0    0 13.2 24 160   M    M   0        34 160
24  74  57  66   4   0   1 0.47  0.0    0  6.4 20 150   M    M   5 3      26 310
25  72  43  58  -4   7   0 0.00  0.0    0 13.8 28 340   M    M   0        35 340
26  78  42  60  -2   5   0 0.00  0.0    0  7.6 20 270   M    M   0 8      26 270
================================================================================
SM 2060 1508        38 137  1.80     0.0 255.1          M       75
================================================================================
AV 79.2 58.0                               9.8 FASTST   M    M   3    MAX(MPH)
                                 MISC ---->  # 31 160               # 43  160
================================================================================
NOTES:
# LAST OF SEVERAL OCCURRENCES

COLUMN 17 PEAK WIND IN M.P.H.

PRELIMINARY LOCAL CLIMATOLOGICAL DATA (WS FORM: F-6) , PAGE 2

                                          STATION:  HASTINGS NE
                                          MONTH:    SEPTEMBER
                                          YEAR:     2016
                                          LATITUDE:   40 35 N
                                          LONGITUDE:  98 26 W

[TEMPERATURE DATA]      [PRECIPITATION DATA]       SYMBOLS USED IN COLUMN 16

AVERAGE MONTHLY: 68.6   TOTAL FOR MONTH:   1.80    1 = FOG OR MIST
DPTR FM NORMAL:   2.2   DPTR FM NORMAL:   -0.47    2 = FOG REDUCING VISIBILITY
HIGHEST:    93 ON 20    GRTST 24HR  0.54 ON  3- 4      TO 1/4 MILE OR LESS
LOWEST:     42 ON 26                               3 = THUNDER
                        SNOW, ICE PELLETS, HAIL    4 = ICE PELLETS
                        TOTAL MONTH:   0.0 INCH    5 = HAIL
                        GRTST 24HR     0.0         6 = FREEZING RAIN OR DRIZZLE
                        GRTST DEPTH:   0           7 = DUSTSTORM OR SANDSTORM:
                                                       VSBY 1/2 MILE OR LESS
                                                   8 = SMOKE OR HAZE
[NO. OF DAYS WITH]      [WEATHER - DAYS WITH]      9 = BLOWING SNOW
                                                   X = TORNADO
MAX 32 OR BELOW:   0    0.01 INCH OR MORE:   9
MAX 90 OR ABOVE:   2    0.10 INCH OR MORE:   6
MIN 32 OR BELOW:   0    0.50 INCH OR MORE:   0
MIN  0 OR BELOW:   0    1.00 INCH OR MORE:   0

[HDD (BASE 65) ]
TOTAL THIS MO.    38    CLEAR  (SCALE 0-3)  16
DPTR FM NORMAL   -26    PTCLDY (SCALE 4-7)   8
TOTAL FM JUL 1    42    CLOUDY (SCALE 8-10)  2
DPTR FM NORMAL   -28

[CDD (BASE 65) ]
TOTAL THIS MO.   137
DPTR FM NORMAL    34    [PRESSURE DATA]
TOTAL FM JAN 1  1185    HIGHEST SLP M ON M
DPTR FM NORMAL   129    LOWEST  SLP 29.70 ON  4

[REMARKS]
