000
CXUS54 KHUN 291015
CF6HSV
PRELIMINARY LOCAL CLIMATOLOGICAL DATA (WS FORM: F-6)

                                          STATION:   HUNTSVILLE
                                          MONTH:     JULY
                                          YEAR:      2016
                                          LATITUDE:   34 39 N
                                          LONGITUDE:  86 46 W

  TEMPERATURE IN F:       :PCPN:    SNOW:  WIND      :SUNSHINE: SKY     :PK WND
================================================================================
1   2   3   4   5  6A  6B    7    8   9   10  11  12  13   14  15   16   17  18
                                     12Z  AVG MX 2MIN
DY MAX MIN AVG DEP HDD CDD  WTR  SNW DPTH SPD SPD DIR MIN PSBL S-S WX    SPD DR
================================================================================

 1  95  61  78  -2   0  13 0.00  0.0    0  3.9 14  10   M    M   2        19 310
 2  96  72  84   4   0  19 0.00  0.0    0  4.9 12 260   M    M   3        16 260
 3  96  71  84   4   0  19 0.06  0.0    0  5.8 26 180   M    M   5        31 190
 4  99  75  87   7   0  22 0.02  0.0    0  9.9 23 220   M    M   4 3      31 220
 5  83  73  78  -2   0  13 1.06  0.0    0  6.6 25 250   M    M   7 13     39 260
 6  93  73  83   3   0  18 0.23  0.0    0  7.7 18 230   M    M   4 13     24 220
 7  95  75  85   5   0  20 0.00  0.0    0  8.4 18 250   M    M   4        25 230
 8  97  75  86   6   0  21 0.00  0.0    0  8.3 20  20   M    M   6        29  10
 9  95  73  84   4   0  19 0.72  0.0    0  5.0 15 250   M    M   5 3      19 260
10  90  73  82   2   0  17 0.13  0.0    0  2.8 17 170   M    M   7        22 170
11  91  70  81   0   0  16    T  0.0    0  5.1 17 170   M    M   5        22 170
12  94  70  82   1   0  17 0.00  0.0    0  5.9 22 190   M    M   2        27 180
13  95  70  83   2   0  18    T  0.0    0  5.3 13 220   M    M   3        17 180
14  95  72  84   3   0  19 1.70  0.0    0  4.8 21 360   M    M   5 13     41 310
15  90  72  81   0   0  16 0.00  0.0    0  2.7  9 260   M    M   5        13 250
16  93  72  83   2   0  18 0.04  0.0    0  3.2 13  60   M    M   5 3      17 300
17  94  71  83   2   0  18 0.00  0.0    0  4.9 10 150   M    M   3        13 190
18  97  75  86   5   0  21 0.00  0.0    0  3.4 13 360   M    M   3 3      16 350
19  96  70  83   2   0  18 0.20  0.0    0  2.9 23 110   M    M   4 138    30 350
20  99  73  86   5   0  21 0.10  0.0    0  3.2 22 230   M    M   3 3      28 230
21 100  74  87   6   0  22    T  0.0    0  3.1 18 320   M    M   2        23 330
22  96  75  86   5   0  21 0.07  0.0    0  3.4 15 350   M    M   5 3      17 350
23  97  75  86   5   0  21    T  0.0    0  4.8 17 200   M    M   6 3      21 250
24  96  75  86   5   0  21 0.00  0.0    0  4.7 14 250   M    M   4        18 260
25  99  75  87   6   0  22 0.00  0.0    0  4.9 22 160   M    M   3        29 160
26  98  77  88   7   0  23 0.00  0.0    0  4.9 14 170   M    M   2        19 190
27  94  76  85   4   0  20 0.00  0.0    0  7.7 23 190   M    M   5        29 180
28  83  73  78  -3   0  13 0.59  0.0    0  6.7 18 230   M    M   9 1      24 240
================================================================================
SM 2646 2036         0 526  4.92     0.0 144.9          M      121
================================================================================
AV 94.5 72.7                               5.2 FASTST   M    M   4    MAX(MPH)
                                 MISC ---->  # 26 180               # 41  310
================================================================================
NOTES:
# LAST OF SEVERAL OCCURRENCES

COLUMN 17 PEAK WIND IN M.P.H.

PRELIMINARY LOCAL CLIMATOLOGICAL DATA (WS FORM: F-6) , PAGE 2

                                          STATION:  HUNTSVILLE
                                          MONTH:    JULY
                                          YEAR:     2016
                                          LATITUDE:   34 39 N
                                          LONGITUDE:  86 46 W

[TEMPERATURE DATA]      [PRECIPITATION DATA]       SYMBOLS USED IN COLUMN 16

AVERAGE MONTHLY: 83.6   TOTAL FOR MONTH:   4.92    1 = FOG OR MIST
DPTR FM NORMAL:   3.0   DPTR FM NORMAL:    1.22    2 = FOG REDUCING VISIBILITY
HIGHEST:   100 ON 21    GRTST 24HR  1.70 ON 14-14      TO 1/4 MILE OR LESS
LOWEST:     61 ON  1                               3 = THUNDER
                        SNOW, ICE PELLETS, HAIL    4 = ICE PELLETS
                        TOTAL MONTH:   0.0 INCH    5 = HAIL
                        GRTST 24HR     0.0         6 = FREEZING RAIN OR DRIZZLE
                        GRTST DEPTH:   0           7 = DUSTSTORM OR SANDSTORM:
                                                       VSBY 1/2 MILE OR LESS
                                                   8 = SMOKE OR HAZE
[NO. OF DAYS WITH]      [WEATHER - DAYS WITH]      9 = BLOWING SNOW
                                                   X = TORNADO
MAX 32 OR BELOW:   0    0.01 INCH OR MORE:  12
MAX 90 OR ABOVE:  26    0.10 INCH OR MORE:   8
MIN 32 OR BELOW:   0    0.50 INCH OR MORE:   4
MIN  0 OR BELOW:   0    1.00 INCH OR MORE:   2

[HDD (BASE 65) ]
TOTAL THIS MO.     0    CLEAR  (SCALE 0-3)  10
DPTR FM NORMAL     0    PTCLDY (SCALE 4-7)  17
TOTAL FM JUL 1     0    CLOUDY (SCALE 8-10)  1
DPTR FM NORMAL     0

[CDD (BASE 65) ]
TOTAL THIS MO.   526
DPTR FM NORMAL    86    [PRESSURE DATA]
TOTAL FM JAN 1  1293    HIGHEST SLP M ON M
DPTR FM NORMAL   210    LOWEST  SLP 29.91 ON M

[REMARKS]
