000
CXUS51 KCAR 250600
CF6HUL
PRELIMINARY LOCAL CLIMATOLOGICAL DATA (WS FORM: F-6)

                                          STATION:   HOULTON ME
                                          MONTH:     FEBRUARY
                                          YEAR:      2018
                                          LATITUDE:   46  7 N
                                          LONGITUDE:  67 48 W

  TEMPERATURE IN F:       :PCPN:    SNOW:  WIND      :SUNSHINE: SKY     :PK WND
================================================================================
1   2   3   4   5  6A  6B    7    8   9   10  11  12  13   14  15   16   17  18
                                     12Z  AVG MX 2MIN
DY MAX MIN AVG DEP HDD CDD  WTR  SNW DPTH SPD SPD DIR MIN PSBL S-S WX    SPD DR
================================================================================

 1  31  14  23  11  42   0 0.05    M    M  7.6 14 220   M    M   7 18     20 220
 2  30  -1  15   3  50   0 0.12    M    M  9.9 21 340   M    M   8 128    30 310
 3   8  -9   0 -12  65   0 0.00    M    M  7.9 20 300   M    M   1        27 270
 4  38  -7  16   4  49   0 0.51    M    M  9.3 18 200   M    M   9 1      29 200
 5  41  10  26  14  39   0 0.30    M    M  9.0 24 290   M    M   8 128    35 290
 6  23   2  13   0  52   0    T    M    M  5.9 15 210   M    M   5 18     20 210
 7  18 -12   3 -10  62   0 0.53    M    M  4.6 13  50   M    M   6 128    18  70
 8  21 -11   5  -8  60   0    T    M    M  7.2 16 350   M    M   6 18     23 340
 9  20 -13   4  -9  61   0 0.00    M    M  6.5 18 230   M    M   3        24 230
10  29   9  19   5  46   0 0.27    M    M  3.1 10 150   M    M  10 1      14 140
11  29  25  27  13  38   0 0.15    M    M  7.2 14 120   M    M  10 16     21 110
12  35  15  25  11  40   0 0.00    M    M  9.3 23 280   M    M   3 1      35 320
13  20  -3   9  -5  56   0 0.00    M    M  6.4 16 240   M    M   0        22 280
14  33  14  24   9  41   0 0.00    M    M  9.1 23 210   M    M   6 8      29 210
15  43  23  33  18  32   0    T    M    M  6.0 13 180   M    M   6        20 150
16  41  13  27  12  38   0    T    M    M  9.1 21 320   M    M   7 1      28 300
17  23   3  13  -3  52   0 0.00    M    M  6.9 15 330   M    M   0        20 330
18  34   9  22   6  43   0 0.13    M    M  4.5 14 290   M    M   7 1      19 310
19  41   2  22   6  43   0 0.01    M    M  8.1 22 200   M    M   2 18     35 190
20  39  31  35  18  30   0 0.19    M    M  3.9 14  90   M    M  10 126    20 110
21  50  30  40  23  25   0 0.02    M    M  8.5 21 330   M    M   8 126    35 330
22  30   4  17   0  48   0 0.00    M    M  7.7 20 330   M    M   0        27 350
23  29  -5  12  -6  53   0 0.06    M    M  5.7 15 190   M    M   4 16     24 180
24  40  20  30  12  35   0 0.00    M    M  9.3 18 330   M    M   7 1      25 330
================================================================================
SM  746  163      1100   0  2.34    M    172.7          M      133
================================================================================
AV 31.1  6.8                               7.2 FASTST   M    M   6    MAX(MPH)
                                 MISC ---->  # 24 290               # 35  290
================================================================================
NOTES:
# LAST OF SEVERAL OCCURRENCES

COLUMN 17 PEAK WIND IN M.P.H.

PRELIMINARY LOCAL CLIMATOLOGICAL DATA (WS FORM: F-6) , PAGE 2

                                          STATION:  HOULTON ME
                                          MONTH:    FEBRUARY
                                          YEAR:     2018
                                          LATITUDE:   46  7 N
                                          LONGITUDE:  67 48 W

[TEMPERATURE DATA]      [PRECIPITATION DATA]       SYMBOLS USED IN COLUMN 16

AVERAGE MONTHLY: 18.9   TOTAL FOR MONTH:   2.34    1 = FOG OR MIST
DPTR FM NORMAL:   4.4   DPTR FM NORMAL:    0.64    2 = FOG REDUCING VISIBILITY
HIGHEST:    50 ON 21    GRTST 24HR  0.53 ON  7- 7      TO 1/4 MILE OR LESS
LOWEST:    -13 ON  9                               3 = THUNDER
                        SNOW, ICE PELLETS, HAIL    4 = ICE PELLETS
                        TOTAL MONTH:    M          5 = HAIL
                        GRTST 24HR    M  ON   M    6 = FREEZING RAIN OR DRIZZLE
                        GRTST DEPTH:  M  ON   M    7 = DUSTSTORM OR SANDSTORM:
                                                       VSBY 1/2 MILE OR LESS
                                                   8 = SMOKE OR HAZE
[NO. OF DAYS WITH]      [WEATHER - DAYS WITH]      9 = BLOWING SNOW
                                                   X = TORNADO
MAX 32 OR BELOW:  13    0.01 INCH OR MORE:  12
MAX 90 OR ABOVE:   0    0.10 INCH OR MORE:   8
MIN 32 OR BELOW:  24    0.50 INCH OR MORE:   2
MIN  0 OR BELOW:   8    1.00 INCH OR MORE:   0

[HDD (BASE 65) ]
TOTAL THIS MO.  1100    CLEAR  (SCALE 0-3)   6
DPTR FM NORMAL  -112    PTCLDY (SCALE 4-7)  13
TOTAL FM JUL 1  5929    CLOUDY (SCALE 8-10)  5
DPTR FM NORMAL  -458

[CDD (BASE 65) ]
TOTAL THIS MO.     0
DPTR FM NORMAL     0    [PRESSURE DATA]
TOTAL FM JAN 1     0    HIGHEST SLP M ON M
DPTR FM NORMAL     0    LOWEST  SLP 29.42 ON  5

[REMARKS]
