000
CXUS56 KTFX 261205
CF6HVR
PRELIMINARY LOCAL CLIMATOLOGICAL DATA (WS FORM: F-6)

                                          STATION:   HAVRE MT
                                          MONTH:     APRIL
                                          YEAR:      2017
                                          LATITUDE:   48 32 N
                                          LONGITUDE: 109 46 W

  TEMPERATURE IN F:       :PCPN:    SNOW:  WIND      :SUNSHINE: SKY     :PK WND
================================================================================
1   2   3   4   5  6A  6B    7    8   9   10  11  12  13   14  15   16   17  18
                                     12Z  AVG MX 2MIN
DY MAX MIN AVG DEP HDD CDD  WTR  SNW DPTH SPD SPD DIR MIN PSBL S-S WX    SPD DR
================================================================================

 1  65  28  47   7  18   0 0.00  0.0    0 15.3 29 240   M    M   0 1      37 230
 2  57  30  44   4  21   0 0.03  0.0    0  9.4 29 290   M    M   3 13     35 290
 3  42  33  38  -2  27   0 0.03    T    0 11.2 22 340   M    M  10 1      27 340
 4  52  26  39  -2  26   0 0.00  0.0    M 10.9 22 230   M    M   2        29 210
 5  61  23  42   1  23   0 0.00  0.0    0  4.7 14 220   M    M   0        17 250
 6  73  35  54  12  11   0    T  0.0    0  8.3 28 270   M    M   2        33 270
 7  76  35  56  14   9   0 0.01  0.0    0 12.2 44 200   M    M   3        52 200
 8  65  35  50   8  15   0 0.00  0.0    0 13.7 25 280   M    M   0        30 280
 9  46  36  41  -1  24   0 0.04    T    0  9.5 20  70   M    M   9        24  70
10  57  29  43   0  22   0    T    T    0  9.4 30 270   M    M   5 12     37 250
11  57  30  44   1  21   0    T  0.0    0 13.2 25 290   M    M   4        31 290
12  57  35  46   3  19   0 0.00  0.0    0 12.7 24 120   M    M   6        29 110
13  74  43  59  15   6   0 0.06  0.0    0 16.9 30  80   M    M   3 138    36  90
14  59  41  50   6  15   0 0.13  0.0    0 17.2 32 260   M    M   5 1      38 260
15  56  34  45   1  20   0 0.00  0.0    0 17.4 36 280   M    M   6        44 280
16  49  28  39  -6  26   0 0.00  0.0    0 12.4 21  80   M    M   4        26 300
17  38  24  31 -14  34   0 0.23    T    0 10.8 25  80   M    M   7 1      30  80
18  66  27  47   2  18   0 0.00  0.0    0  6.1 20 210   M    M   4 1      24 220
19  62  36  49   3  16   0 0.02  0.0    0 13.8 28 320   M    M   3        36 300
20  70  29  50   4  15   0 0.00  0.0    0  8.4 21 140   M    M   2        27 150
21  57  43  50   4  15   0 0.00  0.0    0 12.9 23 350   M    M   7        35 360
22  58  42  50   4  15   0 0.00  0.0    0 10.6 25  80   M    M   7        34  80
23  50  38  44  -3  21   0 0.06  0.0    0 15.1 26  90   M    M   8 1      33  90
24  57  34  46  -1  19   0 0.00  0.0    0  9.3 29  90   M    M   7 12     34  80
25  50  32  41  -6  24   0    T  0.0    0 17.0 25  90   M    M  10        33  80
================================================================================
SM 1454  826       480   0  0.61    T    298.4          M      117
================================================================================
AV 58.2 33.0                              11.9 FASTST   M    M   5    MAX(MPH)
                                 MISC ---->  # 44 200               # 52  200
================================================================================
NOTES:
# LAST OF SEVERAL OCCURRENCES

COLUMN 17 PEAK WIND IN M.P.H.

PRELIMINARY LOCAL CLIMATOLOGICAL DATA (WS FORM: F-6) , PAGE 2

                                          STATION:  HAVRE MT
                                          MONTH:    APRIL
                                          YEAR:     2017
                                          LATITUDE:   48 32 N
                                          LONGITUDE: 109 46 W

[TEMPERATURE DATA]      [PRECIPITATION DATA]       SYMBOLS USED IN COLUMN 16

AVERAGE MONTHLY: 45.6   TOTAL FOR MONTH:   0.61    1 = FOG OR MIST
DPTR FM NORMAL:   2.0   DPTR FM NORMAL:   -0.04    2 = FOG REDUCING VISIBILITY
HIGHEST:    76 ON  7    GRTST 24HR  0.23 ON 17-17      TO 1/4 MILE OR LESS
LOWEST:     23 ON  5                               3 = THUNDER
                        SNOW, ICE PELLETS, HAIL    4 = ICE PELLETS
                        TOTAL MONTH:    T          5 = HAIL
                        GRTST 24HR    T  ON 17-17  6 = FREEZING RAIN OR DRIZZLE
                        GRTST DEPTH:   0           7 = DUSTSTORM OR SANDSTORM:
                                                       VSBY 1/2 MILE OR LESS
                                                   8 = SMOKE OR HAZE
[NO. OF DAYS WITH]      [WEATHER - DAYS WITH]      9 = BLOWING SNOW
                                                   X = TORNADO
MAX 32 OR BELOW:   0    0.01 INCH OR MORE:   9
MAX 90 OR ABOVE:   0    0.10 INCH OR MORE:   2
MIN 32 OR BELOW:  11    0.50 INCH OR MORE:   0
MIN  0 OR BELOW:   0    1.00 INCH OR MORE:   0

[HDD (BASE 65) ]
TOTAL THIS MO.   480    CLEAR  (SCALE 0-3)   9
DPTR FM NORMAL   -55    PTCLDY (SCALE 4-7)  13
TOTAL FM JUL 1  7391    CLOUDY (SCALE 8-10)  3
DPTR FM NORMAL  -262

[CDD (BASE 65) ]
TOTAL THIS MO.     0
DPTR FM NORMAL     0    [PRESSURE DATA]
TOTAL FM JAN 1     0    HIGHEST SLP M ON M
DPTR FM NORMAL     0    LOWEST  SLP 29.45 ON 13

[REMARKS]
