000
CXUS56 KMTR 251000
CF6HWD
PRELIMINARY LOCAL CLIMATOLOGICAL DATA (WS FORM: F-6)

                                          STATION:   HAYWARD AIRPORT
                                          MONTH:     AUGUST
                                          YEAR:      2016
                                          LATITUDE:   37 39 N
                                          LONGITUDE: 122  7 W

  TEMPERATURE IN F:       :PCPN:    SNOW:  WIND      :SUNSHINE: SKY     :PK WND
================================================================================
1   2   3   4   5  6A  6B    7    8   9   10  11  12  13   14  15   16   17  18
                                     12Z  AVG MX 2MIN
DY MAX MIN AVG DEP HDD CDD  WTR  SNW DPTH SPD SPD DIR MIN PSBL S-S WX    SPD DR
================================================================================

 1  75  59  67   1   0   2 0.00  0.0    0  9.7 20 300   M    M   5        27 310
 2  75  57  66   0   0   1 0.00  0.0    0  8.1 17 290   M    M   4        20 290
 3  77  57  67   1   0   2 0.00  0.0    0  8.4 18 300   M    M   2        22 300
 4  67  57  62  -4   3   0 0.00  0.0    0 11.2 16 290   M    M   8        22 310
 5  71  58  65  -1   0   0 0.00  0.0    0  9.5 18 290   M    M   6        22 290
 6  68  58  63  -3   2   0 0.00  0.0    0  8.7 21 290   M    M   7        26 290
 7  73  58  66   0   0   1 0.00  0.0    0  6.9 16 290   M    M   2        21 280
 8  76  57  67   1   0   2 0.00  0.0    0  7.9 18 250   M    M   5        26 240
 9  78  58  68   2   0   3 0.00  0.0    0  7.8 18 290   M    M   3        22 290
10  77  57  67   1   0   2 0.00  0.0    0  7.6 25 100   M    M   2        28  90
11  78  58  68   2   0   3 0.00  0.0    0  7.4 17 310   M    M   4         M  M
12  78  58  68   2   0   3 0.00  0.0    0  6.8 15 280   M    M   3 18     19 300
13  80  55  68   2   0   3 0.00  0.0    0  6.9 15 290   M    M   0 8      18 260
14  75  56  66   0   0   1 0.00  0.0    0  9.0 17 290   M    M   2        20 290
15  73  57  65  -1   0   0 0.00  0.0    0  8.1 18 290   M    M   5        22 300
16  74  57  66  -1   0   1 0.00  0.0    0  7.7 17 300   M    M   5 8      20 300
17  76  57  67   0   0   2 0.00  0.0    0  7.7 18 290   M    M   4 8      27 360
18  76  59  68   1   0   3 0.00  0.0    0  7.1 17 290   M    M   3         M  M
19  74  59  67   0   0   2 0.00  0.0    0  7.8 17 300   M    M   3 8      29 360
20  72  58  65  -2   0   0 0.00  0.0    0  9.0 20 290   M    M   4        25 290
21  72  60  66  -1   0   1 0.00  0.0    0  8.7 21 290   M    M   7        24 290
22  72  60  66  -1   0   1 0.00  0.0    0  9.0 20 290   M    M   7        22 300
23  74  60  67   0   0   2 0.00  0.0    0  8.3 18 300   M    M   5        23 310
24  72  58  65  -2   0   0 0.00  0.0    0  8.5 18 300   M    M   6        21 300
================================================================================
SM 1783 1388         5  35  0.00     0.0 197.8          M      102
================================================================================
AV 74.3 57.8                               8.2 FASTST   M    M   4    MAX(MPH)
                                 MISC ---->  # 25 100                10000  M
================================================================================
NOTES:
# LAST OF SEVERAL OCCURRENCES

COLUMN 17 PEAK WIND IN M.P.H.

PRELIMINARY LOCAL CLIMATOLOGICAL DATA (WS FORM: F-6) , PAGE 2

                                          STATION:  HAYWARD AIRPORT
                                          MONTH:    AUGUST
                                          YEAR:     2016
                                          LATITUDE:   37 39 N
                                          LONGITUDE: 122  7 W

[TEMPERATURE DATA]      [PRECIPITATION DATA]       SYMBOLS USED IN COLUMN 16

AVERAGE MONTHLY: 66.1   TOTAL FOR MONTH:   0.00    1 = FOG OR MIST
DPTR FM NORMAL:  -0.3   DPTR FM NORMAL:   -0.02    2 = FOG REDUCING VISIBILITY
HIGHEST:    80 ON 13    GRTST 24HR  0.00 ON 24-24      TO 1/4 MILE OR LESS
LOWEST:     55 ON 13                               3 = THUNDER
                        SNOW, ICE PELLETS, HAIL    4 = ICE PELLETS
                        TOTAL MONTH:   0.0 INCH    5 = HAIL
                        GRTST 24HR     0.0         6 = FREEZING RAIN OR DRIZZLE
                        GRTST DEPTH:   0           7 = DUSTSTORM OR SANDSTORM:
                                                       VSBY 1/2 MILE OR LESS
                                                   8 = SMOKE OR HAZE
[NO. OF DAYS WITH]      [WEATHER - DAYS WITH]      9 = BLOWING SNOW
                                                   X = TORNADO
MAX 32 OR BELOW:   0    0.01 INCH OR MORE:   0
MAX 90 OR ABOVE:   0    0.10 INCH OR MORE:   0
MIN 32 OR BELOW:   0    0.50 INCH OR MORE:   0
MIN  0 OR BELOW:   0    1.00 INCH OR MORE:   0

[HDD (BASE 65) ]
TOTAL THIS MO.     5    CLEAR  (SCALE 0-3)   6
DPTR FM NORMAL   -19    PTCLDY (SCALE 4-7)  18
TOTAL FM JUL 1    20    CLOUDY (SCALE 8-10)  0
DPTR FM NORMAL   -49

[CDD (BASE 65) ]
TOTAL THIS MO.    35
DPTR FM NORMAL   -15    [PRESSURE DATA]
TOTAL FM JAN 1   219    HIGHEST SLP M ON M
DPTR FM NORMAL    48    LOWEST  SLP 29.79 ON 17

[REMARKS]
