000
CXUS53 KUNR 240945
CF6ICR
PRELIMINARY LOCAL CLIMATOLOGICAL DATA (WS FORM: F-6)

                                          STATION:   WINNER REGIONAL AIRPORT SD
                                          MONTH:     FEBRUARY
                                          YEAR:      2017
                                          LATITUDE:   43 23 N
                                          LONGITUDE:  99 50 W

  TEMPERATURE IN F:       :PCPN:    SNOW:  WIND      :SUNSHINE: SKY     :PK WND
================================================================================
1   2   3   4   5  6A  6B    7    8   9   10  11  12  13   14  15   16   17  18
                                     12Z  AVG MX 2MIN
DY MAX MIN AVG DEP HDD CDD  WTR  SNW DPTH SPD SPD DIR MIN PSBL S-S WX    SPD DR
================================================================================

 1  26  11  19  -6  46   0    T    M    M 10.0 16 360   M    M   9 1      19 360
 2  20  10  15 -10  50   0    T    M    M  9.1 15 330   M    M   6 18     18 340
 3  29   6  18  -7  47   0    T    M    M 13.6 44 190   M    M   3 18     52 190
 4  35  15  25   0  40   0 0.00    M    M 21.5 44 200   M    M   3 8      54 190
 5  40   9  25   0  40   0 0.00    M    M  8.7 18 210   M    M   0        23 210
 6  41  20  31   5  34   0    T    M    M 11.8 22 210   M    M   3 16     26 200
 7  20   9  15 -11  50   0    T    M    M 14.6 28 320   M    M   8 168    32 310
 8  12   1   7 -19  58   0 0.02    M    M  7.3 14 260   M    M   5 18     16 270
 9  42   8  25  -1  40   0 0.00    M    M 15.9 30 210   M    M   4        38 190
10  58  37  48  22  17   0 0.00    M    M  7.8 23 210   M    M   0        26 200
11  47  36  42  16  23   0 0.04    M    M  5.8 31 310   M    M   8 1      37 310
12  47  28  38  12  27   0 0.00    M    M 11.9 33 310   M    M   1        41 320
13  51  32  42  15  23   0 0.00    M    M 12.0 23 320   M    M   0        29 320
14  48  30  39  12  26   0 0.00    M    M 10.7 18 330   M    M   0        24 320
15  65  29  47  20  18   0 0.00    M    M  9.2 20 210   M    M   0        23 210
16  75  39  57  30   8   0 0.00    M    M  7.3 18 200   M    M   0        23 200
17  65  35  50  22  15   0 0.00    M    M 13.8 33 330   M    M   0        41 330
18  67  32  50  22  15   0 0.00    M    M 10.1 22 170   M    M   0        28 160
19  72  47  60  32   5   0 0.00    M    M 15.3 26 190   M    M   1        35 190
20  64  42  53  25  12   0 0.03    M    M 15.5 29 320   M    M   2 1      36 310
21  77  45  61  32   4   0 0.00    M    M 14.4 26 280   M    M   0        35 270
22  62  35  49  20  16   0    T    M    M 15.1 28 310   M    M   3 1      33 310
23  34  26  30   1  35   0    M    M    M 17.9 26  20   M    M  10 1      33  20
================================================================================
SM 1097  582       649   0  0.09    M    279.3          M       66
================================================================================
AV 47.7 25.3                              12.1 FASTST   M    M   3    MAX(MPH)
                                 MISC ---->  # 44 190               # 54  190
================================================================================
NOTES:
# LAST OF SEVERAL OCCURRENCES

COLUMN 17 PEAK WIND IN M.P.H.

PRELIMINARY LOCAL CLIMATOLOGICAL DATA (WS FORM: F-6) , PAGE 2

                                          STATION:  WINNER REGIONAL AIRPORT SD
                                          MONTH:    FEBRUARY
                                          YEAR:     2017
                                          LATITUDE:   43 23 N
                                          LONGITUDE:  99 50 W

[TEMPERATURE DATA]      [PRECIPITATION DATA]       SYMBOLS USED IN COLUMN 16

AVERAGE MONTHLY: 36.5   TOTAL FOR MONTH:   0.09    1 = FOG OR MIST
DPTR FM NORMAL:   9.8   DPTR FM NORMAL:   -0.34    2 = FOG REDUCING VISIBILITY
HIGHEST:    77 ON 21    GRTST 24HR  0.04 ON 11-11      TO 1/4 MILE OR LESS
LOWEST:      1 ON  8                               3 = THUNDER
                        SNOW, ICE PELLETS, HAIL    4 = ICE PELLETS
                        TOTAL MONTH:    M          5 = HAIL
                        GRTST 24HR    M  ON   M    6 = FREEZING RAIN OR DRIZZLE
                        GRTST DEPTH:  M  ON   M    7 = DUSTSTORM OR SANDSTORM:
                                                       VSBY 1/2 MILE OR LESS
                                                   8 = SMOKE OR HAZE
[NO. OF DAYS WITH]      [WEATHER - DAYS WITH]      9 = BLOWING SNOW
                                                   X = TORNADO
MAX 32 OR BELOW:   5    0.01 INCH OR MORE:   3
MAX 90 OR ABOVE:   0    0.10 INCH OR MORE:   0
MIN 32 OR BELOW:  15    0.50 INCH OR MORE:   0
MIN  0 OR BELOW:   0    1.00 INCH OR MORE:   0

[HDD (BASE 65) ]
TOTAL THIS MO.   649    CLEAR  (SCALE 0-3)  16
DPTR FM NORMAL  -232    PTCLDY (SCALE 4-7)   4
TOTAL FM JUL 1  3971    CLOUDY (SCALE 8-10)  3
DPTR FM NORMAL  -865

[CDD (BASE 65) ]
TOTAL THIS MO.     0
DPTR FM NORMAL     0    [PRESSURE DATA]
TOTAL FM JAN 1     0    HIGHEST SLP M ON M
DPTR FM NORMAL     0    LOWEST  SLP 29.16 ON 17

[REMARKS]
