000
CXUS55 KPIH 241200
CF6IDA

PRELIMINARY LOCAL CLIMATOLOGICAL DATA (WS FORM: F-6)

                                          STATION:   IDAHO FALLS ID
                                          MONTH:     MAY
                                          YEAR:      2017
                                          LATITUDE:   43 31 N
                                          LONGITUDE: 112  4 W

  TEMPERATURE IN F:       :PCPN:    SNOW:  WIND      :SUNSHINE: SKY     :PK WND
================================================================================
1   2   3   4   5  6A  6B    7    8   9   10  11  12  13   14  15   16   17  18
                                     12Z  AVG MX 2MIN
DY MAX MIN AVG DEP HDD CDD  WTR  SNW DPTH SPD SPD DIR MIN PSBL S-S WX    SPD DR
================================================================================

 1  58  38  48  -1  17   0 0.00    M    M 12.4 25 210   M    M   6        33 210
 2  64  42  53   4  12   0 0.01    M    M 12.9 21 200   M    M   6 3      27 220
 3  65  31  48  -1  17   0 0.00    M    M  6.6 16 190   M    M   0        21 210
 4  77  34  56   6   9   0 0.00    M    M  2.6  8 260   M    M   0 8      11 210
 5  82  39  61  11   4   0 0.00    M    M  6.8 20 210   M    M   1        26 200
 6  78  48  63  13   2   0 0.04    M    M 10.5 29 130   M    M   4 38     38 120
 7  60  43  52   2  13   0    T    M    M 11.0 22 210   M    M   7 13     28 220
 8  67  45  56   5   9   0 0.00    M    M  7.5 15 210   M    M   6        19 200
 9  70  41  56   5   9   0 0.00    M    M  7.9 16 220   M    M   2        29 220
10  75  35  55   4  10   0 0.00    M    M  2.2 12 170   M    M   1        16 200
11  80  39  60   8   5   0 0.00    M    M  6.9 17 210   M    M   1        23 210
12  82  40  61   9   4   0 0.00    M    M 18.5 38 210   M    M   3        49 220
13  55  37  46  -6  19   0 0.03    M    M 15.2 28 200   M    M   5 1      34 180
14  60  31  46  -6  19   0 0.00    M    M  5.5 14 200   M    M   1        18 190
15  62  39  51  -2  14   0 0.00    M    M 10.0 17 180   M    M   3        23 180
16  62  40  51  -2  14   0 0.24    M    M 14.3 28 220   M    M   5 1      34 220
17  45  30  38 -15  27   0 0.02    M    M 14.5 32 220   M    M   7 18     41 210
18  57  28  43 -11  22   0 0.00    M    M  7.0 22 360   M    M   5 1      28 360
19  58  30  44 -10  21   0 0.00    M    M  4.4 10 210   M    M   5        14 250
20  67  32  50  -4  15   0 0.00    M    M  6.4 20  70   M    M   4        24  80
21  71  37  54   0  11   0    T    M    M  7.5 17  20   M    M   3        30  10
22  75  35  55   1  10   0 0.00    M    M  5.8 17 280   M    M   2        22 280
23  78  40  59   4   6   0 0.00    M    M  9.4 17 190   M    M   0        24 250
================================================================================
SM 1548  854       289   0  0.34    M    205.8          M       77
================================================================================
AV 67.3 37.1                               8.9 FASTST   M    M   3    MAX(MPH)
                                 MISC ---->  # 38 210               # 49  220
================================================================================
NOTES:
# LAST OF SEVERAL OCCURRENCES
PRECIPITATION SUSPECT DURING FREEZING/FROZEN EVENTS

COLUMN 17 PEAK WIND IN M.P.H.

PRELIMINARY LOCAL CLIMATOLOGICAL DATA (WS FORM: F-6) , PAGE 2

                                          STATION:  IDAHO FALLS ID
                                          MONTH:    MAY
                                          YEAR:     2017
                                          LATITUDE:   43 31 N
                                          LONGITUDE: 112  4 W

[TEMPERATURE DATA]      [PRECIPITATION DATA]       SYMBOLS USED IN COLUMN 16

AVERAGE MONTHLY: 52.2   TOTAL FOR MONTH:   0.34    1 = FOG OR MIST
DPTR FM NORMAL:   0.4   DPTR FM NORMAL:   -0.76    2 = FOG REDUCING VISIBILITY
HIGHEST:    82 ON 12, 5 GRTST 24HR  0.24 ON 16-16      TO 1/4 MILE OR LESS
LOWEST:     28 ON 18                               3 = THUNDER
                        SNOW, ICE PELLETS, HAIL    4 = ICE PELLETS
                        TOTAL MONTH:    M          5 = HAIL
                        GRTST 24HR    M  ON   M    6 = FREEZING RAIN OR DRIZZLE
                        GRTST DEPTH:  M  ON   M    7 = DUSTSTORM OR SANDSTORM:
                                                       VSBY 1/2 MILE OR LESS
                                                   8 = SMOKE OR HAZE
[NO. OF DAYS WITH]      [WEATHER - DAYS WITH]      9 = BLOWING SNOW
                                                   X = TORNADO
MAX 32 OR BELOW:   0    0.01 INCH OR MORE:   5
MAX 90 OR ABOVE:   0    0.10 INCH OR MORE:   1
MIN 32 OR BELOW:   6    0.50 INCH OR MORE:   0
MIN  0 OR BELOW:   0    1.00 INCH OR MORE:   0

[HDD (BASE 65) ]
TOTAL THIS MO.   289    CLEAR  (SCALE 0-3)  12
DPTR FM NORMAL   -15    PTCLDY (SCALE 4-7)  11
TOTAL FM JUL 1  7454    CLOUDY (SCALE 8-10)  0
DPTR FM NORMAL  -163

[CDD (BASE 65) ]
TOTAL THIS MO.     0
DPTR FM NORMAL     0    [PRESSURE DATA]
TOTAL FM JAN 1     0    HIGHEST SLP M ON M
DPTR FM NORMAL     0    LOWEST  SLP 29.50 ON 12

[REMARKS]
