000
CXUS54 KFWD 230730
CF6ILE
PRELIMINARY LOCAL CLIMATOLOGICAL DATA (WS FORM: F-6)

                                          STATION:   KILLEEN SKYLARK
                                          MONTH:     JANUARY
                                          YEAR:      2018
                                          LATITUDE:   31  4 N
                                          LONGITUDE:  97 41 W

  TEMPERATURE IN F:       :PCPN:    SNOW:  WIND      :SUNSHINE: SKY     :PK WND
================================================================================
1   2   3   4   5  6A  6B    7    8   9   10  11  12  13   14  15   16   17  18
                                     12Z  AVG MX 2MIN
DY MAX MIN AVG DEP HDD CDD  WTR  SNW DPTH SPD SPD DIR MIN PSBL S-S WX    SPD DR
================================================================================

 1  32  19  26 -21  39   0 0.00  0.0    0 11.4 15 360   M    M   6        21 360
 2  30  19  25 -22  40   0    T    M    0  7.8 12 360   M    M  10         M  M
 3  57  16  37 -10  28   0 0.00  0.0    0  5.8 14 340   M    M   0         M  M
 4  53  24  39  -8  26   0 0.00  0.0    0  4.1  8 130   M    M   0         M  M
 5  63  39  51   4  14   0 0.00  0.0    0  5.7 13 180   M    M   3         M  M
 6  63  31  47   0  18   0 0.00  0.0    0  5.8 12 150   M    M   5 1       M  M
 7  65  53  59  12   6   0    T  0.0    0 13.6 18 160   M    M   9        30 200
 8  66  42  54   7  11   0 0.00  0.0    0 10.0 17 320   M    M   0        25 320
 9  69  32  51   4  14   0 0.00  0.0    0  5.4 15 150   M    M   0         M  M
10  67  43  55   8  10   0 0.00  0.0    0 11.5 17 160   M    M   6 1      27 180
11  68  38  53   6  12   0    T  0.0    0 13.9 24 330   M    M   5 1      43 330
12  52  28  40  -7  25   0 0.00  0.0    0 10.6 20 330   M    M   0        31 330
13  50  26  38  -9  27   0 0.00  0.0    0  5.8 12 360   M    M   0         M  M
14  59  28  44  -3  21   0 0.00  0.0    0  6.6 12 150   M    M   0        16 160
15  65  33  49   2  16   0    T    M    0  8.2 25  10   M    M   7 1      37  10
16  32  19  26 -21  39   0    T    M    0 15.0 28 360   M    M   9        37 350
17  37  10  24 -23  41   0 0.00  0.0    0  5.3  9 100   M    M   0         M  M
18  44  15  30 -17  35   0 0.00  0.0    0  5.0  9 160   M    M   7         M  M
19  53  37  45  -2  20   0    T  0.0    0  8.5 12 160   M    M  10 1       M  M
20  74  51  63  15   2   0    T  0.0    0 14.7 21 190   M    M   7 1      31 200
21  71  55  63  15   2   0    T  0.0    0 12.3 20 180   M    M   8 1      24 180
22  63  39  51   3  14   0 0.00  0.0    M  8.9 17 290   M    M   0        27 300
================================================================================
SM 1233  697       460   0    T      0.0 195.9          M       92
================================================================================
AV 56.1 31.7                               8.9 FASTST   M    M   4    MAX(MPH)
                                 MISC ---->    28   M                 43    M
================================================================================
NOTES:
# LAST OF SEVERAL OCCURRENCES

COLUMN 17 PEAK WIND IN M.P.H.

PRELIMINARY LOCAL CLIMATOLOGICAL DATA (WS FORM: F-6) , PAGE 2

                                          STATION:  KILLEEN SKYLARK
                                          MONTH:    JANUARY
                                          YEAR:     2018
                                          LATITUDE:   31  4 N
                                          LONGITUDE:  97 41 W

[TEMPERATURE DATA]      [PRECIPITATION DATA]       SYMBOLS USED IN COLUMN 16

AVERAGE MONTHLY: 43.9   TOTAL FOR MONTH:      T    1 = FOG OR MIST
DPTR FM NORMAL:  -3.3   DPTR FM NORMAL:   -1.29    2 = FOG REDUCING VISIBILITY
HIGHEST:    74 ON 20    GRTST 24HR    T  ON 21-21      TO 1/4 MILE OR LESS
LOWEST:     10 ON 17                               3 = THUNDER
                        SNOW, ICE PELLETS, HAIL    4 = ICE PELLETS
                        TOTAL MONTH:   0.0 INCH    5 = HAIL
                        GRTST 24HR     0.0         6 = FREEZING RAIN OR DRIZZLE
                        GRTST DEPTH:   0           7 = DUSTSTORM OR SANDSTORM:
                                                       VSBY 1/2 MILE OR LESS
                                                   8 = SMOKE OR HAZE
[NO. OF DAYS WITH]      [WEATHER - DAYS WITH]      9 = BLOWING SNOW
                                                   X = TORNADO
MAX 32 OR BELOW:   3    0.01 INCH OR MORE:   0
MAX 90 OR ABOVE:   0    0.10 INCH OR MORE:   0
MIN 32 OR BELOW:  12    0.50 INCH OR MORE:   0
MIN  0 OR BELOW:   0    1.00 INCH OR MORE:   0

[HDD (BASE 65) ]
TOTAL THIS MO.   460    CLEAR  (SCALE 0-3)  10
DPTR FM NORMAL    66    PTCLDY (SCALE 4-7)   8
TOTAL FM JUL 1  1151    CLOUDY (SCALE 8-10)  4
DPTR FM NORMAL   -94

[CDD (BASE 65) ]
TOTAL THIS MO.     0
DPTR FM NORMAL     0    [PRESSURE DATA]
TOTAL FM JAN 1     0    HIGHEST SLP M ON M
DPTR FM NORMAL     0    LOWEST  SLP M ON M

[REMARKS]
