000
CXUS54 KFWD 300730
CF6ILE
PRELIMINARY LOCAL CLIMATOLOGICAL DATA (WS FORM: F-6)

                                          STATION:   KILLEEN SKYLARK
                                          MONTH:     APRIL
                                          YEAR:      2016
                                          LATITUDE:   31  4 N
                                          LONGITUDE:  97 41 W

  TEMPERATURE IN F:       :PCPN:    SNOW:  WIND      :SUNSHINE: SKY     :PK WND
================================================================================
1   2   3   4   5  6A  6B    7    8   9   10  11  12  13   14  15   16   17  18
                                     12Z  AVG MX 2MIN
DY MAX MIN AVG DEP HDD CDD  WTR  SNW DPTH SPD SPD DIR MIN PSBL S-S WX    SPD DR
================================================================================

 1  62  49  56  -6   9   0 0.32  0.0    0 10.2 17  40   M    M   6 3      22  30
 2  71  42  57  -5   8   0 0.00  0.0    0  7.5 13 340   M    M   0        20 280
 3  77  43  60  -2   5   0 0.00  0.0    0  6.0 13 230   M    M   0        17 230
 4  83  53  68   5   0   3 0.00  0.0    0  8.6 14 150   M    M   0         M  M
 5  82  52  67   4   0   2 0.00  0.0    0 10.5 17 170   M    M   0        27 170
 6  78  54  66   3   0   1 0.00  0.0    0 10.4 20  10   M    M   1        30  20
 7  85  47  66   3   0   1 0.00  0.0    0  6.9 14 190   M    M   0        17 190
 8  77  58  68   4   0   3 0.00  0.0    0  7.7 14  40   M    M   0 8      18 340
 9  71  57  64   0   1   0 0.11  0.0    0  8.5 14 160   M    M   3        23 180
10  79  63  71   7   0   6 0.00  0.0    0 14.8 21 160   M    M  10        30 150
11  90  67  79  15   0  14 0.05  0.0    0  9.8 16 160   M    M   5 1      23 160
12  65  61  63  -2   2   0 0.42  0.0    0 12.4 18  20   M    M  10 13     23  20
13  66  56  61  -4   4   0 0.00  0.0    0  7.5 13  10   M    M   8 1       M  M
14  71  52  62  -3   3   0 0.01  0.0    0  5.9 12 350   M    M   4 128     M  M
15  74  52  63  -2   2   0 0.00  0.0    0  7.1 13 130   M    M   4 1      18 120
16  75  62  69   3   0   4 0.01  0.0    0 12.7 17 140   M    M  10        30 140
17  71  62  67   1   0   2 0.88  0.0    0 12.7 17  20   M    M  10 13     31  30
18  72  63  68   2   0   3 0.55  0.0    0  6.1 15  30   M    M   9 13      M  M
19  74  63  69   3   0   4 0.00  0.0    0  3.7  8  30   M    M   9 12      M  M
20  76  59  68   2   0   3 0.72  0.0    0  5.1  9 160   M    M   8 13      M  M
21  77  59  68   1   0   3 0.35  0.0    0  7.2 13  20   M    M   5 3      18 320
22  80  55  68   1   0   3 0.00  0.0    0  5.3 10  20   M    M   1         M  M
23  81  54  68   1   0   3 0.00  0.0    0  4.5 10 120   M    M   0         M  M
24  77  61  69   2   0   4 0.00  0.0    0 12.5 16 150   M    M   4        24 190
25  87  68  78  10   0  13 0.00  0.0    0 12.8 20 160   M    M   7        31 160
26  85  70  78  10   0  13 0.09  0.0    0 16.6 20 150   M    M   8 138    32 150
27  85  60  73   5   0   8 0.94  0.0    0  5.7  9 230   M    M   0 138    17 280
28  85  58  72   4   0   7 1.03  0.0    0  7.9 15 140   M    M   3 13     30 150
29  83  66  75   6   0  10 0.48  0.0    0 11.5 20 170   M    M   7 138    31 180
================================================================================
SM 2239 1666        34 110  5.96     0.0 258.1          M      132
================================================================================
AV 77.2 57.4                               8.9 FASTST   M    M   5    MAX(MPH)
                                 MISC ---->    21   M                 32    M
================================================================================
NOTES:
# LAST OF SEVERAL OCCURRENCES

COLUMN 17 PEAK WIND IN M.P.H.

PRELIMINARY LOCAL CLIMATOLOGICAL DATA (WS FORM: F-6) , PAGE 2

                                          STATION:  KILLEEN SKYLARK
                                          MONTH:    APRIL
                                          YEAR:     2016
                                          LATITUDE:   31  4 N
                                          LONGITUDE:  97 41 W

[TEMPERATURE DATA]      [PRECIPITATION DATA]       SYMBOLS USED IN COLUMN 16

AVERAGE MONTHLY: 67.3   TOTAL FOR MONTH:   5.96    1 = FOG OR MIST
DPTR FM NORMAL:   2.1   DPTR FM NORMAL:    3.95    2 = FOG REDUCING VISIBILITY
HIGHEST:    90 ON 11    GRTST 24HR  1.03 ON 28-28      TO 1/4 MILE OR LESS
LOWEST:     42 ON  2                               3 = THUNDER
                        SNOW, ICE PELLETS, HAIL    4 = ICE PELLETS
                        TOTAL MONTH:   0.0 INCH    5 = HAIL
                        GRTST 24HR     0.0         6 = FREEZING RAIN OR DRIZZLE
                        GRTST DEPTH:   0           7 = DUSTSTORM OR SANDSTORM:
                                                       VSBY 1/2 MILE OR LESS
                                                   8 = SMOKE OR HAZE
[NO. OF DAYS WITH]      [WEATHER - DAYS WITH]      9 = BLOWING SNOW
                                                   X = TORNADO
MAX 32 OR BELOW:   0    0.01 INCH OR MORE:  14
MAX 90 OR ABOVE:   1    0.10 INCH OR MORE:  10
MIN 32 OR BELOW:   0    0.50 INCH OR MORE:   5
MIN  0 OR BELOW:   0    1.00 INCH OR MORE:   1

[HDD (BASE 65) ]
TOTAL THIS MO.    34    CLEAR  (SCALE 0-3)  11
DPTR FM NORMAL   -47    PTCLDY (SCALE 4-7)  11
TOTAL FM JUL 1  1458    CLOUDY (SCALE 8-10)  7
DPTR FM NORMAL  -697

[CDD (BASE 65) ]
TOTAL THIS MO.   110
DPTR FM NORMAL    23    [PRESSURE DATA]
TOTAL FM JAN 1   189    HIGHEST SLP M ON M
DPTR FM NORMAL    66    LOWEST  SLP M ON M

[REMARKS]
