000
CXUS54 KFWD 170730
CF6ILE
PRELIMINARY LOCAL CLIMATOLOGICAL DATA (WS FORM: F-6)

                                          STATION:   KILLEEN SKYLARK
                                          MONTH:     SEPTEMBER
                                          YEAR:      2014
                                          LATITUDE:   31  4 N
                                          LONGITUDE:  97 41 W

  TEMPERATURE IN F:       :PCPN:    SNOW:  WIND      :SUNSHINE: SKY     :PK WND
================================================================================
1   2   3   4   5  6A  6B    7    8   9   10  11  12  13   14  15   16   17  18
                                     12Z  AVG MX 2MIN
DY MAX MIN AVG DEP HDD CDD  WTR  SNW DPTH SPD SPD DIR MIN PSBL S-S WX    SPD DR
================================================================================

 1  99  75  87   5   0  22 0.00  0.0    0 12.7 17 180   M    M   3        28 180
 2  99  75  87   5   0  22 0.07  0.0    0 11.4 18 150   M    M   3 3      28 120
 3  99  73  86   5   0  21 0.00  0.0    0  9.8 20 130   M    M   2        27 130
 4  97  75  86   5   0  21 0.01  0.0    0  9.8 18 140   M    M   2 3      24 170
 5  95  75  85   4   0  20 0.00  0.0    0  8.3 14 130   M    M   3 3      17 110
 6  97  72  85   5   0  20 0.00  0.0    0  4.9 18 290   M    M   2        27 290
 7  86  72  79  -1   0  14 0.00  0.0    0  6.6 12 350   M    M   5         M  M
 8  95  70  83   3   0  18 0.00  0.0    0  4.3 13 120   M    M   1        16 120
 9  99  73  86   6   0  21 0.00  0.0    0  9.1 14 170   M    M   0        22 160
10 100  75  88   9   0  23 0.00  0.0    0 14.0 20 180   M    M   0        24 180
11  99  75  87   8   0  22 0.00  0.0    0  8.5 16  20   M    M   1        23 160
12  84  61  73  -5   0   8 0.00  0.0    0 11.9 22 360   M    M   7        30 360
13  70  57  64 -14   1   0 0.00  0.0    0 11.8 20 360   M    M   9        23 360
14  81  63  72  -6   0   7 0.00  0.0    0  4.5  8  70   M    M   6         M  M
15  88  68  78   0   0  13 0.00  0.0    0  4.1  9  30   M    M   1         M  M
16  91  72  82   5   0  17 0.17  0.0    0  4.7 15  20   M    M   2 3       M  M
================================================================================
SM 1479 1131         1 269  0.25     0.0 136.4          M       47
================================================================================
AV 92.4 70.7                               8.5 FASTST   M    M   3    MAX(MPH)
                                 MISC ---->    22   M                 30    M
================================================================================
NOTES:
# LAST OF SEVERAL OCCURRENCES

COLUMN 17 PEAK WIND IN M.P.H.

PRELIMINARY LOCAL CLIMATOLOGICAL DATA (WS FORM: F-6) , PAGE 2

                                          STATION:  KILLEEN SKYLARK
                                          MONTH:    SEPTEMBER
                                          YEAR:     2014
                                          LATITUDE:   31  4 N
                                          LONGITUDE:  97 41 W

[TEMPERATURE DATA]      [PRECIPITATION DATA]       SYMBOLS USED IN COLUMN 16

AVERAGE MONTHLY: 81.6   TOTAL FOR MONTH:   0.25    1 = FOG OR MIST
DPTR FM NORMAL:   1.9   DPTR FM NORMAL:   -1.22    2 = FOG REDUCING VISIBILITY
HIGHEST:   100 ON 10    GRTST 24HR  0.17 ON 16-16      TO 1/4 MILE OR LESS
LOWEST:     57 ON 13                               3 = THUNDER
                        SNOW, ICE PELLETS, HAIL    4 = ICE PELLETS
                        TOTAL MONTH:   0.0 INCH    5 = HAIL
                        GRTST 24HR     0.0         6 = FREEZING RAIN OR DRIZZLE
                        GRTST DEPTH:   0           7 = DUSTSTORM OR SANDSTORM:
                                                       VSBY 1/2 MILE OR LESS
                                                   8 = SMOKE OR HAZE
[NO. OF DAYS WITH]      [WEATHER - DAYS WITH]      9 = BLOWING SNOW
                                                   X = TORNADO
MAX 32 OR BELOW:   0    0.01 INCH OR MORE:   3
MAX 90 OR ABOVE:  11    0.10 INCH OR MORE:   1
MIN 32 OR BELOW:   0    0.50 INCH OR MORE:   0
MIN  0 OR BELOW:   0    1.00 INCH OR MORE:   0

[HDD (BASE 65) ]
TOTAL THIS MO.     1    CLEAR  (SCALE 0-3)  10
DPTR FM NORMAL     1    PTCLDY (SCALE 4-7)   5
TOTAL FM JUL 1     1    CLOUDY (SCALE 8-10)  1
DPTR FM NORMAL     1

[CDD (BASE 65) ]
TOTAL THIS MO.   269
DPTR FM NORMAL    35    [PRESSURE DATA]
TOTAL FM JAN 1  2275    HIGHEST SLP M ON M
DPTR FM NORMAL    57    LOWEST  SLP M ON M

[REMARKS]
