000
CXUS51 KPHI 240800
CF6ILG
PRELIMINARY LOCAL CLIMATOLOGICAL DATA (WS FORM: F-6)

                                          STATION:   WILMINGTON DE
                                          MONTH:     AUGUST
                                          YEAR:      2017
                                          LATITUDE:   39 40 N
                                          LONGITUDE:  75 36 W

  TEMPERATURE IN F:       :PCPN:    SNOW:  WIND      :SUNSHINE: SKY     :PK WND
================================================================================
1   2   3   4   5  6A  6B    7    8   9   10  11  12  13   14  15   16   17  18
                                     12Z  AVG MX 2MIN
DY MAX MIN AVG DEP HDD CDD  WTR  SNW DPTH SPD SPD DIR MIN PSBL S-S WX    SPD DR
================================================================================

 1  89  66  78   1   0  13 0.00  0.0    0  4.3 12 170   M    M   1        14 190
 2  87  69  78   2   0  13 0.59  0.0    0  4.7 28 100   M    M   2 138    38 300
 3  86  67  77   1   0  12    T  0.0    0  5.6 26 160   M    M   1 13     31 160
 4  87  72  80   4   0  15 0.00  0.0    0 11.4 21 170   M    M   0 3      26 160
 5  78  63  71  -5   0   6 0.78  0.0    0 10.8 24 300   M    M   3 13     29 290
 6  80  59  70  -6   0   5 0.00  0.0    0  4.7 10 320   M    M   1        13 320
 7  72  66  69  -7   0   4 0.72  0.0    0  6.0 14 110   M    M  10 1      17 100
 8  80  64  72  -4   0   7 0.00  0.0    0  6.9 15 330   M    M   3 1      20 350
 9  83  60  72  -4   0   7 0.00  0.0    0  4.9 10 160   M    M   1        13 180
10  84  61  73  -3   0   8 0.00  0.0    0  4.5 15 160   M    M   0        19 170
11  82  68  75  -1   0  10 0.09  0.0    0  7.9 18 190   M    M   5        24 180
12  82  69  76   0   0  11 0.01  0.0    0  4.7 16 150   M    M   8        20 170
13  85  66  76   0   0  11 0.00  0.0    0  7.2 13 320   M    M   2        18 300
14  80  63  72  -4   0   7    T  0.0    0  3.6 10 140   M    M   2        12 150
15  78  71  75  -1   0  10 0.65  0.0    0  2.6  8 140   M    M   9 12     11 140
16  87  66  77   2   0  12 0.00  0.0    0  4.6 13 290   M    M   4 128    18 290
17  87  66  77   2   0  12    T  0.0    0  7.1 21 170   M    M   1 1      24 170
18  91  74  83   8   0  18 0.19  0.0    0  8.2 25 310   M    M   8 13     34 290
19  88  70  79   4   0  14    T  0.0    0  7.8 20 320   M    M   4        26 320
20  85  64  75   0   0  10 0.00  0.0    0  5.5 13 310   M    M   0        18  20
21  85  65  75   0   0  10 0.00  0.0    0  6.2 17 150   M    M   2        20 150
22  90  74  82   7   0  17 0.06  0.0    0  9.9 24 300   M    M   3 123    29 310
23  84  64  74   0   0   9 0.33  0.0    0  6.5 15 320   M    M   3 13     20 330
================================================================================
SM 1930 1527         0 241  3.42     0.0 145.6          M       73
================================================================================
AV 83.9 66.4                               6.3 FASTST   M    M   3    MAX(MPH)
                                 MISC ---->  # 28 100               # 38  300
================================================================================
NOTES:
# LAST OF SEVERAL OCCURRENCES

COLUMN 17 PEAK WIND IN M.P.H.

PRELIMINARY LOCAL CLIMATOLOGICAL DATA (WS FORM: F-6) , PAGE 2

                                          STATION:  WILMINGTON DE
                                          MONTH:    AUGUST
                                          YEAR:     2017
                                          LATITUDE:   39 40 N
                                          LONGITUDE:  75 36 W

[TEMPERATURE DATA]      [PRECIPITATION DATA]       SYMBOLS USED IN COLUMN 16

AVERAGE MONTHLY: 75.2   TOTAL FOR MONTH:   3.42    1 = FOG OR MIST
DPTR FM NORMAL:  -0.5   DPTR FM NORMAL:    0.93    2 = FOG REDUCING VISIBILITY
HIGHEST:    91 ON 18    GRTST 24HR  0.78 ON  5- 5      TO 1/4 MILE OR LESS
LOWEST:     59 ON  6                               3 = THUNDER
                        SNOW, ICE PELLETS, HAIL    4 = ICE PELLETS
                        TOTAL MONTH:   0.0 INCH    5 = HAIL
                        GRTST 24HR     0.0         6 = FREEZING RAIN OR DRIZZLE
                        GRTST DEPTH:   0           7 = DUSTSTORM OR SANDSTORM:
                                                       VSBY 1/2 MILE OR LESS
                                                   8 = SMOKE OR HAZE
[NO. OF DAYS WITH]      [WEATHER - DAYS WITH]      9 = BLOWING SNOW
                                                   X = TORNADO
MAX 32 OR BELOW:   0    0.01 INCH OR MORE:   9
MAX 90 OR ABOVE:   2    0.10 INCH OR MORE:   6
MIN 32 OR BELOW:   0    0.50 INCH OR MORE:   4
MIN  0 OR BELOW:   0    1.00 INCH OR MORE:   0

[HDD (BASE 65) ]
TOTAL THIS MO.     0    CLEAR  (SCALE 0-3)  14
DPTR FM NORMAL     0    PTCLDY (SCALE 4-7)   6
TOTAL FM JUL 1     0    CLOUDY (SCALE 8-10)  3
DPTR FM NORMAL     0

[CDD (BASE 65) ]
TOTAL THIS MO.   241
DPTR FM NORMAL    -5    [PRESSURE DATA]
TOTAL FM JAN 1  1010    HIGHEST SLP M ON M
DPTR FM NORMAL    87    LOWEST  SLP 29.78 ON M

[REMARKS]
