000
CXUS55 KLBF 181200
CF6IML
PRELIMINARY LOCAL CLIMATOLOGICAL DATA (WS FORM: F-6)

                                          STATION:   IMPERIAL
                                          MONTH:     AUGUST
                                          YEAR:      2017
                                          LATITUDE:   40 31 N
                                          LONGITUDE: 101 37 W

  TEMPERATURE IN F:       :PCPN:    SNOW:  WIND      :SUNSHINE: SKY     :PK WND
================================================================================
1   2   3   4   5  6A  6B    7    8   9   10  11  12  13   14  15   16   17  18
                                     12Z  AVG MX 2MIN
DY MAX MIN AVG DEP HDD CDD  WTR  SNW DPTH SPD SPD DIR MIN PSBL S-S WX    SPD DR
================================================================================

 1  92  58  75  -1   0  10 0.22    M    M  8.7 36 350   M    M   2 123    47 350
 2  89  56  73  -3   0   8 0.54    M    M  8.6 60  20   M    M   2 13     76  20
 3  77  53  65 -11   0   0 0.07    M    M  7.5 16  10   M    M   5 3      22 340
 4  82  52  67  -9   0   2    T    M    M 13.4 24 200   M    M   5        32 160
 5  87  60  74  -2   0   9 0.11    M    M  7.2 21 360   M    M   1        26 360
 6  82  61  72  -4   0   7 0.11    M    M  7.4 23 350   M    M   4        29 340
 7  79  58  69  -7   0   4 0.02    M    M  5.6 17  40   M    M   6        22  40
 8  75  59  67  -9   0   2    T    M    M  9.9 21 180   M    M   8        27 170
 9  86  57  72  -3   0   7 0.00    M    M  6.5 17 360   M    M   1 12     21  10
10  73  56  65 -10   0   0 0.21    M    M  8.4 20  80   M    M   5 13     24  80
11  81  49  65 -10   0   0 0.00    M    M  6.2 18 200   M    M   3        23 200
12  83  57  70  -5   0   5 0.52    M    M  9.5 25  30   M    M   4 13     33  20
13  89  56  73  -2   0   8 0.00    M    M  4.4 14 270   M    M   3 12     18 160
14  92  59  76   2   0  11    T    M    M  6.9 21 140   M    M   0 3      27 160
15  91  61  76   2   0  11 0.21    M    M 11.6 36 320   M    M   3 13     47 310
16  80  55  68  -6   0   3 0.00    M    M  9.5 22 340   M    M   4        26 350
17  90  52  71  -3   0   6 0.10    M    M  8.4 20 270   M    M   0 3      29 260
================================================================================
SM 1428  959         0  93  2.11    M    139.7          M       56
================================================================================
AV 84.0 56.4                               8.2 FASTST   M    M   3    MAX(MPH)
                                 MISC ---->  # 60  20               # 76   20
================================================================================
NOTES:
# LAST OF SEVERAL OCCURRENCES

COLUMN 17 PEAK WIND IN M.P.H.

PRELIMINARY LOCAL CLIMATOLOGICAL DATA (WS FORM: F-6) , PAGE 2

                                          STATION:  IMPERIAL
                                          MONTH:    AUGUST
                                          YEAR:     2017
                                          LATITUDE:   40 31 N
                                          LONGITUDE: 101 37 W

[TEMPERATURE DATA]      [PRECIPITATION DATA]       SYMBOLS USED IN COLUMN 16

AVERAGE MONTHLY: 70.2   TOTAL FOR MONTH:   2.11    1 = FOG OR MIST
DPTR FM NORMAL:  -5.0   DPTR FM NORMAL:    0.64    2 = FOG REDUCING VISIBILITY
HIGHEST:    92 ON 14, 1 GRTST 24HR  0.54 ON  2- 2      TO 1/4 MILE OR LESS
LOWEST:     49 ON 11                               3 = THUNDER
                        SNOW, ICE PELLETS, HAIL    4 = ICE PELLETS
                        TOTAL MONTH:    M          5 = HAIL
                        GRTST 24HR    M  ON   M    6 = FREEZING RAIN OR DRIZZLE
                        GRTST DEPTH:  M  ON   M    7 = DUSTSTORM OR SANDSTORM:
                                                       VSBY 1/2 MILE OR LESS
                                                   8 = SMOKE OR HAZE
[NO. OF DAYS WITH]      [WEATHER - DAYS WITH]      9 = BLOWING SNOW
                                                   X = TORNADO
MAX 32 OR BELOW:   0    0.01 INCH OR MORE:  10
MAX 90 OR ABOVE:   4    0.10 INCH OR MORE:   8
MIN 32 OR BELOW:   0    0.50 INCH OR MORE:   2
MIN  0 OR BELOW:   0    1.00 INCH OR MORE:   0

[HDD (BASE 65) ]
TOTAL THIS MO.     0    CLEAR  (SCALE 0-3)   7
DPTR FM NORMAL     0    PTCLDY (SCALE 4-7)  10
TOTAL FM JUL 1     0    CLOUDY (SCALE 8-10)  0
DPTR FM NORMAL    -2

[CDD (BASE 65) ]
TOTAL THIS MO.    93
DPTR FM NORMAL   -83    [PRESSURE DATA]
TOTAL FM JAN 1   768    HIGHEST SLP M ON M
DPTR FM NORMAL     8    LOWEST  SLP 29.63 ON 15

[REMARKS]
