000
CXUS53 KIND 180730
CF6IND
PRELIMINARY LOCAL CLIMATOLOGICAL DATA (WS FORM: F-6)

                                          STATION:   INDIANAPOLIS IN
                                          MONTH:     APRIL
                                          YEAR:      2014
                                          LATITUDE:   39 43 N
                                          LONGITUDE:  86 17 W

  TEMPERATURE IN F:       :PCPN:    SNOW:  WIND      :SUNSHINE: SKY     :PK WND
================================================================================
1   2   3   4   5  6A  6B    7    8   9   10  11  12  13   14  15   16   17  18
                                     12Z  AVG MX 2MIN
DY MAX MIN AVG DEP HDD CDD  WTR  SNW DPTH SPD SPD DIR MIN PSBL S-S WX    SPD DR
================================================================================

 1  64  46  55   7  10   0 0.05  0.0    0 16.4 32 230   M    M   6        38 230
 2  54  41  48   0  17   0 0.40  0.0    0  7.8 16  70   M    M  10 13     19  70
 3  66  49  58   9   7   0 1.70  0.0    0 12.7 25 310   M    M  10 13     32 130
 4  55  36  46  -3  19   0 0.35  0.0    0 20.1 37 280   M    M   9 13     45 260
 5  50  34  42  -8  23   0 0.00  0.0    0  7.5 20 280   M    M   5        24 280
 6  56  35  46  -4  19   0 0.00  0.0    0  6.9 15 120   M    M   6        20  90
 7  49  41  45  -5  20   0 0.83  0.0    0 13.0 26 330   M    M  10 1      34 340
 8  57  36  47  -3  18   0 0.10    T    0  9.3 21 330   M    M   7 15     24 330
 9  61  36  49  -2  16   0 0.00  0.0    0  7.9 20 250   M    M   3 8      24 260
10  74  44  59   8   6   0 0.18  0.0    0 15.7 33 220   M    M   4        41 230
11  67  48  58   6   7   0 0.10  0.0    0  5.8 16 280   M    M   5 13     21 270
12  78  44  61   9   4   0 0.00  0.0    0 12.3 31 190   M    M   7        38 200
13  75  63  69  17   0   4 0.00  0.0    0 17.5 30 220   M    M   9        37 220
14  72  30  51  -2  14   0 0.36  0.1    0 15.1 30 190   M    M   M 14     37 180
15  38  28  33 -20  32   0 0.02  0.2    T 12.4 24 320   M    M   7 15     31 320
16  50  26  38 -15  27   0 0.00  0.0    0 11.8 22 120   M    M   3        27 130
17  65  34  50  -4  15   0 0.00  0.0    0  9.4 23 220   M    M   6        28 220
================================================================================
SM 1031  671       254   4  4.09     0.3 201.6          M      107
================================================================================
AV 60.6 39.5                              11.9 FASTST   M    M   7    MAX(MPH)
                                 MISC ---->  # 37 280               # 45  260
================================================================================
NOTES:
# LAST OF SEVERAL OCCURRENCES

COLUMN 17 PEAK WIND IN M.P.H.

PRELIMINARY LOCAL CLIMATOLOGICAL DATA (WS FORM: F-6) , PAGE 2

                                          STATION:  INDIANAPOLIS IN
                                          MONTH:    APRIL
                                          YEAR:     2014
                                          LATITUDE:   39 43 N
                                          LONGITUDE:  86 17 W

[TEMPERATURE DATA]      [PRECIPITATION DATA]       SYMBOLS USED IN COLUMN 16

AVERAGE MONTHLY: 50.1   TOTAL FOR MONTH:   4.09    1 = FOG OR MIST
DPTR FM NORMAL:  -0.8   DPTR FM NORMAL:    2.00    2 = FOG REDUCING VISIBILITY
HIGHEST:    78 ON 12    GRTST 24HR  1.98 ON  3- 4      TO 1/4 MILE OR LESS
LOWEST:     26 ON 16                               3 = THUNDER
                        SNOW, ICE PELLETS, HAIL    4 = ICE PELLETS
                        TOTAL MONTH:   0.3 INCH    5 = HAIL
                        GRTST 24HR   0.2 ON   M    6 = FREEZING RAIN OR DRIZZLE
                        GRTST DEPTH:   T           7 = DUSTSTORM OR SANDSTORM:
                                                       VSBY 1/2 MILE OR LESS
                                                   8 = SMOKE OR HAZE
[NO. OF DAYS WITH]      [WEATHER - DAYS WITH]      9 = BLOWING SNOW
                                                   X = TORNADO
MAX 32 OR BELOW:   0    0.01 INCH OR MORE:  10
MAX 90 OR ABOVE:   0    0.10 INCH OR MORE:   8
MIN 32 OR BELOW:   3    0.50 INCH OR MORE:   2
MIN  0 OR BELOW:   0    1.00 INCH OR MORE:   1

[HDD (BASE 65) ]
TOTAL THIS MO.   254    CLEAR  (SCALE 0-3)   1
DPTR FM NORMAL    10    PTCLDY (SCALE 4-7)  10
TOTAL FM JUL 1  5950    CLOUDY (SCALE 8-10)  5
DPTR FM NORMAL   856

[CDD (BASE 65) ]
TOTAL THIS MO.     4
DPTR FM NORMAL     4    [PRESSURE DATA]
TOTAL FM JAN 1     4    HIGHEST SLP M ON M
DPTR FM NORMAL     2    LOWEST  SLP 29.44 ON  7

[REMARKS]
