000
CXUS54 KFWD 010730
CF6INJ
PRELIMINARY LOCAL CLIMATOLOGICAL DATA (WS FORM: F-6)

                                          STATION:   HILLSBORO
                                          MONTH:     SEPTEMBER
                                          YEAR:      2014
                                          LATITUDE:   32  0 N
                                          LONGITUDE:  97  6 W

  TEMPERATURE IN F:       :PCPN:    SNOW:  WIND      :SUNSHINE: SKY     :PK WND
================================================================================
1   2   3   4   5  6A  6B    7    8   9   10  11  12  13   14  15   16   17  18
                                     12Z  AVG MX 2MIN
DY MAX MIN AVG DEP HDD CDD  WTR  SNW DPTH SPD SPD DIR MIN PSBL S-S WX    SPD DR
================================================================================

 1  98  76  87   5   0  22 0.00  0.0    0 14.2 21 170   M    M   3        27 170
 2  99  77  88   7   0  23 0.00  0.0    0 12.4 17 130   M    M   2        24 170
 3  97  75  86   5   0  21 0.00  0.0    0 11.3 20 150   M    M   1        25 170
 4  98  75  87   6   0  22 0.00  0.0    0 10.6 22 190   M    M   3        25 190
 5  97  74  86   6   0  21 0.00  0.0    0  6.8 14 160   M    M   2        28 160
 6  96  73  85   5   0  20 0.09  0.0    0  6.4 14  20   M    M   2 3      20  20
 7  89  71  80   0   0  15 0.00  0.0    0  5.5  9 330   M    M   3         M  M
 8  96  72  84   4   0  19 0.00  0.0    0  5.9 12 130   M    M   2         M  M
 9  98  76  87   8   0  22 0.00  0.0    0 11.0 17 170   M    M   1        24 170
10 100  76  88   9   0  23 0.00  0.0    0 14.8 20 190   M    M   0        28 180
11  92  75  84   5   0  19 0.00  0.0    0 10.0 16 300   M    M   2 3      23 300
12  79  60  70  -8   0   5 0.00  0.0    0 12.9 21 350   M    M  10 18     28 340
13  71  57  64 -14   1   0 0.00  0.0    0 11.2 16 360   M    M   9 18     27 360
14  81  63  72  -6   0   7 0.00  0.0    0  3.8  7  40   M    M   6 1       M  M
15  86  70  78   1   0  13 0.00  0.0    0  4.4  7 110   M    M   1         M  M
16  89  73  81   4   0  16 0.27  0.0    0  3.6 10 150   M    M   2 3      20 150
17  92  72  82   5   0  17 0.05  0.0    0  5.2 13 170   M    M   3 13      M  M
18  91  72  82   6   0  17 0.00  0.0    0  6.0 20 140   M    M   6 13     28 140
19  89  69  79   3   0  14    M  0.0    0  5.9 10  80   M    M   7 1      20  80
20  92  73  83   7   0  18 0.00  0.0    0  7.6 12 150   M    M   4        17 130
21  94  68  81   6   0  16 0.00  0.0    0  3.1  7 100   M    M   1        16 140
22  90  69  80   5   0  15 0.00  0.0    0  9.0 15  50   M    M   1        21  40
23  86  62  74  -1   0   9 0.00  0.0    0  7.8 10  40   M    M   0         M  M
24  87  60  74   0   0   9 0.00  0.0    0  6.9 10  80   M    M   0        16 130
25  89  63  76   2   0  11 0.00  0.0    0  6.6  9  60   M    M   0        17  60
26  88  64  76   2   0  11 0.00  0.0    0  4.9  9  80   M    M   2         M  M
27  88  67  78   5   0  13 0.00  0.0    0  5.5 12  80   M    M   3        18  80
28  89  67  78   5   0  13 0.00  0.0    0  6.7 15  60   M    M   3        18  60
29  90  67  79   6   0  14 0.00  0.0    0  7.5 12  30   M    M   1         M  M
30  92  68  80   8   0  15 0.03  0.0    0  7.0 13 150   M    M   1        16 180
================================================================================
SM 2723 2084         1 460  0.44     0.0 234.5          M       81
================================================================================
AV 90.8 69.5                               7.8 FASTST   M    M   3    MAX(MPH)
                                 MISC ---->    22   M                 28    M
================================================================================
NOTES:
# LAST OF SEVERAL OCCURRENCES

COLUMN 17 PEAK WIND IN M.P.H.

PRELIMINARY LOCAL CLIMATOLOGICAL DATA (WS FORM: F-6) , PAGE 2

                                          STATION:  HILLSBORO
                                          MONTH:    SEPTEMBER
                                          YEAR:     2014
                                          LATITUDE:   32  0 N
                                          LONGITUDE:  97  6 W

[TEMPERATURE DATA]      [PRECIPITATION DATA]       SYMBOLS USED IN COLUMN 16

AVERAGE MONTHLY: 80.1   TOTAL FOR MONTH:   0.44    1 = FOG OR MIST
DPTR FM NORMAL:   3.0   DPTR FM NORMAL:   -2.59    2 = FOG REDUCING VISIBILITY
HIGHEST:   100 ON 10    GRTST 24HR  0.27 ON 16-16      TO 1/4 MILE OR LESS
LOWEST:     57 ON 13                               3 = THUNDER
                        SNOW, ICE PELLETS, HAIL    4 = ICE PELLETS
                        TOTAL MONTH:   0.0 INCH    5 = HAIL
                        GRTST 24HR     0.0         6 = FREEZING RAIN OR DRIZZLE
                        GRTST DEPTH:   0           7 = DUSTSTORM OR SANDSTORM:
                                                       VSBY 1/2 MILE OR LESS
                                                   8 = SMOKE OR HAZE
[NO. OF DAYS WITH]      [WEATHER - DAYS WITH]      9 = BLOWING SNOW
                                                   X = TORNADO
MAX 32 OR BELOW:   0    0.01 INCH OR MORE:   4
MAX 90 OR ABOVE:  17    0.10 INCH OR MORE:   1
MIN 32 OR BELOW:   0    0.50 INCH OR MORE:   0
MIN  0 OR BELOW:   0    1.00 INCH OR MORE:   0

[HDD (BASE 65) ]
TOTAL THIS MO.     1    CLEAR  (SCALE 0-3)  23
DPTR FM NORMAL    -6    PTCLDY (SCALE 4-7)   5
TOTAL FM JUL 1     1    CLOUDY (SCALE 8-10)  2
DPTR FM NORMAL    -6

[CDD (BASE 65) ]
TOTAL THIS MO.   460
DPTR FM NORMAL    90    [PRESSURE DATA]
TOTAL FM JAN 1  2483    HIGHEST SLP M ON M
DPTR FM NORMAL   123    LOWEST  SLP M ON M

[REMARKS]
#FINAL-09-14#
