000
CXUS53 KDLH 300625
CF6INL
PRELIMINARY LOCAL CLIMATOLOGICAL DATA (WS FORM: F-6)

                                          STATION:   INTERNATIONAL FALLS MN
                                          MONTH:     JANUARY
                                          YEAR:      2015
                                          LATITUDE:   48 34 N
                                          LONGITUDE:  93 23 W

  TEMPERATURE IN F:       :PCPN:    SNOW:  WIND      :SUNSHINE: SKY     :PK WND
================================================================================
1   2   3   4   5  6A  6B    7    8   9   10  11  12  13   14  15   16   17  18
                                     12Z  AVG MX 2MIN
DY MAX MIN AVG DEP HDD CDD  WTR  SNW DPTH SPD SPD DIR MIN PSBL S-S WX    SPD DR
================================================================================

 1  20  -6   7   2  58   0 0.02  0.7    5 10.1 25 310   M    M   3 18     35 310
 2  11  -7   2  -3  63   0 0.19  4.4    5  5.8 12 130   M    M  10 18     14 120
 3  13 -15  -1  -6  66   0 0.58  7.8   13 11.5 21 360   M    M   6 18     26 360
 4 -14 -26 -20 -24  85   0    T    T   15  8.7 18 290   M    M   2 8      23 290
 5  -1 -28 -14 -18  79   0    T    T   15  7.7 16 240   M    M   1        23 230
 6   2 -16  -7 -11  72   0 0.01  0.3   15 11.8 23 320   M    M   9 8      32 320
 7  -2 -21 -11 -15  76   0    T    T   14  9.5 18 280   M    M   0        25 290
 8   6  -8  -1  -5  66   0 0.06  0.6   14 10.4 25 320   M    M   8 89     34 320
 9   0 -10  -5  -9  70   0    T    T   14 10.7 20 280   M    M   4 8      27 280
10   3 -22  -9 -13  74   0 0.00  0.0   14  4.7 12 320   M    M   0        14 310
11   7 -23  -8 -12  73   0 0.00  0.0   14  5.0 10 320   M    M   1        15 280
12  -1 -25 -13 -17  78   0    T    T   14  3.9 13 350   M    M   0 18     17 350
13  15 -24  -4  -8  69   0    T    T   14  7.3 16 210   M    M   3        23 220
14  23  10  17  13  48   0 0.07  0.9   13  6.1 13 240   M    M  10 18     19 220
15  30  -3  14  10  51   0 0.01  0.1   14 10.9 26 320   M    M   4 1      35 310
16  18 -15   2  -2  63   0 0.00  0.0   14  7.7 17 150   M    M   4        25 160
17  29  17  23  19  42   0 0.09  1.1   14  9.3 20 300   M    M  10 1      27 300
18  31  -5  13   9  52   0 0.03  0.8   16  8.3 21 320   M    M   8 18     27 300
19  25   0  13   9  52   0    T    T   16  5.5 12 120   M    M   9        14 120
20  27  22  25  21  40   0 0.00  0.0   16  1.7  8 340   M    M  10 1      11 350
21  23  -4  10   6  55   0    T    T   15  7.0 13 320   M    M  10 1      16 270
22  34  -5  15  11  50   0    T    T   15 10.1 23 210   M    M   7        32 200
23  38  33  36  32  29   0 0.00  0.0   14  9.5 17 300   M    M   8        25 220
24  35   7  21  17  44   0    T  0.1   13  8.3 16  30   M    M   6 1      21  30
25  23   2  13   8  52   0    T    T   13  5.9 13  80   M    M  10        18 200
26  30  21  26  21  39   0 0.15  1.8   14  7.4 17 330   M    M  10 1      22 320
27  31  22  27  22  38   0 0.05  1.0   14  4.8 10 140   M    M   9 1      13 140
28  29  26  28  23  37   0    T    T   14  6.0 16 330   M    M  10 16     24 330
29  28 -19   5   0  60   0    T  0.2   13 13.7 26 330   M    M   8 1      32 330
================================================================================
SM  513 -122      1681   0  1.26    19.8 229.3          M      180
================================================================================
AV 17.7 -4.2                               7.9 FASTST   M    M   6    MAX(MPH)
                                 MISC ---->  # 26 320               # 35  310
================================================================================
NOTES:
# LAST OF SEVERAL OCCURRENCES

COLUMN 17 PEAK WIND IN M.P.H.

PRELIMINARY LOCAL CLIMATOLOGICAL DATA (WS FORM: F-6) , PAGE 2

                                          STATION:  INTERNATIONAL FALLS MN
                                          MONTH:    JANUARY
                                          YEAR:     2015
                                          LATITUDE:   48 34 N
                                          LONGITUDE:  93 23 W

[TEMPERATURE DATA]      [PRECIPITATION DATA]       SYMBOLS USED IN COLUMN 16

AVERAGE MONTHLY:  6.7   TOTAL FOR MONTH:   1.26    1 = FOG OR MIST
DPTR FM NORMAL:   2.5   DPTR FM NORMAL:    0.67    2 = FOG REDUCING VISIBILITY
HIGHEST:    38 ON 23    GRTST 24HR  0.73 ON  2- 3      TO 1/4 MILE OR LESS
LOWEST:    -28 ON  5                               3 = THUNDER
                        SNOW, ICE PELLETS, HAIL    4 = ICE PELLETS
                        TOTAL MONTH:  19.8 INCHES  5 = HAIL
                        GRTST 24HR   7.8 ON   M    6 = FREEZING RAIN OR DRIZZLE
                        GRTST DEPTH:  16 ON 20,19  7 = DUSTSTORM OR SANDSTORM:
                                                       VSBY 1/2 MILE OR LESS
                                                   8 = SMOKE OR HAZE
[NO. OF DAYS WITH]      [WEATHER - DAYS WITH]      9 = BLOWING SNOW
                                                   X = TORNADO
MAX 32 OR BELOW:  26    0.01 INCH OR MORE:  11
MAX 90 OR ABOVE:   0    0.10 INCH OR MORE:   3
MIN 32 OR BELOW:  28    0.50 INCH OR MORE:   1
MIN  0 OR BELOW:  20    1.00 INCH OR MORE:   0

[HDD (BASE 65) ]
TOTAL THIS MO.  1681    CLEAR  (SCALE 0-3)   8
DPTR FM NORMAL   -79    PTCLDY (SCALE 4-7)   8
TOTAL FM JUL 1  5755    CLOUDY (SCALE 8-10) 13
DPTR FM NORMAL  -180

[CDD (BASE 65) ]
TOTAL THIS MO.     0
DPTR FM NORMAL     0    [PRESSURE DATA]
TOTAL FM JAN 1     0    HIGHEST SLP M ON M
DPTR FM NORMAL     0    LOWEST  SLP 29.39 ON 17

[REMARKS]
