000
CXUS55 KDVN 241100
CF6IOW
PRELIMINARY LOCAL CLIMATOLOGICAL DATA (WS FORM: F-6)

                                          STATION:   IOWA CITY IA
                                          MONTH:     JULY
                                          YEAR:      2016
                                          LATITUDE:   41 37 N
                                          LONGITUDE:  91 33 W

  TEMPERATURE IN F:       :PCPN:    SNOW:  WIND      :SUNSHINE: SKY     :PK WND
================================================================================
1   2   3   4   5  6A  6B    7    8   9   10  11  12  13   14  15   16   17  18
                                     12Z  AVG MX 2MIN
DY MAX MIN AVG DEP HDD CDD  WTR  SNW DPTH SPD SPD DIR MIN PSBL S-S WX    SPD DR
================================================================================

 1  76  61  69  -5   0   4 0.00    M    M  6.0 16  20   M    M   2        19  20
 2  67  59  63 -11   2   0    T    M    M  4.6 13 150   M    M   3        17 140
 3  73  58  66  -9   0   1 0.00    M    M  7.7 17 120   M    M   6        22 140
 4  76  64  70  -5   0   5 0.00    M    M  3.4  9 260   M    M  10 1      11 260
 5  87  65  76   1   0  11 0.00    M    M  6.7 14 180   M    M   6 1      17 180
 6  82  69  76   1   0  11 0.44    M    M  7.6 40 330   M    M   3 13     59 340
 7  85  69  77   2   0  12 0.13    M    M  4.9 20 140   M    M   4 13     24 140
 8  85  66  76   1   0  11 0.00    M    M 10.0 25 290   M    M   0        33 290
 9  83  64  74  -1   0   9 0.00    M    M  5.3 12  10   M    M   0        13 360
10  78  64  71  -4   0   6 0.08    M    M  7.9 20 340   M    M   3 13     26 330
11  89  68  79   4   0  14 0.00    M    M 11.2 22 160   M    M   1 3      28 160
12  83  67  75   0   0  10 0.53    M    M  8.5 30 330   M    M   4 13     39 330
13  85  69  77   2   0  12 0.43    M    M  5.8 40 290   M    M   5 13     49 290
14  84  64  74  -1   0   9 0.00    M    M  8.3 21 260   M    M   0 1      26 290
15  77  59  68  -7   0   3 0.00    M    M  7.5 16 310   M    M   4        20 320
16  79  59  69  -6   0   4 0.00    M    M  6.3 15 140   M    M   1        19 140
17  82  66  74  -1   0   9 0.29    M    M  6.9 22 320   M    M   2 13     31 320
18  84  71  78   3   0  13 0.06    M    M  4.3 20 280   M    M   3 13     31 290
19  80  67  74  -1   0   9 0.41    M    M  3.9 16 150   M    M   4 13     20 150
20  85  67  76   1   0  11 0.00    M    M  7.4 17 140   M    M   3 3      22 140
21  94  70  82   7   0  17    T    M    M  9.0 25 100   M    M   1 13     34 100
22  88  69  79   4   0  14 0.97    M    M  5.0 22 180   M    M   3 13     28 180
23  92  75  84   9   0  19    T    M    M  6.4 17 140   M    M   2        23 130
================================================================================
SM 1894 1510         2 214  3.34    M    154.6          M       70
================================================================================
AV 82.3 65.7                               6.7 FASTST   M    M   3    MAX(MPH)
                                 MISC ---->  # 40 330               # 59  340
================================================================================
NOTES:
# LAST OF SEVERAL OCCURRENCES

COLUMN 17 PEAK WIND IN M.P.H.

PRELIMINARY LOCAL CLIMATOLOGICAL DATA (WS FORM: F-6) , PAGE 2

                                          STATION:  IOWA CITY IA
                                          MONTH:    JULY
                                          YEAR:     2016
                                          LATITUDE:   41 37 N
                                          LONGITUDE:  91 33 W

[TEMPERATURE DATA]      [PRECIPITATION DATA]       SYMBOLS USED IN COLUMN 16

AVERAGE MONTHLY: 74.0   TOTAL FOR MONTH:   3.34    1 = FOG OR MIST
DPTR FM NORMAL:  -0.9   DPTR FM NORMAL:   -0.63    2 = FOG REDUCING VISIBILITY
HIGHEST:    94 ON 21    GRTST 24HR  1.21 ON 30- 1      TO 1/4 MILE OR LESS
LOWEST:     58 ON  3                               3 = THUNDER
                        SNOW, ICE PELLETS, HAIL    4 = ICE PELLETS
                        TOTAL MONTH:    M          5 = HAIL
                        GRTST 24HR    M  ON   M    6 = FREEZING RAIN OR DRIZZLE
                        GRTST DEPTH:  M  ON   M    7 = DUSTSTORM OR SANDSTORM:
                                                       VSBY 1/2 MILE OR LESS
                                                   8 = SMOKE OR HAZE
[NO. OF DAYS WITH]      [WEATHER - DAYS WITH]      9 = BLOWING SNOW
                                                   X = TORNADO
MAX 32 OR BELOW:   0    0.01 INCH OR MORE:   9
MAX 90 OR ABOVE:   2    0.10 INCH OR MORE:   7
MIN 32 OR BELOW:   0    0.50 INCH OR MORE:   2
MIN  0 OR BELOW:   0    1.00 INCH OR MORE:   0

[HDD (BASE 65) ]
TOTAL THIS MO.     2    CLEAR  (SCALE 0-3)  14
DPTR FM NORMAL     2    PTCLDY (SCALE 4-7)   8
TOTAL FM JUL 1     2    CLOUDY (SCALE 8-10)  1
DPTR FM NORMAL     2

[CDD (BASE 65) ]
TOTAL THIS MO.   214
DPTR FM NORMAL   -16    [PRESSURE DATA]
TOTAL FM JAN 1   574    HIGHEST SLP M ON M
DPTR FM NORMAL    72    LOWEST  SLP 29.71 ON M

[REMARKS]
