000
CXUS55 KPSR 271005
CF6IPL
PRELIMINARY LOCAL CLIMATOLOGICAL DATA (WS FORM: F-6)

                                          STATION:   IMPERIAL CA
                                          MONTH:     JANUARY
                                          YEAR:      2015
                                          LATITUDE:   32 50 N
                                          LONGITUDE: 115 35 W

  TEMPERATURE IN F:       :PCPN:    SNOW:  WIND      :SUNSHINE: SKY     :PK WND
================================================================================
1   2   3   4   5  6A  6B    7    8   9   10  11  12  13   14  15   16   17  18
                                     12Z  AVG MX 2MIN
DY MAX MIN AVG DEP HDD CDD  WTR  SNW DPTH SPD SPD DIR MIN PSBL S-S WX    SPD DR
================================================================================

 1  54  27  41 -13  24   0 0.00  0.0    0  1.5  6 230   M    M   0 18      9  70
 2  61  27  44 -10  21   0 0.00  0.0    0  3.2 10 270   M    M   0        11 260
 3  61  29  45  -9  20   0 0.00  0.0    0  1.5  6 280   M    M   0         8 250
 4  63  32  48  -6  17   0 0.00  0.0    0  3.8  7 340   M    M   0         M  M
 5  72  36  54   0  11   0 0.00  0.0    0  3.9  8 270   M    M   0        15 360
 6  77  37  57   2   8   0 0.00  0.0    0  3.3  8 270   M    M   0        10 330
 7  79  41  60   5   5   0 0.00  0.0    0  2.7  8 280   M    M   0 8       8 270
 8  76  52  64   9   1   0 0.00  0.0    0  2.0  7 290   M    M   1 8       9 120
 9  78  46  62   7   3   0 0.00  0.0    0  2.4  8 250   M    M   0        12 270
10  74  50  62   7   3   0 0.00  0.0    0  3.3  9  60   M    M   0        13 100
11  67  51  59   4   6   0 0.01  0.0    0  2.8  7  20   M    M   8         M  M
12  72  50  61   6   4   0 0.00  0.0    0  2.5 10  10   M    M   5        13  20
13  74  47  61   6   4   0 0.00  0.0    0  6.3 21 360   M    M   2        26  10
14  72  41  57   2   8   0 0.00  0.0    0  5.4 14 350   M    M   0        18  30
15  73  42  58   3   7   0 0.00  0.0    0  4.1  9 280   M    M   0        10 270
16  76  42  59   4   6   0 0.00  0.0    0  4.4 12 360   M    M   0        13 350
17  77  43  60   5   5   0 0.00  0.0    0  4.0  9 260   M    M   0        10 260
18  76  42  59   4   6   0 0.00  0.0    0  3.5 10 340   M    M   0        14 340
19  80  44  62   6   3   0 0.00  0.0    0  2.3  9 250   M    M   0        13 340
20  77  45  61   5   4   0 0.00  0.0    0  2.9  8 250   M    M   0        11  90
21  77  46  62   6   3   0 0.00  0.0    0  7.1 18 340   M    M   0        23 340
22  71  40  56   0   9   0 0.00  0.0    0  5.7 20  50   M    M   0        25  50
23  67  38  53  -3  12   0 0.00  0.0    0  4.5  8 240   M    M   0        11 260
24  77  37  57   1   8   0 0.00  0.0    0  7.8 17  20   M    M   0        23  50
25  78  43  61   5   4   0 0.00  0.0    0  4.8 10 350   M    M   0        15 350
26  66  55  61   5   4   0 0.09  0.0    0  4.8 17  20   M    M   9 1      23 160
================================================================================
SM 1875 1083       206   0  0.10     0.0 100.5          M       25
================================================================================
AV 72.1 41.7                               3.9 FASTST   M    M   1    MAX(MPH)
                                 MISC ---->  # 21 360               # 26   10
================================================================================
NOTES:
# LAST OF SEVERAL OCCURRENCES

COLUMN 17 PEAK WIND IN M.P.H.

PRELIMINARY LOCAL CLIMATOLOGICAL DATA (WS FORM: F-6) , PAGE 2

                                          STATION:  IMPERIAL CA
                                          MONTH:    JANUARY
                                          YEAR:     2015
                                          LATITUDE:   32 50 N
                                          LONGITUDE: 115 35 W

[TEMPERATURE DATA]      [PRECIPITATION DATA]       SYMBOLS USED IN COLUMN 16

AVERAGE MONTHLY: 56.9   TOTAL FOR MONTH:   0.10    1 = FOG OR MIST
DPTR FM NORMAL:   1.8   DPTR FM NORMAL:   -0.30    2 = FOG REDUCING VISIBILITY
HIGHEST:    80 ON 19    GRTST 24HR  0.09 ON 26-26      TO 1/4 MILE OR LESS
LOWEST:     27 ON  2, 1                            3 = THUNDER
                        SNOW, ICE PELLETS, HAIL    4 = ICE PELLETS
                        TOTAL MONTH:   0.0 INCH    5 = HAIL
                        GRTST 24HR     0.0         6 = FREEZING RAIN OR DRIZZLE
                        GRTST DEPTH:   0           7 = DUSTSTORM OR SANDSTORM:
                                                       VSBY 1/2 MILE OR LESS
                                                   8 = SMOKE OR HAZE
[NO. OF DAYS WITH]      [WEATHER - DAYS WITH]      9 = BLOWING SNOW
                                                   X = TORNADO
MAX 32 OR BELOW:   0    0.01 INCH OR MORE:   2
MAX 90 OR ABOVE:   0    0.10 INCH OR MORE:   0
MIN 32 OR BELOW:   4    0.50 INCH OR MORE:   0
MIN  0 OR BELOW:   0    1.00 INCH OR MORE:   0

[HDD (BASE 65) ]
TOTAL THIS MO.   206    CLEAR  (SCALE 0-3)  23
DPTR FM NORMAL   -51    PTCLDY (SCALE 4-7)   1
TOTAL FM JUL 1   508    CLOUDY (SCALE 8-10)  2
DPTR FM NORMAL  -202

[CDD (BASE 65) ]
TOTAL THIS MO.     0
DPTR FM NORMAL     0    [PRESSURE DATA]
TOTAL FM JAN 1     0    HIGHEST SLP M ON M
DPTR FM NORMAL     0    LOWEST  SLP 29.77 ON 21

[REMARKS]
