678
CXUS55 KCTP 301131
CF6IPT
PRELIMINARY LOCAL CLIMATOLOGICAL DATA (WS FORM: F-6)

                                          STATION:   WILLIAMSPORT PA
                                          MONTH:     APRIL
                                          YEAR:      2016
                                          LATITUDE:   41 15 N
                                          LONGITUDE:  76 55 W

  TEMPERATURE IN F:       :PCPN:    SNOW:  WIND      :SUNSHINE: SKY     :PK WND
================================================================================
1   2   3   4   5  6A  6B    7    8   9   10  11  12  13   14  15   16   17  18
                                     12Z  AVG MX 2MIN
DY MAX MIN AVG DEP HDD CDD  WTR  SNW DPTH SPD SPD DIR MIN PSBL S-S WX    SPD DR
================================================================================

 1  73  48  61  17   4   0    T    M    0 12.4 30 270   M    M   5        38 250
 2  59  37  48   3  17   0 0.18    T    0 12.4 26 250   M    M   7 1      35 240
 3  42  27  35 -10  30   0 0.02    T    T 14.1 36 280   M    M   6 1      48 310
 4  44  25  35 -11  30   0 0.07    T    0  8.6 17 320   M    M  10        24 310
 5  42  21  32 -14  33   0 0.00  0.0    0  6.6 18 310   M    M   0        25 300
 6  52  23  38  -8  27   0 0.00  0.0    0  8.0 26 160   M    M   2        45 150
 7  58  41  50   3  15   0 0.31  0.0    0 11.6 25 160   M    M   7 13     36 150
 8  48  33  41  -6  24   0    T    T    0 11.2 25 280   M    M   6        34 280
 9  38  28  33 -15  32   0 0.20  1.8    T  7.9 21 340   M    M   8 12     31 310
10  45  22  34 -14  31   0    T  0.0    0  6.4 16 180   M    M   4        22  90
11  57  42  50   2  15   0 0.04  0.0    0  6.3 16 100   M    M  10        26 110
12  54  34  44  -5  21   0 0.07  0.0    0  7.1 22 270   M    M   5 1      28 280
13  56  28  42  -7  23   0 0.00  0.0    0  2.7 10  20   M    M   1        15  30
14  64  33  49  -1  16   0 0.00  0.0    0  1.8 10 160   M    M   1        13 190
15  66  33  50   0  15   0 0.00  0.0    0  2.5 10 180   M    M   0        14 120
16  76  36  56   6   9   0 0.00  0.0    0  2.3 13  50   M    M   0        16  60
17  82  41  62  11   3   0 0.00  0.0    0  1.9 12  20   M    M   0        15  20
18  82  42  62  11   3   0 0.00  0.0    0  3.0 12 270   M    M   0        18 250
19  66  43  55   4  10   0 0.00  0.0    0  7.2 21 320   M    M   2        29 340
20  72  34  53   1  12   0 0.00  0.0    0  4.7 12 240   M    M   0        15 240
21  70  38  54   2  11   0 0.00  0.0    0  4.2 14 130   M    M   2        20 120
22  74  54  64  12   1   0 0.06  0.0    0  2.4 14 260   M    M   5        18 260
23  61  41  51  -2  14   0    T  0.0    0  8.7 21 300   M    M   5        26 310
24  70  33  52  -1  13   0 0.00  0.0    0  3.4 13 180   M    M   0        17 200
25  77  47  62   9   3   0 0.08  0.0    0  4.4 16  40   M    M   3 3      21 170
26  78  43  61   7   4   0 0.14  0.0    0  7.8 25 250   M    M   5 1      35 270
27  66  39  53  -1  12   0 0.00  0.0    0  3.2 15 160   M    M   1        17 170
28  54  43  49  -5  16   0 0.24  0.0    0  2.2  8 340   M    M   6 1      11 100
29  50  45  48  -7  17   0 0.15  0.0    0  5.4 16 160   M    M  10 18     22 120
================================================================================
SM 1776 1054       461   0  1.56     1.8 180.4          M      111
================================================================================
AV 61.2 36.3                               6.2 FASTST   M    M   4    MAX(MPH)
                                 MISC ---->  # 36 280               # 48  310
================================================================================
NOTES:
# LAST OF SEVERAL OCCURRENCES

COLUMN 17 PEAK WIND IN M.P.H.

PRELIMINARY LOCAL CLIMATOLOGICAL DATA (WS FORM: F-6) , PAGE 2

                                          STATION:  WILLIAMSPORT PA
                                          MONTH:    APRIL
                                          YEAR:     2016
                                          LATITUDE:   41 15 N
                                          LONGITUDE:  76 55 W

[TEMPERATURE DATA]      [PRECIPITATION DATA]       SYMBOLS USED IN COLUMN 16

AVERAGE MONTHLY: 48.8   TOTAL FOR MONTH:   1.56    1 = FOG OR MIST
DPTR FM NORMAL:  -1.0   DPTR FM NORMAL:   -1.57    2 = FOG REDUCING VISIBILITY
HIGHEST:    82 ON 18,17 GRTST 24HR  0.31 ON  7- 7      TO 1/4 MILE OR LESS
LOWEST:     21 ON  5                               3 = THUNDER
                        SNOW, ICE PELLETS, HAIL    4 = ICE PELLETS
                        TOTAL MONTH:   1.8 INCHES  5 = HAIL
                        GRTST 24HR   1.8 ON   M    6 = FREEZING RAIN OR DRIZZLE
                        GRTST DEPTH:   0           7 = DUSTSTORM OR SANDSTORM:
                                                       VSBY 1/2 MILE OR LESS
                                                   8 = SMOKE OR HAZE
[NO. OF DAYS WITH]      [WEATHER - DAYS WITH]      9 = BLOWING SNOW
                                                   X = TORNADO
MAX 32 OR BELOW:   0    0.01 INCH OR MORE:  12
MAX 90 OR ABOVE:   0    0.10 INCH OR MORE:   6
MIN 32 OR BELOW:   7    0.50 INCH OR MORE:   0
MIN  0 OR BELOW:   0    1.00 INCH OR MORE:   0

[HDD (BASE 65) ]
TOTAL THIS MO.   461    CLEAR  (SCALE 0-3)  14
DPTR FM NORMAL    13    PTCLDY (SCALE 4-7)  11
TOTAL FM JUL 1  4686    CLOUDY (SCALE 8-10)  4
DPTR FM NORMAL -1058

[CDD (BASE 65) ]
TOTAL THIS MO.     0
DPTR FM NORMAL     0    [PRESSURE DATA]
TOTAL FM JAN 1     0    HIGHEST SLP M ON M
DPTR FM NORMAL     0    LOWEST  SLP 29.33 ON M

[REMARKS]
