000
CXUS55 KCTP 301131
CF6IPT
PRELIMINARY LOCAL CLIMATOLOGICAL DATA (WS FORM: F-6)

                                          STATION:   WILLIAMSPORT PA
                                          MONTH:     MARCH
                                          YEAR:      2017
                                          LATITUDE:   41 15 N
                                          LONGITUDE:  76 55 W

  TEMPERATURE IN F:       :PCPN:    SNOW:  WIND      :SUNSHINE: SKY     :PK WND
================================================================================
1   2   3   4   5  6A  6B    7    8   9   10  11  12  13   14  15   16   17  18
                                     12Z  AVG MX 2MIN
DY MAX MIN AVG DEP HDD CDD  WTR  SNW DPTH SPD SPD DIR MIN PSBL S-S WX    SPD DR
================================================================================

 1  67  53  60  27   5   0 0.21  0.0    0 11.8 35 250   M    M   7 1      45 240
 2  53  28  41   8  24   0    T  0.0    0 18.2 36 280   M    M   4        46 280
 3  37  22  30  -4  35   0    T    T    0 11.2 29 320   M    M   4 1      38 320
 4  32  15  24 -10  41   0    T    T    0 11.1 22 340   M    M   5 8      31 300
 5  38  10  24 -10  41   0 0.00  0.0    0  2.6  9 170   M    M   0        14 200
 6  51  23  37   2  28   0 0.01  0.0    0  4.7 15 120   M    M   5        20 130
 7  55  42  49  14  16   0 0.46  0.0    0  9.8 16 130   M    M  10 1      25  60
 8  59  40  50  15  15   0 0.02  0.0    0 15.7 33 260   M    M   5        48 260
 9  59  34  47  11  18   0 0.03    T    0 14.2 31 270   M    M   3 1      45 250
10  36  19  28  -8  37   0 0.26  2.8    3 10.7 33 310   M    M   8 18     42 300
11  27  15  21 -15  44   0    T    M    2 13.8 26 290   M    M   6        36 280
12  31  17  24 -13  41   0    T    T    1  8.3 20 320   M    M   5        25 300
13  34  14  24 -13  41   0    T    T    1  6.4 20 100   M    M   1        26  90
14  29  20  25 -12  40   0 1.18 18.3    8 10.1 25 300   M    M  10 12     36 290
15  30  17  24 -14  41   0 0.01  0.1   14 16.3 32 300   M    M   9 89     43 300
16  38  19  29  -9  36   0 0.00  0.0   12 12.4 25 270   M    M   1        32 280
17  48  16  32  -6  33   0 0.00  0.0   10  5.8 12 270   M    M   0        15 280
18  37  29  33  -6  32   0 0.13  0.4    5  7.2 17  90   M    M  10 1      22  90
19  44  32  38  -1  27   0 0.05  1.0    6  5.9 14 320   M    M   9 1      17 320
20  45  25  35  -5  30   0 0.00  0.0    2  3.7 13 260   M    M   6 1      13 250
21  61  35  48   8  17   0    T  0.0    0  6.9 16 280   M    M   4 1      22 300
22  44  23  34  -6  31   0    T    T    0 13.6 26 300   M    M   2        36 300
23  44  19  32  -9  33   0 0.00  0.0    0  5.0 12  60   M    M   0        15 280
24  56  33  45   4  20   0 0.02  0.0    0  8.2 17 130   M    M   5        23 120
25  64  38  51   9  14   0 0.00  0.0    0  2.8 18  10   M    M   5        25  10
26  45  40  43   1  22   0 0.05  0.0    0 12.3 22  80   M    M  10 18     31 110
27  60  40  50   8  15   0 0.15  0.0    0  4.8 15  60   M    M   7 1      23  70
28  58  43  51   8  14   0 0.19  0.0    0  3.2 15 350   M    M   9 12     21 350
29  57  39  48   5  17   0 0.00  0.0    0  8.8 17 350   M    M   5        24 320
================================================================================
SM 1339  800       808   0  2.77    22.6 265.5          M      155
================================================================================
AV 46.2 27.6                               9.2 FASTST   M    M   5    MAX(MPH)
                                 MISC ---->  # 36 280               # 48  260
================================================================================
NOTES:
# LAST OF SEVERAL OCCURRENCES

COLUMN 17 PEAK WIND IN M.P.H.

PRELIMINARY LOCAL CLIMATOLOGICAL DATA (WS FORM: F-6) , PAGE 2

                                          STATION:  WILLIAMSPORT PA
                                          MONTH:    MARCH
                                          YEAR:     2017
                                          LATITUDE:   41 15 N
                                          LONGITUDE:  76 55 W

[TEMPERATURE DATA]      [PRECIPITATION DATA]       SYMBOLS USED IN COLUMN 16

AVERAGE MONTHLY: 36.9   TOTAL FOR MONTH:   2.77    1 = FOG OR MIST
DPTR FM NORMAL:  -1.0   DPTR FM NORMAL:    0.02    2 = FOG REDUCING VISIBILITY
HIGHEST:    67 ON  1    GRTST 24HR  1.18 ON 14-14      TO 1/4 MILE OR LESS
LOWEST:     10 ON  5                               3 = THUNDER
                        SNOW, ICE PELLETS, HAIL    4 = ICE PELLETS
                        TOTAL MONTH:  22.6 INCHES  5 = HAIL
                        GRTST 24HR  18.3 ON   M    6 = FREEZING RAIN OR DRIZZLE
                        GRTST DEPTH:  14 ON 15     7 = DUSTSTORM OR SANDSTORM:
                                                       VSBY 1/2 MILE OR LESS
                                                   8 = SMOKE OR HAZE
[NO. OF DAYS WITH]      [WEATHER - DAYS WITH]      9 = BLOWING SNOW
                                                   X = TORNADO
MAX 32 OR BELOW:   5    0.01 INCH OR MORE:  14
MAX 90 OR ABOVE:   0    0.10 INCH OR MORE:   7
MIN 32 OR BELOW:  18    0.50 INCH OR MORE:   1
MIN  0 OR BELOW:   0    1.00 INCH OR MORE:   1

[HDD (BASE 65) ]
TOTAL THIS MO.   808    CLEAR  (SCALE 0-3)   6
DPTR FM NORMAL    21    PTCLDY (SCALE 4-7)  15
TOTAL FM JUL 1  4444    CLOUDY (SCALE 8-10)  8
DPTR FM NORMAL  -810

[CDD (BASE 65) ]
TOTAL THIS MO.     0
DPTR FM NORMAL     0    [PRESSURE DATA]
TOTAL FM JAN 1     0    HIGHEST SLP M ON M
DPTR FM NORMAL     0    LOWEST  SLP 29.39 ON  1

[REMARKS]
