000
CXUS51 KOKX 011616
CF6ISP
PRELIMINARY LOCAL CLIMATOLOGICAL DATA (WS FORM: F-6)

                                          STATION:   ISLIP NY
                                          MONTH:     JANUARY
                                          YEAR:      2015
                                          LATITUDE:   40 47 N
                                          LONGITUDE:  73  6 W

  TEMPERATURE IN F:       :PCPN:    SNOW:  WIND      :SUNSHINE: SKY     :PK WND
================================================================================
1   2   3   4   5  6A  6B    7    8   9   10  11  12  13   14  15   16   17  18
                                     12Z  AVG MX 2MIN
DY MAX MIN AVG DEP HDD CDD  WTR  SNW DPTH SPD SPD DIR MIN PSBL S-S WX    SPD DR
================================================================================

 1  39  22  31  -1  34   0 0.00  0.0    0 12.8 26 240   M    M   2        33 260
 2  44  30  37   5  28   0 0.00  0.0    0 10.6 22 300   M    M   5        30 280
 3  49  24  37   6  28   0 0.68    T    0  9.2 20 100   M    M   7 14     24  90
 4  53  44  49  18  16   0 0.45  0.0    0 11.1 26 280   M    M  10 12     37 260
 5  51  20  36   5  29   0 0.00  0.0    0 17.9 29 300   M    M   4        39 290
 6  21  14  18 -13  47   0 0.03  0.6    0  5.0 22 310   M    M   7        27 300
 7  25   9  17 -14  48   0    T    T    1 16.4 32 310   M    M   4        42 300
 8  22   8  15 -16  50   0 0.00  0.0    T 11.8 24 300   M    M   4        34 310
 9  34  17  26  -5  39   0 0.07  1.2    0 14.7 29 230   M    M   5 12     39 230
10  23  14  19 -12  46   0 0.00  0.0    1 11.6 21 290   M    M   0        27 290
11  37  13  25  -5  40   0 0.00  0.0    T  9.4 17 200   M    M   7        24 200
12  38  35  37   7  28   0 0.70  0.0    0  5.3 10 240   M    M  10 1       M  M
13  36  20  28  -2  37   0 0.00  0.0    0 12.9 22  40   M    M   6        31 360
14  30  20  25  -5  40   0    T    T    0 11.4 17  40   M    M   8        22  20
15  35  20  28  -2  37   0 0.00  0.0    0  6.9 16 250   M    M   2        21 260
16  44  20  32   2  33   0 0.00  0.0    0 16.1 31 300   M    M   3        42 290
17  34  14  24  -6  41   0 0.00  0.0    0  7.8 20 330   M    M   2        23 340
18  50  23  37   7  28   0 0.83  0.0    0  5.5 21 310   M    M   9 1      32 140
19  42  35  39   9  26   0 0.00  0.0    0 12.3 24 280   M    M   7 1      33 270
20  40  30  35   5  30   0 0.00  0.0    0  8.6 17 300   M    M   8        21 290
21  37  24  31   1  34   0 0.00  0.0    0  5.8 10  30   M    M   7        14  30
22  38  29  34   4  31   0    T    T    0  7.5 13 350   M    M   6        17 300
23  37  21  29  -1  36   0 0.00  0.0    0  6.4 16 220   M    M   3        20 220
24  36  33  35   5  30   0 0.85  3.1    3 10.2 20 350   M    M   9 18     26 360
25  42  28  35   5  30   0 0.00  0.0    T 13.0 24 300   M    M   7        33 270
26  28  23  26  -4  39   0 0.19  7.5    T 18.1 33  30   M    M  10 128    43  40
27  24  17  21 -10  44   0 1.44 17.4   21 23.7 36  20   M    M  10 1289   50 300
28  29  16  23  -8  42   0    T    T   24 17.8 30 340   M    M   5 89     37 330
29  35   8  22  -9  43   0 0.00  0.0   22  5.4 14 360   M    M   6        17 350
30  35  20  28  -3  37   0 0.01  0.4   19 11.1 28 320   M    M   8 18     36 330
31  25  13  19 -12  46   0 0.00  0.0   18 19.7 37 330   M    M   0 8      48 320
================================================================================
SM 1113  664      1117   0  5.25    30.2 356.0          M      181
================================================================================
AV 35.9 21.4                              11.5 FASTST   M    M   6    MAX(MPH)
                                 MISC ---->  # 37 330               # 50  300
================================================================================
NOTES:
# LAST OF SEVERAL OCCURRENCES

COLUMN 17 PEAK WIND IN M.P.H.

PRELIMINARY LOCAL CLIMATOLOGICAL DATA (WS FORM: F-6) , PAGE 2

                                          STATION:  ISLIP NY
                                          MONTH:    JANUARY
                                          YEAR:     2015
                                          LATITUDE:   40 47 N
                                          LONGITUDE:  73  6 W

[TEMPERATURE DATA]      [PRECIPITATION DATA]       SYMBOLS USED IN COLUMN 16

AVERAGE MONTHLY: 28.7   TOTAL FOR MONTH:   5.25    1 = FOG OR MIST
DPTR FM NORMAL:  -1.9   DPTR FM NORMAL:    1.61    2 = FOG REDUCING VISIBILITY
HIGHEST:    53 ON  4    GRTST 24HR  1.44 ON 27-27      TO 1/4 MILE OR LESS
LOWEST:      8 ON 29, 8                            3 = THUNDER
                        SNOW, ICE PELLETS, HAIL    4 = ICE PELLETS
                        TOTAL MONTH:  30.2 INCHES  5 = HAIL
                        GRTST 24HR  17.4 ON   M    6 = FREEZING RAIN OR DRIZZLE
                        GRTST DEPTH:  24 ON 28     7 = DUSTSTORM OR SANDSTORM:
                                                       VSBY 1/2 MILE OR LESS
                                                   8 = SMOKE OR HAZE
[NO. OF DAYS WITH]      [WEATHER - DAYS WITH]      9 = BLOWING SNOW
                                                   X = TORNADO
MAX 32 OR BELOW:   9    0.01 INCH OR MORE:  10
MAX 90 OR ABOVE:   0    0.10 INCH OR MORE:   7
MIN 32 OR BELOW:  27    0.50 INCH OR MORE:   5
MIN  0 OR BELOW:   0    1.00 INCH OR MORE:   1

[HDD (BASE 65) ]
TOTAL THIS MO.  1117    CLEAR  (SCALE 0-3)   6
DPTR FM NORMAL    52    PTCLDY (SCALE 4-7)  17
TOTAL FM JUL 1  2812    CLOUDY (SCALE 8-10)  8
DPTR FM NORMAL  -180

[CDD (BASE 65) ]
TOTAL THIS MO.     0
DPTR FM NORMAL     0    [PRESSURE DATA]
TOTAL FM JAN 1     0    HIGHEST SLP M ON M
DPTR FM NORMAL     0    LOWEST  SLP 29.28 ON 24

[REMARKS]
#FINAL-01-15#
