000
CXUS52 TJSJ 310453
CF6ISX
PRELIMINARY LOCAL CLIMATOLOGICAL DATA (WS FORM: F-6)

                                          STATION:   HENRY E. ROHLSEN AIRPORT/USVI
                                          MONTH:     OCTOBER
                                          YEAR:      2014
                                          LATITUDE:   17 42 N
                                          LONGITUDE:  64 48 W

  TEMPERATURE IN F:       :PCPN:    SNOW:  WIND      :SUNSHINE: SKY     :PK WND
================================================================================
1   2   3   4   5  6A  6B    7    8   9   10  11  12  13   14  15   16   17  18
                                     12Z  AVG MX 2MIN
DY MAX MIN AVG DEP HDD CDD  WTR  SNW DPTH SPD SPD DIR MIN PSBL S-S WX    SPD DR
================================================================================

 1  89  78  84   1   0  19    T  0.0    0  8.2 17  90   M    M   4        45 100
 2  90  79  85   3   0  20 0.00  0.0    0  9.8 16 100   M    M   4         M  M
 3  90  78  84   2   0  19 0.00  0.0    0  9.2 16 100   M    M   3        21 100
 4  89  76  83   1   0  18 0.00  0.0    0  8.1 14 100   M    M   1         M  M
 5  89  75  82   0   0  17 0.00  0.0    0  7.3 15 110   M    M   2         M  M
 6  91  75  83   1   0  18 0.00  0.0    0 10.1 18  60   M    M   2        24  50
 7  89  77  83   1   0  18 0.22  0.0    0  8.1 22  60   M    M   3 18     28  80
 8  87  76  82   0   0  17    M  0.0    0   M  10  50   M    M   0        14  60
 9  90  73  82   0   0  17 0.02  0.0    0  4.1 13  90   M    M   2 1      18 140
10  89  74  82   0   0  17    T  0.0    0  5.0 14 230   M    M   2 1      19 220
11  87  79  83   1   0  18 0.00  0.0    0  4.8 12 140   M    M   1        13 160
12  92  84  88   6   0  23    T  0.0    0  7.4 15  60   M    M   2         M  M
13  86  79  83   1   0  18 0.02  0.0    0  8.6 13  50   M    M   3 1       M  M
14  87  75  81  -1   0  16 0.14  0.0    0  6.3 10 200   M    M   4         M  M
15  89  76  83   1   0  18 0.00  0.0    0  5.2 10 150   M    M   2        14 140
16  88  76  82   0   0  17 0.00  0.0    0  4.3 10 110   M    M   3        14 160
17  88  76  82   0   0  17 0.00  0.0    0  5.5 12 110   M    M   2        16 120
18  87  75  81  -1   0  16 0.00  0.0    0  5.8 14 120   M    M   2        17 110
19  88  75  82   0   0  17 0.01  0.0    0  5.9 15  90   M    M   3        18 100
20  88  74  81  -1   0  16 0.03  0.0    0  6.1 20 100   M    M   2 1      23 100
21  89  75  82   0   0  17    T  0.0    0  8.4 16 100   M    M   2        21 100
22  90  74  82   0   0  17 0.00  0.0    0  8.1 15 120   M    M   2        21 120
23  90  76  83   1   0  18    T  0.0    0 11.3 17  90   M    M   3        22 100
24  90  78  84   2   0  19 0.00  0.0    0  9.9 14 110   M    M   4        17 120
25  90  79  85   3   0  20 0.00  0.0    0  9.5 13 120   M    M   3         M  M
26  90  77  84   2   0  19    T  0.0    0 11.0 14 100   M    M   4         M  M
27  90  76  83   1   0  18 0.00  0.0    0  8.1 15 130   M    M   2         M  M
28  90  76  83   1   0  18 0.00  0.0    0 10.0 16  90   M    M   4         M  M
29  89  75  82   0   0  17 0.07    M    0  6.2 12  50   M    M   4         M  M
30  88  74  81  -1   0  16 0.79  0.0    0  6.6 17 170   M    M   4 1      25 180
================================================================================
SM 2669 2290         0 535  1.30     0.0 218.9          M       79
================================================================================
AV 89.0 76.3                               7.5 FASTST   M    M   3    MAX(MPH)
                                 MISC ---->  # 22  60               # 45  100
================================================================================
NOTES:
# LAST OF SEVERAL OCCURRENCES

COLUMN 17 PEAK WIND IN M.P.H.

PRELIMINARY LOCAL CLIMATOLOGICAL DATA (WS FORM: F-6) , PAGE 2

                                          STATION:  HENRY E. ROHLSEN AIRPORT/USVI
                                          MONTH:    OCTOBER
                                          YEAR:     2014
                                          LATITUDE:   17 42 N
                                          LONGITUDE:  64 48 W

[TEMPERATURE DATA]      [PRECIPITATION DATA]       SYMBOLS USED IN COLUMN 16

AVERAGE MONTHLY: 82.7   TOTAL FOR MONTH:   1.30    1 = FOG OR MIST
DPTR FM NORMAL:   0.6   DPTR FM NORMAL:   -3.75    2 = FOG REDUCING VISIBILITY
HIGHEST:    92 ON 12    GRTST 24HR  0.79 ON 30-30      TO 1/4 MILE OR LESS
LOWEST:     73 ON  9                               3 = THUNDER
                        SNOW, ICE PELLETS, HAIL    4 = ICE PELLETS
                        TOTAL MONTH:   0.0 INCH    5 = HAIL
                        GRTST 24HR     0.0         6 = FREEZING RAIN OR DRIZZLE
                        GRTST DEPTH:   0           7 = DUSTSTORM OR SANDSTORM:
                                                       VSBY 1/2 MILE OR LESS
                                                   8 = SMOKE OR HAZE
[NO. OF DAYS WITH]      [WEATHER - DAYS WITH]      9 = BLOWING SNOW
                                                   X = TORNADO
MAX 32 OR BELOW:   0    0.01 INCH OR MORE:   8
MAX 90 OR ABOVE:  12    0.10 INCH OR MORE:   3
MIN 32 OR BELOW:   0    0.50 INCH OR MORE:   1
MIN  0 OR BELOW:   0    1.00 INCH OR MORE:   0

[HDD (BASE 65) ]
TOTAL THIS MO.     0    CLEAR  (SCALE 0-3)  21
DPTR FM NORMAL     0    PTCLDY (SCALE 4-7)   9
TOTAL FM JUL 1     0    CLOUDY (SCALE 8-10)  0
DPTR FM NORMAL     0

[CDD (BASE 65) ]
TOTAL THIS MO.   535
DPTR FM NORMAL    22    [PRESSURE DATA]
TOTAL FM JAN 1  5089    HIGHEST SLP M ON M
DPTR FM NORMAL   179    LOWEST  SLP 29.78 ON M

[REMARKS]
