000
CXUS52 TJSJ 310512
CF6ISX
PRELIMINARY LOCAL CLIMATOLOGICAL DATA (WS FORM: F-6)

                                          STATION:   HENRY E. ROHLSEN AP/ST CROIX
                                          MONTH:     JULY
                                          YEAR:      2015
                                          LATITUDE:   17 42 N
                                          LONGITUDE:  64 48 W

  TEMPERATURE IN F:       :PCPN:    SNOW:  WIND      :SUNSHINE: SKY     :PK WND
================================================================================
1   2   3   4   5  6A  6B    7    8   9   10  11  12  13   14  15   16   17  18
                                     12Z  AVG MX 2MIN
DY MAX MIN AVG DEP HDD CDD  WTR  SNW DPTH SPD SPD DIR MIN PSBL S-S WX    SPD DR
================================================================================

 1  90  79  85   1   0  20 0.02  0.0    0 16.9 27  90   M    M   7        33 100
 2  90  79  85   1   0  20    T  0.0    0 15.2 25  90   M    M   6        31 100
 3  90  79  85   1   0  20 0.00  0.0    0 17.8 26  90   M    M   6        33  90
 4  91  78  85   1   0  20 0.01  0.0    0 17.5 28  90   M    M   6        35  80
 5  91  79  85   1   0  20    T  0.0    0 15.3 25  90   M    M   6        32  80
 6  91  78  85   1   0  20 0.00  0.0    0 13.8 24 100   M    M   2        30 100
 7  90  78  84   0   0  19 0.01  0.0    0 13.7 24 100   M    M   3 18     32  90
 8  90  78  84   0   0  19 0.01  0.0    0 12.9 21 100   M    M   5        26 100
 9  88  78  83  -1   0  18 0.02  0.0    0 11.8 22 100   M    M   4 1      27 110
10  90  76  83  -1   0  18 0.00  0.0    0 11.5 20 100   M    M   2        24  90
11  89  77  83  -1   0  18 0.11  0.0    0 12.3 22  80   M    M   4 1      26  80
12  85  77  81  -3   0  16 0.21  0.0    0 11.1 24  80   M    M   4 13     28  80
13  89  79  84   0   0  19 0.00  0.0    0 15.8 24 100   M    M   2        30 100
14  91  79  85   1   0  20    T  0.0    0 15.6 25  90   M    M   3        30  90
15  90  79  85   1   0  20    T  0.0    0 16.2 24 110   M    M   4        29 100
16  89  79  84   0   0  19 0.08  0.0    0 16.2 30 100   M    M   7 13     37 110
17  90  78  84   0   0  19 0.00  0.0    0 11.1 18 100   M    M   5        25 110
18  88  76  82  -2   0  17 0.13  0.0    0  8.2 17  60   M    M   6 1      21  60
19  89  76  83  -1   0  18 0.01  0.0    0 10.3 21  90   M    M   3        25  90
20  90  76  83  -1   0  18 0.05  0.0    0 11.5 20  90   M    M   6 18     25 100
21  91  77  84   0   0  19 0.03  0.0    0 12.7 23  90   M    M   3 1      28  90
22  89  77  83  -1   0  18 0.07  0.0    0  9.8 16 100   M    M   3 1      20 100
23  91  80  86   2   0  21    T  0.0    0 13.4 21 100   M    M   4        25 100
24  90  79  85   1   0  20 0.00  0.0    0 10.8 18 100   M    M   2        24 100
25  90  78  84   0   0  19 0.01  0.0    0 12.3 21  90   M    M   2        26 100
26  90  80  85   1   0  20 0.00  0.0    0 15.1 22 100   M    M   3 8      27  90
27  92  80  86   2   0  21    T  0.0    0 15.6 25 100   M    M   3        34  90
28  92  80  86   2   0  21    T  0.0    0 14.1 21 100   M    M   3        28  90
29  91  79  85   1   0  20 0.00  0.0    0 12.3 20 120   M    M   2        25 110
30  93  80  87   3   0  22 0.00  0.0    0 14.4 24 100   M    M   3        31  90
================================================================================
SM 2700 2348         0 579  0.77     0.0 405.2          M      119
================================================================================
AV 90.0 78.3                              13.5 FASTST   M    M   4    MAX(MPH)
                                 MISC ---->  # 30 100               # 37  110
================================================================================
NOTES:
# LAST OF SEVERAL OCCURRENCES

COLUMN 17 PEAK WIND IN M.P.H.

PRELIMINARY LOCAL CLIMATOLOGICAL DATA (WS FORM: F-6) , PAGE 2

                                          STATION:  HENRY E. ROHLSEN AP/ST CROIX
                                          MONTH:    JULY
                                          YEAR:     2015
                                          LATITUDE:   17 42 N
                                          LONGITUDE:  64 48 W

[TEMPERATURE DATA]      [PRECIPITATION DATA]       SYMBOLS USED IN COLUMN 16

AVERAGE MONTHLY: 84.1   TOTAL FOR MONTH:   0.77    1 = FOG OR MIST
DPTR FM NORMAL:   0.1   DPTR FM NORMAL:   -2.16    2 = FOG REDUCING VISIBILITY
HIGHEST:    93 ON 30    GRTST 24HR  0.37 ON 30- 1      TO 1/4 MILE OR LESS
LOWEST:     76 ON 20,19                            3 = THUNDER
                        SNOW, ICE PELLETS, HAIL    4 = ICE PELLETS
                        TOTAL MONTH:   0.0 INCH    5 = HAIL
                        GRTST 24HR     0.0         6 = FREEZING RAIN OR DRIZZLE
                        GRTST DEPTH:   0           7 = DUSTSTORM OR SANDSTORM:
                                                       VSBY 1/2 MILE OR LESS
                                                   8 = SMOKE OR HAZE
[NO. OF DAYS WITH]      [WEATHER - DAYS WITH]      9 = BLOWING SNOW
                                                   X = TORNADO
MAX 32 OR BELOW:   0    0.01 INCH OR MORE:  14
MAX 90 OR ABOVE:  22    0.10 INCH OR MORE:   3
MIN 32 OR BELOW:   0    0.50 INCH OR MORE:   0
MIN  0 OR BELOW:   0    1.00 INCH OR MORE:   0

[HDD (BASE 65) ]
TOTAL THIS MO.     0    CLEAR  (SCALE 0-3)  14
DPTR FM NORMAL     0    PTCLDY (SCALE 4-7)  16
TOTAL FM JUL 1     0    CLOUDY (SCALE 8-10)  0
DPTR FM NORMAL     0

[CDD (BASE 65) ]
TOTAL THIS MO.   579
DPTR FM NORMAL     9    [PRESSURE DATA]
TOTAL FM JAN 1  3399    HIGHEST SLP M ON M
DPTR FM NORMAL   136    LOWEST  SLP 29.97 ON 21

[REMARKS]
