000
CXHW53 PHFO 251250
CF6ITO
PRELIMINARY LOCAL CLIMATOLOGICAL DATA (WS FORM: F-6)

                                          STATION:   HILO HI
                                          MONTH:     OCTOBER
                                          YEAR:      2014
                                          LATITUDE:   19 43 N
                                          LONGITUDE: 155  4 W

  TEMPERATURE IN F:       :PCPN:    SNOW:  WIND      :SUNSHINE: SKY     :PK WND
================================================================================
1   2   3   4   5  6A  6B    7    8   9   10  11  12  13   14  15   16   17  18
                                     12Z  AVG MX 2MIN
DY MAX MIN AVG DEP HDD CDD  WTR  SNW DPTH SPD SPD DIR MIN PSBL S-S WX    SPD DR
================================================================================

 1  87  70  79   3   0  14    T  0.0    0  6.2 13 110   M    M   3        19 110
 2  87  71  79   3   0  14 0.51  0.0    0  6.3 13 250   M    M   7 1      18 230
 3  88  72  80   4   0  15 0.45  0.0    0  7.8 16  70   M    M   8 1      23 120
 4  87  72  80   4   0  15 0.20  0.0    0  6.9 14 140   M    M   9 1      17 160
 5  87  71  79   3   0  14    T  0.0    0  6.0 13 100   M    M   5        22 120
 6  88  70  79   3   0  14 0.00  0.0    0  6.9 18 110   M    M   4        23 120
 7  88  71  80   4   0  15 0.00  0.0    0  6.0 13 110   M    M   2        18 110
 8  83  70  77   1   0  12 0.16  0.0    0  5.6 14  70   M    M   8 1      18 120
 9  86  73  80   4   0  15 0.09  0.0    0  5.3 14  50   M    M   5 1      17  60
10  85  71  78   2   0  13 0.08  0.0    0  6.2 21  60   M    M   7 18     27  50
11  86  69  78   2   0  13    T  0.0    0  7.0 14  70   M    M   6        18  50
12  85  70  78   2   0  13 0.42  0.0    0  6.4 18 350   M    M   8 1      22 340
13  84  66  75  -1   0  10 0.45  0.0    0  6.9 28  70   M    M   6 13     33  70
14  86  69  78   2   0  13 0.29  0.0    0  5.7 16 130   M    M   9 1      20 130
15  81  71  76   0   0  11 0.08  0.0    0  5.4 14 260   M    M   8 1      16  80
16  86  68  77   1   0  12 0.29  0.0    0  6.1 14  80   M    M   7 1      18  80
17  84  74  79   3   0  14 0.88  0.0    0  6.1 16 130   M    M   8 138    22 200
18  80  73  77   1   0  12 4.56  0.0    0  2.7 14  90   M    M   8 13     15 220
19  83  72  78   2   0  13 1.25  0.0    0  4.7 13  70   M    M   9 1      15  60
20  86  71  79   3   0  14    T  0.0    0  6.6 17 110   M    M   5 1      22 120
21  88  69  79   4   0  14 0.00  0.0    0  7.9 16 120   M    M   2        21 110
22  86  70  78   3   0  13    T  0.0    0  7.2 17 110   M    M   7 1      23 110
23  85  72  79   4   0  14 0.15  0.0    0  6.4 15  40   M    M   8 1      20  50
24  86  69  78   3   0  13 0.02  0.0    0  6.0 14  60   M    M   3 1      18 140
================================================================================
SM 2052 1694         0 320  9.88     0.0 148.3          M      152
================================================================================
AV 85.5 70.6                               6.2 FASTST   M    M   6    MAX(MPH)
                                 MISC ---->  # 28  70               # 33   70
================================================================================
NOTES:
# LAST OF SEVERAL OCCURRENCES

COLUMN 17 PEAK WIND IN M.P.H.

PRELIMINARY LOCAL CLIMATOLOGICAL DATA (WS FORM: F-6) , PAGE 2

                                          STATION:  HILO HI
                                          MONTH:    OCTOBER
                                          YEAR:     2014
                                          LATITUDE:   19 43 N
                                          LONGITUDE: 155  4 W

[TEMPERATURE DATA]      [PRECIPITATION DATA]       SYMBOLS USED IN COLUMN 16

AVERAGE MONTHLY: 78.0   TOTAL FOR MONTH:   9.88    1 = FOG OR MIST
DPTR FM NORMAL:   2.2   DPTR FM NORMAL:    2.70    2 = FOG REDUCING VISIBILITY
HIGHEST:    88 ON 21, 7 GRTST 24HR  5.07 ON 17-18      TO 1/4 MILE OR LESS
LOWEST:     66 ON 13                               3 = THUNDER
                        SNOW, ICE PELLETS, HAIL    4 = ICE PELLETS
                        TOTAL MONTH:   0.0 INCH    5 = HAIL
                        GRTST 24HR     0.0         6 = FREEZING RAIN OR DRIZZLE
                        GRTST DEPTH:   0           7 = DUSTSTORM OR SANDSTORM:
                                                       VSBY 1/2 MILE OR LESS
                                                   8 = SMOKE OR HAZE
[NO. OF DAYS WITH]      [WEATHER - DAYS WITH]      9 = BLOWING SNOW
                                                   X = TORNADO
MAX 32 OR BELOW:   0    0.01 INCH OR MORE:  16
MAX 90 OR ABOVE:   0    0.10 INCH OR MORE:  12
MIN 32 OR BELOW:   0    0.50 INCH OR MORE:   4
MIN  0 OR BELOW:   0    1.00 INCH OR MORE:   2

[HDD (BASE 65) ]
TOTAL THIS MO.     0    CLEAR  (SCALE 0-3)   3
DPTR FM NORMAL     0    PTCLDY (SCALE 4-7)  16
TOTAL FM JUL 1     0    CLOUDY (SCALE 8-10)  5
DPTR FM NORMAL     0

[CDD (BASE 65) ]
TOTAL THIS MO.   320
DPTR FM NORMAL    62    [PRESSURE DATA]
TOTAL FM JAN 1  3041    HIGHEST SLP M ON M
DPTR FM NORMAL   375    LOWEST  SLP 29.87 ON M

[REMARKS]
