000
CXHW53 PHFO 191250
CF6ITO
PRELIMINARY LOCAL CLIMATOLOGICAL DATA (WS FORM: F-6)

                                          STATION:   HILO HI
                                          MONTH:     SEPTEMBER
                                          YEAR:      2014
                                          LATITUDE:   19 43 N
                                          LONGITUDE: 155  4 W

  TEMPERATURE IN F:       :PCPN:    SNOW:  WIND      :SUNSHINE: SKY     :PK WND
================================================================================
1   2   3   4   5  6A  6B    7    8   9   10  11  12  13   14  15   16   17  18
                                     12Z  AVG MX 2MIN
DY MAX MIN AVG DEP HDD CDD  WTR  SNW DPTH SPD SPD DIR MIN PSBL S-S WX    SPD DR
================================================================================

 1  88  73  81   5   0  16 0.07  0.0    0  5.9 15  80   M    M   6 1      20  90
 2  85  71  78   2   0  13 0.26  0.0    0  7.1 21  80   M    M   9 1      25  80
 3  86  70  78   2   0  13 0.36  0.0    0  6.5 14  50   M    M   7 1      17 300
 4  86  67  77   1   0  12 0.00  0.0    0  7.2 13  30   M    M   2        17  50
 5  87  68  78   2   0  13    T  0.0    0  6.9 13  70   M    M   2        17  50
 6  87  70  79   3   0  14    T  0.0    0  7.0 15  90   M    M   5        20  80
 7  88  71  80   4   0  15 0.20  0.0    0  6.6 15 100   M    M   5 1      19 120
 8  86  73  80   4   0  15 0.03  0.0    0  6.1 14  90   M    M   9 1      21  70
 9  87  70  79   3   0  14 0.00  0.0    0  5.1 15 100   M    M   9        19 100
10  85  70  78   2   0  13    T  0.0    0  4.8 13 140   M    M   8        16 140
11  88  70  79   3   0  14 0.00  0.0    0  6.1 15  90   M    M   5        20  80
12  88  69  79   3   0  14 0.00  0.0    0  7.1 13  40   M    M   2        18  60
13  87  70  79   3   0  14 0.33  0.0    0  6.0 13  30   M    M   6 1      17 110
14  87  70  79   3   0  14    T  0.0    0  5.3 12  50   M    M   3        17  50
15  88  71  80   4   0  15 0.00  0.0    0  7.3 16 360   M    M   4        20 350
16  88  72  80   4   0  15 0.00  0.0    0  6.4 13  10   M    M   4        17 360
17  89  70  80   4   0  15 0.00  0.0    0  6.3 13  50   M    M   2        18  50
18  89  70  80   4   0  15 0.04  0.0    0  6.6 13  30   M    M   3 1      18  50
================================================================================
SM 1569 1265         0 254  1.29     0.0 114.3          M       91
================================================================================
AV 87.2 70.3                               6.4 FASTST   M    M   5    MAX(MPH)
                                 MISC ---->  # 21  80               # 25   80
================================================================================
NOTES:
# LAST OF SEVERAL OCCURRENCES

COLUMN 17 PEAK WIND IN M.P.H.

PRELIMINARY LOCAL CLIMATOLOGICAL DATA (WS FORM: F-6) , PAGE 2

                                          STATION:  HILO HI
                                          MONTH:    SEPTEMBER
                                          YEAR:     2014
                                          LATITUDE:   19 43 N
                                          LONGITUDE: 155  4 W

[TEMPERATURE DATA]      [PRECIPITATION DATA]       SYMBOLS USED IN COLUMN 16

AVERAGE MONTHLY: 78.7   TOTAL FOR MONTH:   1.29    1 = FOG OR MIST
DPTR FM NORMAL:   2.7   DPTR FM NORMAL:   -4.50    2 = FOG REDUCING VISIBILITY
HIGHEST:    89 ON 18,17 GRTST 24HR  0.61 ON  2- 3      TO 1/4 MILE OR LESS
LOWEST:     67 ON  4                               3 = THUNDER
                        SNOW, ICE PELLETS, HAIL    4 = ICE PELLETS
                        TOTAL MONTH:   0.0 INCH    5 = HAIL
                        GRTST 24HR     0.0         6 = FREEZING RAIN OR DRIZZLE
                        GRTST DEPTH:   0           7 = DUSTSTORM OR SANDSTORM:
                                                       VSBY 1/2 MILE OR LESS
                                                   8 = SMOKE OR HAZE
[NO. OF DAYS WITH]      [WEATHER - DAYS WITH]      9 = BLOWING SNOW
                                                   X = TORNADO
MAX 32 OR BELOW:   0    0.01 INCH OR MORE:   7
MAX 90 OR ABOVE:   0    0.10 INCH OR MORE:   4
MIN 32 OR BELOW:   0    0.50 INCH OR MORE:   0
MIN  0 OR BELOW:   0    1.00 INCH OR MORE:   0

[HDD (BASE 65) ]
TOTAL THIS MO.     0    CLEAR  (SCALE 0-3)   6
DPTR FM NORMAL     0    PTCLDY (SCALE 4-7)   9
TOTAL FM JUL 1     0    CLOUDY (SCALE 8-10)  3
DPTR FM NORMAL     0

[CDD (BASE 65) ]
TOTAL THIS MO.   254
DPTR FM NORMAL    56    [PRESSURE DATA]
TOTAL FM JAN 1  2531    HIGHEST SLP M ON M
DPTR FM NORMAL   261    LOWEST  SLP 29.89 ON 14

[REMARKS]
