000
CXUS55 KRIW 190945
CF6JAC
PRELIMINARY LOCAL CLIMATOLOGICAL DATA (WS FORM: F-6)

                                          STATION:   JACKSON  WY
                                          MONTH:     JANUARY
                                          YEAR:      2017
                                          LATITUDE:   43 35 N
                                          LONGITUDE: 110 44 W

  TEMPERATURE IN F:       :PCPN:    SNOW:  WIND      :SUNSHINE: SKY     :PK WND
================================================================================
1   2   3   4   5  6A  6B    7    8   9   10  11  12  13   14  15   16   17  18
                                     12Z  AVG MX 2MIN
DY MAX MIN AVG DEP HDD CDD  WTR  SNW DPTH SPD SPD DIR MIN PSBL S-S WX    SPD DR
================================================================================

 1  18  13  16   3  49   0    M  0.0    M  3.9 10 100   M    M   8         M  M
 2  18   0   9  -4  56   0    M    M    M  4.5 12  20   M    M   7         M  M
 3  12  -8   2 -11  63   0    M    M    M  4.9 14  20   M    M   8         M  M
 4  14   1   8  -5  57   0    M    M    M 12.9 24  20   M    M  10        23  20
 5   1 -26 -12 -25  77   0    M    M    M  6.5 22  20   M    M   0 1      17 350
 6  -6 -29 -17 -30  82   0    M    M    M  2.6 10  10   M    M   1         M  M
 7   3 -27 -12 -25  77   0    M    M    M  2.1  9  10   M    M   3         M  M
 8  30   3  17   4  48   0    M    M    M  9.0 17 200   M    M  10         M  M
 9  36  25  31  18  34   0    M    M    M 18.9 32 220   M    M   9        47 220
10  30  23  27  14  38   0    M    M    M 22.0 35 200   M    M  10 9      52 200
11  32  19  26  12  39   0    M    M    M 17.4 24 230   M    M   9        35 190
12  21   M   M   M   M   M 0.00  0.0    M  5.9 17 200   M    M   2        16 170
13   3 -18  -7 -21  72   0 0.00  0.0    M  4.3 12  10   M    M   0         M  M
14   3 -17  -7 -21  72   0 0.00  0.0    M  2.9 10  20   M    M   2         M  M
15   3 -18  -7 -21  72   0 0.00  0.0    M  2.7 10 360   M    M   0         M  M
16   7 -17  -5 -19  70   0 0.00  0.0    M  2.6  8  10   M    M   0         M  M
17   9 -13  -2 -16  67   0 0.00  0.0    M  2.5  8  40   M    M   0         M  M
18   9 -11  -1 -15  66   0 0.00  0.0    0  3.1  8 360   M    M   1         M  M
================================================================================
SM  243 -100      1039   0  0.00     0.0 128.7          M       80
================================================================================
AV 13.5 -5.9                               7.1 FASTST   M    M   4    MAX(MPH)
                                 MISC ---->  # 35 200                 52    M
================================================================================
NOTES:
# LAST OF SEVERAL OCCURRENCES

COLUMN 17 PEAK WIND IN M.P.H.

PRELIMINARY LOCAL CLIMATOLOGICAL DATA (WS FORM: F-6) , PAGE 2

                                          STATION:  JACKSON  WY
                                          MONTH:    JANUARY
                                          YEAR:     2017
                                          LATITUDE:   43 35 N
                                          LONGITUDE: 110 44 W

[TEMPERATURE DATA]      [PRECIPITATION DATA]       SYMBOLS USED IN COLUMN 16

AVERAGE MONTHLY:  3.8   TOTAL FOR MONTH:   0.00    1 = FOG OR MIST
DPTR FM NORMAL:  -9.6   DPTR FM NORMAL:   -1.60    2 = FOG REDUCING VISIBILITY
HIGHEST:    36 ON  9    GRTST 24HR  0.00 ON 18-18      TO 1/4 MILE OR LESS
LOWEST:    -29 ON  6                               3 = THUNDER
                        SNOW, ICE PELLETS, HAIL    4 = ICE PELLETS
                        TOTAL MONTH:   0.0 INCH    5 = HAIL
                        GRTST 24HR     0.0         6 = FREEZING RAIN OR DRIZZLE
                        GRTST DEPTH:   0           7 = DUSTSTORM OR SANDSTORM:
                                                       VSBY 1/2 MILE OR LESS
                                                   8 = SMOKE OR HAZE
[NO. OF DAYS WITH]      [WEATHER - DAYS WITH]      9 = BLOWING SNOW
                                                   X = TORNADO
MAX 32 OR BELOW:  17    0.01 INCH OR MORE:   0
MAX 90 OR ABOVE:   0    0.10 INCH OR MORE:   0
MIN 32 OR BELOW:  17    0.50 INCH OR MORE:   0
MIN  0 OR BELOW:  11    1.00 INCH OR MORE:   0

[HDD (BASE 65) ]
TOTAL THIS MO.  1039    CLEAR  (SCALE 0-3)  10
DPTR FM NORMAL   110    PTCLDY (SCALE 4-7)   2
TOTAL FM JUL 1  4946    CLOUDY (SCALE 8-10)  6
DPTR FM NORMAL  -186

[CDD (BASE 65) ]
TOTAL THIS MO.     0
DPTR FM NORMAL     0    [PRESSURE DATA]
TOTAL FM JAN 1     0    HIGHEST SLP M ON M
DPTR FM NORMAL     0    LOWEST  SLP M ON M

[REMARKS]
