000
CXUS52 KJAX 260800
CF6JAX
PRELIMINARY LOCAL CLIMATOLOGICAL DATA (WS FORM: F-6)

                                          STATION:   JACKSONVILLE FL
                                          MONTH:     DECEMBER
                                          YEAR:      2014
                                          LATITUDE:   30 30 N
                                          LONGITUDE:  81 42 W

  TEMPERATURE IN F:       :PCPN:    SNOW:  WIND      :SUNSHINE: SKY     :PK WND
================================================================================
1   2   3   4   5  6A  6B    7    8   9   10  11  12  13   14  15   16   17  18
                                     12Z  AVG MX 2MIN
DY MAX MIN AVG DEP HDD CDD  WTR  SNW DPTH SPD SPD DIR MIN PSBL S-S WX    SPD DR
================================================================================

 1  77  49  63   5   2   0 0.00  0.0    0  4.5 15  50   M    M   3 1      19  50
 2  79  52  66   8   0   1 0.00  0.0    0  5.5 16  80   M    M   3 1      19  80
 3  76  56  66   8   0   1 0.00  0.0    0  5.2 10  60   M    M   8 12     13  70
 4  76  54  65   7   0   0 0.00  0.0    0  6.8 15  60   M    M   8 12     21  60
 5  65  60  63   6   2   0 0.00  0.0    0  8.2 16  20   M    M  10 12     18  40
 6  79  60  70  13   0   5 0.00  0.0    0  3.3 12 250   M    M   8 12     13 270
 7  63  54  59   2   6   0 0.01  0.0    0 11.6 22  20   M    M   9 1      29  20
 8  56  49  53  -4  12   0 0.00  0.0    0 12.3 22  20   M    M  10        28  30
 9  60  40  50  -6  15   0 0.00  0.0    0  9.1 18 290   M    M   4        23 290
10  59  36  48  -8  17   0 0.00  0.0    0  5.6 15 270   M    M   1        21 270
11  59  34  47  -9  18   0 0.00  0.0    0  5.7 14 260   M    M   5        23 220
12  64  35  50  -6  15   0 0.00  0.0    0  2.7 10  80   M    M   2 8      12  70
13  68  31  50  -6  15   0 0.00  0.0    0  2.8 12 260   M    M   0 1      14 260
14  71  31  51  -4  14   0 0.00  0.0    0  2.2 12 260   M    M   0        14 290
15  70  34  52  -3  13   0 0.00  0.0    0  1.6  8 200   M    M   2        14 290
16  76  34  55   0  10   0 0.00  0.0    0  6.8 18 240   M    M   2 1      25 240
17  66  40  53  -2  12   0 0.00  0.0    0  4.0 12 290   M    M   3 8      13 270
18  64  39  52  -3  13   0 0.00  0.0    0  2.3 10 290   M    M   6        12 280
19  70  41  56   2   9   0    T  0.0    0  2.3 10  70   M    M   7        11  60
20  69  51  60   6   5   0    T  0.0    0  6.7 14  60   M    M   8        16  30
21  58  56  57   3   8   0 0.16  0.0    0  8.4 15  50   M    M  10 1      19  30
22  70  56  63   9   2   0 2.59  0.0    0  6.4 16 330   M    M   8 123    22 340
23  74  62  68  14   0   3 0.74  0.0    0  6.5 15 120   M    M   7 13     19 110
24  79  64  72  18   0   7 0.22  0.0    0 13.2 24 190   M    M   8 13     33 190
25  64  42  53  -1  12   0 0.00  0.0    0  5.8 21 290   M    M   7 1      26 280
================================================================================
SM 1712 1160       200  17  3.72     0.0 149.5          M      139
================================================================================
AV 68.5 46.4                               6.0 FASTST   M    M   6    MAX(MPH)
                                 MISC ---->  # 24 190               # 33  190
================================================================================
NOTES:
# LAST OF SEVERAL OCCURRENCES

COLUMN 17 PEAK WIND IN M.P.H.

PRELIMINARY LOCAL CLIMATOLOGICAL DATA (WS FORM: F-6) , PAGE 2

                                          STATION:  JACKSONVILLE FL
                                          MONTH:    DECEMBER
                                          YEAR:     2014
                                          LATITUDE:   30 30 N
                                          LONGITUDE:  81 42 W

[TEMPERATURE DATA]      [PRECIPITATION DATA]       SYMBOLS USED IN COLUMN 16

AVERAGE MONTHLY: 57.4   TOTAL FOR MONTH:   3.72    1 = FOG OR MIST
DPTR FM NORMAL:   1.7   DPTR FM NORMAL:    1.45    2 = FOG REDUCING VISIBILITY
HIGHEST:    79 ON 24, 6 GRTST 24HR  3.30 ON 22-23      TO 1/4 MILE OR LESS
LOWEST:     31 ON 14,13                            3 = THUNDER
                        SNOW, ICE PELLETS, HAIL    4 = ICE PELLETS
                        TOTAL MONTH:   0.0 INCH    5 = HAIL
                        GRTST 24HR     0.0         6 = FREEZING RAIN OR DRIZZLE
                        GRTST DEPTH:   0           7 = DUSTSTORM OR SANDSTORM:
                                                       VSBY 1/2 MILE OR LESS
                                                   8 = SMOKE OR HAZE
[NO. OF DAYS WITH]      [WEATHER - DAYS WITH]      9 = BLOWING SNOW
                                                   X = TORNADO
MAX 32 OR BELOW:   0    0.01 INCH OR MORE:   5
MAX 90 OR ABOVE:   0    0.10 INCH OR MORE:   4
MIN 32 OR BELOW:   2    0.50 INCH OR MORE:   2
MIN  0 OR BELOW:   0    1.00 INCH OR MORE:   1

[HDD (BASE 65) ]
TOTAL THIS MO.   200    CLEAR  (SCALE 0-3)   7
DPTR FM NORMAL   -50    PTCLDY (SCALE 4-7)  13
TOTAL FM JUL 1   484    CLOUDY (SCALE 8-10)  5
DPTR FM NORMAL    61

[CDD (BASE 65) ]
TOTAL THIS MO.    17
DPTR FM NORMAL    -6    [PRESSURE DATA]
TOTAL FM JAN 1  2596    HIGHEST SLP M ON M
DPTR FM NORMAL   -71    LOWEST  SLP 29.74 ON 24

[REMARKS]
