000
CXUS54 KSJT 200900
CF6JCT
PRELIMINARY LOCAL CLIMATOLOGICAL DATA (WS FORM: F-6)

                                          STATION:   JUNCTION
                                          MONTH:     OCTOBER
                                          YEAR:      2014
                                          LATITUDE:   30 18 N
                                          LONGITUDE:  99 28 W

  TEMPERATURE IN F:       :PCPN:    SNOW:  WIND      :SUNSHINE: SKY     :PK WND
================================================================================
1   2   3   4   5  6A  6B    7    8   9   10  11  12  13   14  15   16   17  18
                                     12Z  AVG MX 2MIN
DY MAX MIN AVG DEP HDD CDD  WTR  SNW DPTH SPD SPD DIR MIN PSBL S-S WX    SPD DR
================================================================================

 1  93  69  81  10   0  16 0.00  0.0    0  6.7 16 180   M    M   2        20 190
 2  94  65  80  10   0  15    T  0.0    0  5.6 18 200   M    M   3        25 210
 3  87  52  70   0   0   5 0.00  0.0    0  5.0 15  70   M    M   0        20  70
 4  83  48  66  -4   0   1 0.00  0.0    0  5.0 17 170   M    M   0 8      23 200
 5  88  63  76   6   0  11 0.00  0.0    0  7.7 20 170   M    M   2        26 180
 6  93  64  79  10   0  14 0.00  0.0    0  3.9 16 160   M    M   2 1      20 150
 7  95  69  82  13   0  17 0.00  0.0    0  6.1 14 160   M    M   1        17 180
 8  90  67  79  11   0  14 0.00  0.0    0  6.8 20 190   M    M   2 8      24 160
 9  89  68  79  11   0  14 0.00  0.0    0  9.2 25 170   M    M   3        31 180
10  90  66  78  10   0  13 0.01  0.0    0  9.8 21 340   M    M   4 13     29 210
11  66  55  61  -7   4   0 0.52  0.0    0  6.9 20 350   M    M   9 13     29 350
12  83  54  69   2   0   4 0.00  0.0    0  6.6 22 170   M    M   4 12     29 200
13  74  50  62  -5   3   0 0.22  0.0    0 12.5 29 310   M    M   0 13     37 300
14  79  43  61  -6   4   0 0.00  0.0    0  5.7 16  10   M    M   0        22  10
15  85  41  63  -3   2   0 0.00  0.0    0  2.3 13 210   M    M   0 1      17 210
16  88  42  65  -1   0   0 0.00    M    0  5.0 16 210   M    M   0 8      22 180
17  94  47  71   5   0   6 0.00  0.0    0  3.4 12 120   M    M   0 8      15 120
18  84  54  69   4   0   4 0.00  0.0    0  4.0 15 100   M    M   3 8      21 100
19  82  57  70   5   0   5 0.00  0.0    0  6.3 16 140   M    M   3        23 120
================================================================================
SM 1637 1074        13 139  0.75     0.0 118.5          M       38
================================================================================
AV 86.2 56.5                               6.2 FASTST   M    M   2    MAX(MPH)
                                 MISC ---->  # 29 310               # 37  300
================================================================================
NOTES:
# LAST OF SEVERAL OCCURRENCES

COLUMN 17 PEAK WIND IN M.P.H.

PRELIMINARY LOCAL CLIMATOLOGICAL DATA (WS FORM: F-6) , PAGE 2

                                          STATION:  JUNCTION
                                          MONTH:    OCTOBER
                                          YEAR:     2014
                                          LATITUDE:   30 18 N
                                          LONGITUDE:  99 28 W

[TEMPERATURE DATA]      [PRECIPITATION DATA]       SYMBOLS USED IN COLUMN 16

AVERAGE MONTHLY: 71.3   TOTAL FOR MONTH:   0.75    1 = FOG OR MIST
DPTR FM NORMAL:   3.4   DPTR FM NORMAL:   -1.03    2 = FOG REDUCING VISIBILITY
HIGHEST:    95 ON  7    GRTST 24HR  0.53 ON 10-11      TO 1/4 MILE OR LESS
LOWEST:     41 ON 15                               3 = THUNDER
                        SNOW, ICE PELLETS, HAIL    4 = ICE PELLETS
                        TOTAL MONTH:   0.0 INCH    5 = HAIL
                        GRTST 24HR     0.0         6 = FREEZING RAIN OR DRIZZLE
                        GRTST DEPTH:   0           7 = DUSTSTORM OR SANDSTORM:
                                                       VSBY 1/2 MILE OR LESS
                                                   8 = SMOKE OR HAZE
[NO. OF DAYS WITH]      [WEATHER - DAYS WITH]      9 = BLOWING SNOW
                                                   X = TORNADO
MAX 32 OR BELOW:   0    0.01 INCH OR MORE:   3
MAX 90 OR ABOVE:   7    0.10 INCH OR MORE:   2
MIN 32 OR BELOW:   0    0.50 INCH OR MORE:   1
MIN  0 OR BELOW:   0    1.00 INCH OR MORE:   0

[HDD (BASE 65) ]
TOTAL THIS MO.    13    CLEAR  (SCALE 0-3)  15
DPTR FM NORMAL   -18    PTCLDY (SCALE 4-7)   3
TOTAL FM JUL 1    17    CLOUDY (SCALE 8-10)  1
DPTR FM NORMAL   -19

[CDD (BASE 65) ]
TOTAL THIS MO.   139
DPTR FM NORMAL    53    [PRESSURE DATA]
TOTAL FM JAN 1  2663    HIGHEST SLP M ON M
DPTR FM NORMAL   300    LOWEST  SLP 29.57 ON 12

[REMARKS]
