000
CXUS54 KSJT 291210
CF6JCT
PRELIMINARY LOCAL CLIMATOLOGICAL DATA (WS FORM: F-6)

                                          STATION:   JUNCTION
                                          MONTH:     SEPTEMBER
                                          YEAR:      2016
                                          LATITUDE:   30 18 N
                                          LONGITUDE:  99 28 W

  TEMPERATURE IN F:       :PCPN:    SNOW:  WIND      :SUNSHINE: SKY     :PK WND
================================================================================
1   2   3   4   5  6A  6B    7    8   9   10  11  12  13   14  15   16   17  18
                                     12Z  AVG MX 2MIN
DY MAX MIN AVG DEP HDD CDD  WTR  SNW DPTH SPD SPD DIR MIN PSBL S-S WX    SPD DR
================================================================================

 1  90  71  81   1   0  16 0.02  0.0    0  3.5 17  30   M    M   1 13     22  40
 2  87  68  78  -2   0  13 0.13  0.0    0  2.7 20 360   M    M   4 138    24  10
 3  91  68  80   1   0  15 0.00  0.0    0  3.3 18 150   M    M   4 18     26 140
 4  92  72  82   3   0  17    T  0.0    0  7.7 17 160   M    M   4 18     26 160
 5  92  71  82   3   0  17 0.00  0.0    0 11.7 23 170   M    M   4        28 170
 6  93  75  84   5   0  19 0.00  0.0    0 12.3 24 170   M    M   2        32 170
 7  94  75  85   7   0  20 0.00  0.0    0  9.0 21 160   M    M   3        27 170
 8  95  72  84   6   0  19 0.00  0.0    0  8.0 16 170   M    M   0        23 170
 9  95  72  84   6   0  19 0.00  0.0    0  8.0 22 140   M    M   0        25 140
10  86  67  77  -1   0  12    T  0.0    0  8.9 33  50   M    M   2        43  50
11  92  62  77   0   0  12 0.00  0.0    0  3.5 13 160   M    M   2 1      19 160
12  92  70  81   4   0  16 0.00  0.0    0  7.5 17 170   M    M   3 8      23 140
13  90  70  80   3   0  15 0.01  0.0    0  5.3 17 120   M    M   5        23 110
14  93  69  81   5   0  16 0.00  0.0    0  5.0 18  70   M    M   3 18     22  60
15  92  69  81   5   0  16    T  0.0    0  4.2 14 140   M    M   2 1      16 130
16  94  68  81   5   0  16 0.00  0.0    0  4.8 14 140   M    M   2        18 150
17  95  66  81   6   0  16 0.00  0.0    0  4.9 17  10   M    M   1        20  20
18  98  69  84   9   0  19 0.00  0.0    0  3.9 15 160   M    M   2        19 170
19  99  74  87  12   0  22    T  0.0    0  4.9 26 170   M    M   1 3      34 180
20  97  72  85  11   0  20 0.00  0.0    0  3.7 15 170   M    M   1        19 160
21  96  63  80   6   0  15 0.00  0.0    0  4.4 14  90   M    M   1        20 130
22  93  64  79   5   0  14 0.00  0.0    0  5.9 17 150   M    M   0 8      22 110
23  92  72  82   9   0  17    T  0.0    0  9.8 22 140   M    M   2        27 150
24  92  72  82   9   0  17 0.02  0.0    0 11.2 21 220   M    M   4 3      30 240
25  71  67  69  -4   0   4 2.75  0.0    0  8.5 17  10   M    M   9 13     23  10
26  68  62  65  -7   0   0 0.28  0.0    0  7.7 20  30   M    M  10        25  50
27  78  60  69  -3   0   4 0.00  0.0    0  3.6 12  20   M    M   4        16  30
28  86  56  71  -1   0   6 0.00  0.0    0  2.7  9 310   M    M   0        12 330
================================================================================
SM 2533 1916         0 412  3.21     0.0 176.6          M       76
================================================================================
AV 90.5 68.4                               6.3 FASTST   M    M   3    MAX(MPH)
                                 MISC ---->  # 33  50               # 43   50
================================================================================
NOTES:
# LAST OF SEVERAL OCCURRENCES

COLUMN 17 PEAK WIND IN M.P.H.

PRELIMINARY LOCAL CLIMATOLOGICAL DATA (WS FORM: F-6) , PAGE 2

                                          STATION:  JUNCTION
                                          MONTH:    SEPTEMBER
                                          YEAR:     2016
                                          LATITUDE:   30 18 N
                                          LONGITUDE:  99 28 W

[TEMPERATURE DATA]      [PRECIPITATION DATA]       SYMBOLS USED IN COLUMN 16

AVERAGE MONTHLY: 79.4   TOTAL FOR MONTH:   3.21    1 = FOG OR MIST
DPTR FM NORMAL:   3.4   DPTR FM NORMAL:    0.65    2 = FOG REDUCING VISIBILITY
HIGHEST:    99 ON 19    GRTST 24HR  2.77 ON 24-25      TO 1/4 MILE OR LESS
LOWEST:     56 ON 28                               3 = THUNDER
                        SNOW, ICE PELLETS, HAIL    4 = ICE PELLETS
                        TOTAL MONTH:   0.0 INCH    5 = HAIL
                        GRTST 24HR     0.0         6 = FREEZING RAIN OR DRIZZLE
                        GRTST DEPTH:   0           7 = DUSTSTORM OR SANDSTORM:
                                                       VSBY 1/2 MILE OR LESS
                                                   8 = SMOKE OR HAZE
[NO. OF DAYS WITH]      [WEATHER - DAYS WITH]      9 = BLOWING SNOW
                                                   X = TORNADO
MAX 32 OR BELOW:   0    0.01 INCH OR MORE:   6
MAX 90 OR ABOVE:  22    0.10 INCH OR MORE:   3
MIN 32 OR BELOW:   0    0.50 INCH OR MORE:   1
MIN  0 OR BELOW:   0    1.00 INCH OR MORE:   1

[HDD (BASE 65) ]
TOTAL THIS MO.     0    CLEAR  (SCALE 0-3)  18
DPTR FM NORMAL    -1    PTCLDY (SCALE 4-7)   8
TOTAL FM JUL 1     0    CLOUDY (SCALE 8-10)  2
DPTR FM NORMAL    -1

[CDD (BASE 65) ]
TOTAL THIS MO.   412
DPTR FM NORMAL    99    [PRESSURE DATA]
TOTAL FM JAN 1  2538    HIGHEST SLP M ON M
DPTR FM NORMAL   275    LOWEST  SLP 29.77 ON  9

[REMARKS]
