000
CXUS53 KLSX 281600
CF6JEF
PRELIMINARY LOCAL CLIMATOLOGICAL DATA (WS FORM: F-6)

                                          STATION:   JEFFERSON CITY
                                          MONTH:     DECEMBER
                                          YEAR:      2014
                                          LATITUDE:   38 35 N
                                          LONGITUDE:  92 10 W

  TEMPERATURE IN F:       :PCPN:    SNOW:  WIND      :SUNSHINE: SKY     :PK WND
================================================================================
1   2   3   4   5  6A  6B    7    8   9   10  11  12  13   14  15   16   17  18
                                     12Z  AVG MX 2MIN
DY MAX MIN AVG DEP HDD CDD  WTR  SNW DPTH SPD SPD DIR MIN PSBL S-S WX    SPD DR
================================================================================

 1  30  22  26 -13  39   0    T    M    0  9.7 17 350   M    M   9        23 350
 2  36  24  30  -8  35   0 0.00  0.0    0  4.5 13 200   M    M  10        17 190
 3  46  24  35  -3  30   0 0.00  0.0    0  2.2 12  70   M    M   1 18     15  50
 4  41  32  37  -1  28   0 0.00  0.0    0  6.7 12  90   M    M  10 18     16  70
 5  47  41  44   7  21   0 1.48  0.0    0  4.3 14 360   M    M  10 1      19  20
 6  42  36  39   2  26   0 0.00  0.0    0  7.3 13 360   M    M  10 18     17 350
 7  41  34  38   2  27   0    T  0.0    0  5.6 12 140   M    M   7 18     15 120
 8  54  33  44   8  21   0    T  0.0    0  6.0 18 290   M    M   5 1      26 280
 9  37  32  35  -1  30   0 0.00  0.0    0  6.5 15 350   M    M   9        19 340
10  37  31  34  -2  31   0    T    M    0  4.2 10 150   M    M  10 1      14 140
11  39  31  35   0  30   0 0.00  0.0    0  3.4  9  90   M    M  10        12  80
12  56  38  47  12  18   0 0.00  0.0    0  4.2  8 190   M    M   8 1      13 180
13  51  32  42   7  23   0 0.00  0.0    0  4.7 12 190   M    M   9 12     14 190
14  68  45  57  23   8   0 0.00  0.0    0  7.6 14 130   M    M   3 1      20 120
15  61  40  51  17  14   0 0.37  0.0    0 13.9 25 250   M    M   9 1      34 250
16  40  30  35   1  30   0    T  0.0    0 13.4 22 290   M    M  10 1      30 290
17  36  26  31  -3  34   0 0.00  0.0    0  4.8 12 240   M    M   5        14 260
18  35  30  33  -1  32   0 0.05    M    M  4.9  9  40   M    M  10 18     12 100
19  38  33  36   3  29   0 0.00  0.0    0  4.7  8 110   M    M  10 18     11 120
20  43  36  40   7  25   0 0.00  0.0    0  4.3  9 180   M    M  10 1      11 180
21  46  41  44  11  21   0 0.00  0.0    0  8.4 16 140   M    M  10        24 140
22  49  41  45  12  20   0 0.28  0.0    0  6.8 13 260   M    M  10 1      16 260
23  49  36  43  10  22   0 0.00  0.0    0  4.1 14 300   M    M   2        17 310
24  39  33  36   4  29   0 0.03    M    0  8.5 16 250   M    M   9 1      23 290
25  54  30  42  10  23   0 0.00  0.0    0  9.0 22 170   M    M   1        29 200
26  62  41  52  20  13   0    T  0.0    0  8.8 17 190   M    M   4 1      23 170
27  51  31  41   9  24   0 0.07    M    0  8.1 20 300   M    M  10 1      27 310
================================================================================
SM 1228  903       683   0  2.28     0.0 176.6          M      211
================================================================================
AV 45.5 33.4                               6.5 FASTST   M    M   8    MAX(MPH)
                                 MISC ---->  # 25 250               # 34  250
================================================================================
NOTES:
# LAST OF SEVERAL OCCURRENCES

COLUMN 17 PEAK WIND IN M.P.H.

PRELIMINARY LOCAL CLIMATOLOGICAL DATA (WS FORM: F-6) , PAGE 2

                                          STATION:  JEFFERSON CITY
                                          MONTH:    DECEMBER
                                          YEAR:     2014
                                          LATITUDE:   38 35 N
                                          LONGITUDE:  92 10 W

[TEMPERATURE DATA]      [PRECIPITATION DATA]       SYMBOLS USED IN COLUMN 16

AVERAGE MONTHLY: 39.5   TOTAL FOR MONTH:   2.28    1 = FOG OR MIST
DPTR FM NORMAL:   4.7   DPTR FM NORMAL:    0.05    2 = FOG REDUCING VISIBILITY
HIGHEST:    68 ON 14    GRTST 24HR  1.48 ON  5- 5      TO 1/4 MILE OR LESS
LOWEST:     22 ON  1                               3 = THUNDER
                        SNOW, ICE PELLETS, HAIL    4 = ICE PELLETS
                        TOTAL MONTH:   0.0 INCH    5 = HAIL
                        GRTST 24HR     0.0         6 = FREEZING RAIN OR DRIZZLE
                        GRTST DEPTH:   0           7 = DUSTSTORM OR SANDSTORM:
                                                       VSBY 1/2 MILE OR LESS
                                                   8 = SMOKE OR HAZE
[NO. OF DAYS WITH]      [WEATHER - DAYS WITH]      9 = BLOWING SNOW
                                                   X = TORNADO
MAX 32 OR BELOW:   1    0.01 INCH OR MORE:   6
MAX 90 OR ABOVE:   0    0.10 INCH OR MORE:   3
MIN 32 OR BELOW:  13    0.50 INCH OR MORE:   1
MIN  0 OR BELOW:   0    1.00 INCH OR MORE:   1

[HDD (BASE 65) ]
TOTAL THIS MO.   683    CLEAR  (SCALE 0-3)   3
DPTR FM NORMAL  -133    PTCLDY (SCALE 4-7)   6
TOTAL FM JUL 1  1735    CLOUDY (SCALE 8-10) 18
DPTR FM NORMAL    23

[CDD (BASE 65) ]
TOTAL THIS MO.     0
DPTR FM NORMAL     0    [PRESSURE DATA]
TOTAL FM JAN 1  1341    HIGHEST SLP M ON M
DPTR FM NORMAL   -15    LOWEST  SLP 29.53 ON 22

[REMARKS]
