000
CXUS53 KBIS 260725
CF6JMS
PRELIMINARY LOCAL CLIMATOLOGICAL DATA (WS FORM: F-6)

                                          STATION:   JAMESTOWN ND
                                          MONTH:     MAY
                                          YEAR:      2016
                                          LATITUDE:   46 55 N
                                          LONGITUDE:  98 40 W

  TEMPERATURE IN F:       :PCPN:    SNOW:  WIND      :SUNSHINE: SKY     :PK WND
================================================================================
1   2   3   4   5  6A  6B    7    8   9   10  11  12  13   14  15   16   17  18
                                     12Z  AVG MX 2MIN
DY MAX MIN AVG DEP HDD CDD  WTR  SNW DPTH SPD SPD DIR MIN PSBL S-S WX    SPD DR
================================================================================

 1  64  28  46  -4  19   0 0.00    M    M  5.8 14  30   M    M   0 8      19 360
 2  61  41  51   1  14   0 0.03    M    M  7.6 21 170   M    M   3        27 200
 3  71  38  55   4  10   0 0.00    M    M 14.8 30 350   M    M   0        40 360
 4  74  32  53   2  12   0 0.00    M    M  6.2 14 190   M    M   0        16 200
 5  88  50  69  18   0   4 0.00    M    M 11.5 22 220   M    M   0        31 220
 6  77  45  61   9   4   0    T    M    M 14.0 35  20   M    M   0 8      42  20
 7  67  37  52   0  13   0 0.00    M    M  4.5 14 350   M    M   1        17 360
 8  75  39  57   5   8   0 0.00    M    M  7.2 20 170   M    M   0        26 220
 9  70  51  61   8   4   0    T    M    M 18.5 33 120   M    M   6        42 120
10  67  43  55   2  10   0 0.31    M    M 12.5 24 230   M    M   9 1      33 220
11  59  41  50  -4  15   0 0.00    M    M 14.8 25 200   M    M   4        31 200
12  54  42  48  -6  17   0 0.00    M    M 18.2 28 310   M    M   9 8      33 310
13  44  30  37 -17  28   0    T    M    M 19.5 31 330   M    M   8        40 320
14  56  27  42 -13  23   0 0.00    M    M  8.9 25 340   M    M   4        35 320
15  68  34  51  -4  14   0 0.00    M    M 10.2 23 300   M    M   3 8      31 320
16  65  37  51  -4  14   0 0.00    M    M  8.6 18  10   M    M   2        24  30
17  68  32  50  -6  15   0 0.00    M    M  3.7 10  50   M    M   0        13  40
18  73  38  56   0   9   0 0.00    M    M  8.9 20 180   M    M   0        25 170
19  77  45  61   5   4   0 0.00    M    M 15.4 32 180   M    M   3        42 180
20  70  50  60   3   5   0 0.00    M    M 12.4 24 150   M    M   5        34 150
21  79  49  64   7   1   0 0.00    M    M 16.4 32 180   M    M   1        41 170
22  80  57  69  12   0   4 0.60    M    M 17.2 33 180   M    M   4 13     40 180
23  79  57  68  10   0   3 0.29    M    M  9.7 26 300   M    M   3 13     37 300
24  77  54  66   8   0   1 0.03    M    M  5.1 12 350   M    M   2 3       M  M
25  66  56  61   3   4   0 0.43    M    M  9.2 23 180   M    M   6 13     33 180
================================================================================
SM 1729 1053       243  12  1.69    M    280.8          M       73
================================================================================
AV 69.2 42.1                              11.2 FASTST   M    M   3    MAX(MPH)
                                 MISC ---->  # 35  20               # 42   20
================================================================================
NOTES:
# LAST OF SEVERAL OCCURRENCES

COLUMN 17 PEAK WIND IN M.P.H.

PRELIMINARY LOCAL CLIMATOLOGICAL DATA (WS FORM: F-6) , PAGE 2

                                          STATION:  JAMESTOWN ND
                                          MONTH:    MAY
                                          YEAR:     2016
                                          LATITUDE:   46 55 N
                                          LONGITUDE:  98 40 W

[TEMPERATURE DATA]      [PRECIPITATION DATA]       SYMBOLS USED IN COLUMN 16

AVERAGE MONTHLY: 55.6   TOTAL FOR MONTH:   1.69    1 = FOG OR MIST
DPTR FM NORMAL:   1.4   DPTR FM NORMAL:   -0.40    2 = FOG REDUCING VISIBILITY
HIGHEST:    88 ON  5    GRTST 24HR  0.85 ON 22-23      TO 1/4 MILE OR LESS
LOWEST:     27 ON 14                               3 = THUNDER
                        SNOW, ICE PELLETS, HAIL    4 = ICE PELLETS
                        TOTAL MONTH:    M          5 = HAIL
                        GRTST 24HR    M  ON   M    6 = FREEZING RAIN OR DRIZZLE
                        GRTST DEPTH:  M  ON   M    7 = DUSTSTORM OR SANDSTORM:
                                                       VSBY 1/2 MILE OR LESS
                                                   8 = SMOKE OR HAZE
[NO. OF DAYS WITH]      [WEATHER - DAYS WITH]      9 = BLOWING SNOW
                                                   X = TORNADO
MAX 32 OR BELOW:   0    0.01 INCH OR MORE:   6
MAX 90 OR ABOVE:   0    0.10 INCH OR MORE:   4
MIN 32 OR BELOW:   5    0.50 INCH OR MORE:   1
MIN  0 OR BELOW:   0    1.00 INCH OR MORE:   0

[HDD (BASE 65) ]
TOTAL THIS MO.   243    CLEAR  (SCALE 0-3)  15
DPTR FM NORMAL   -40    PTCLDY (SCALE 4-7)   8
TOTAL FM JUL 1  7530    CLOUDY (SCALE 8-10)  2
DPTR FM NORMAL -1347

[CDD (BASE 65) ]
TOTAL THIS MO.    12
DPTR FM NORMAL    -2    [PRESSURE DATA]
TOTAL FM JAN 1    12    HIGHEST SLP M ON M
DPTR FM NORMAL    -4    LOWEST  SLP 29.51 ON 22

[REMARKS]
