000
CXHW50 PHFO 171250
CF6JRF
PRELIMINARY LOCAL CLIMATOLOGICAL DATA (WS FORM: F-6)

                                          STATION:   KALAELOA ARPT/OAHU HI
                                          MONTH:     FEBRUARY
                                          YEAR:      2018
                                          LATITUDE:   21 19 N
                                          LONGITUDE: 158  4 W

  TEMPERATURE IN F:       :PCPN:    SNOW:  WIND      :SUNSHINE: SKY     :PK WND
================================================================================
1   2   3   4   5  6A  6B    7    8   9   10  11  12  13   14  15   16   17  18
                                     12Z  AVG MX 2MIN
DY MAX MIN AVG DEP HDD CDD  WTR  SNW DPTH SPD SPD DIR MIN PSBL S-S WX    SPD DR
================================================================================

 1  83  75  79   7   0  14 0.07  0.0    M  9.9 18 180   M    M   M        22 180
 2  80  72  76   4   0  11 0.13  0.0    M  7.6 23 150   M    M   M        27 140
 3  81  71  76   4   0  11 0.08  0.0    M  6.2 13 180   M    M   M        16 180
 4  80  70  75   3   0  10 0.39  0.0    M  8.2 18 220   M    M   M        24 220
 5  81  70  76   4   0  11 0.11  0.0    M  7.2 25 300   M    M   M        30 320
 6  79  64  72   0   0   7 0.00  0.0    M  4.8 12 160   M    M   M        14 160
 7  80  62  71  -1   0   6 0.00  0.0    M  6.6 20 290   M    M   M        24 300
 8  79  58  69  -3   0   4 0.00  0.0    M  5.8 17 330   M    M   M        28 340
 9  79  58  69  -3   0   4 0.00  0.0    M  6.9 17  30   M    M   M        30  30
10  81  62  72   0   0   7 0.00  0.0    M  5.0 12  40   M    M   M        20  40
11  78  63  71  -1   0   6 0.00  0.0    M  5.8 15 150   M    M   M        16 150
12  80  59  70  -2   0   5 0.00  0.0    M  4.6 12 150   M    M   M        14 130
13  77  69  73   1   0   8 0.68  0.0    M  4.6 16 180   M    M   M        21 180
14  75  70  73   1   0   8 1.54  0.0    M  7.5 20 260   M    M   M 1      27 260
15  78  66  72   0   0   7 0.38  0.0    M  7.7 17 290   M    M   M 1      21 310
16  80  63  72   0   0   7 0.00  0.0    M  5.0 12 220   M    M   M        14 230
================================================================================
SM 1271 1052         0 126  3.38     0.0 103.4          M        M
================================================================================
AV 79.4 65.8                               6.5 FASTST   M    M -nan   MAX(MPH)
                                 MISC ---->  # 25 300               # 30  320
================================================================================
NOTES:
# LAST OF SEVERAL OCCURRENCES

COLUMN 17 PEAK WIND IN M.P.H.

PRELIMINARY LOCAL CLIMATOLOGICAL DATA (WS FORM: F-6) , PAGE 2

                                          STATION:  KALAELOA ARPT/OAHU HI
                                          MONTH:    FEBRUARY
                                          YEAR:     2018
                                          LATITUDE:   21 19 N
                                          LONGITUDE: 158  4 W

[TEMPERATURE DATA]      [PRECIPITATION DATA]       SYMBOLS USED IN COLUMN 16

AVERAGE MONTHLY: 72.6   TOTAL FOR MONTH:   3.38    1 = FOG OR MIST
DPTR FM NORMAL:   0.6   DPTR FM NORMAL:    1.76    2 = FOG REDUCING VISIBILITY
HIGHEST:    83 ON  1    GRTST 24HR  1.54 ON 14-14      TO 1/4 MILE OR LESS
LOWEST:     58 ON  9, 8                            3 = THUNDER
                        SNOW, ICE PELLETS, HAIL    4 = ICE PELLETS
                        TOTAL MONTH:   0.0 INCH    5 = HAIL
                        GRTST 24HR     0.0         6 = FREEZING RAIN OR DRIZZLE
                        GRTST DEPTH:  M  ON   M    7 = DUSTSTORM OR SANDSTORM:
                                                       VSBY 1/2 MILE OR LESS
                                                   8 = SMOKE OR HAZE
[NO. OF DAYS WITH]      [WEATHER - DAYS WITH]      9 = BLOWING SNOW
                                                   X = TORNADO
MAX 32 OR BELOW:   0    0.01 INCH OR MORE:   8
MAX 90 OR ABOVE:   0    0.10 INCH OR MORE:   6
MIN 32 OR BELOW:   0    0.50 INCH OR MORE:   2
MIN  0 OR BELOW:   0    1.00 INCH OR MORE:   1

[HDD (BASE 65) ]
TOTAL THIS MO.     0    CLEAR  (SCALE 0-3)   0
DPTR FM NORMAL     0    PTCLDY (SCALE 4-7)   0
TOTAL FM JUL 1     0    CLOUDY (SCALE 8-10)  0
DPTR FM NORMAL     0

[CDD (BASE 65) ]
TOTAL THIS MO.   126
DPTR FM NORMAL    14    [PRESSURE DATA]
TOTAL FM JAN 1   369    HIGHEST SLP M ON M
DPTR FM NORMAL    18    LOWEST  SLP 29.73 ON  6

[REMARKS]
