000
CXUS53 KIND 310730
CF6LAF
PRELIMINARY LOCAL CLIMATOLOGICAL DATA (WS FORM: F-6)

                                          STATION:   LAFAYETTE IN
                                          MONTH:     JULY
                                          YEAR:      2015
                                          LATITUDE:   40 25 N
                                          LONGITUDE:  86 56 W

  TEMPERATURE IN F:       :PCPN:    SNOW:  WIND      :SUNSHINE: SKY     :PK WND
================================================================================
1   2   3   4   5  6A  6B    7    8   9   10  11  12  13   14  15   16   17  18
                                     12Z  AVG MX 2MIN
DY MAX MIN AVG DEP HDD CDD  WTR  SNW DPTH SPD SPD DIR MIN PSBL S-S WX    SPD DR
================================================================================

 1  75  56  66  -8   0   1 0.00    M    M  5.1 15  20   M    M   3        19  30
 2  77  57  67  -8   0   2 0.00    M    M  9.1 16  50   M    M   7        20  60
 3  76  61  69  -6   0   4 0.00    M    M  7.0 14  60   M    M   3 1      17  60
 4  79  55  67  -8   0   2 0.00    M    M  1.8  8 240   M    M   0 18     10 240
 5  82  58  70  -5   0   5 0.00    M    M  1.6  8 200   M    M   0 18     10 170
 6  84  63  74  -1   0   9 0.00    M    M  5.5 13 190   M    M   1 18     18 230
 7  76  53  65 -10   0   0 0.25    M    M  8.5 21 290   M    M   6 138    26 290
 8  66  51  59 -16   6   0 0.56    M    M  2.9 12 110   M    M   7 1      18 110
 9  73  64  69  -6   0   4 0.03    M    M  7.7 18 260   M    M  10 1      26 240
10  76  60  68  -7   0   3 0.00    M    M  2.2  9  60   M    M   6 18     12  50
11  78  56  67  -8   0   2 1.01    M    M  3.3 15 330   M    M   2 13     18 330
12  83  67  75   0   0  10 0.04    M    M  6.1 12  60   M    M   6 13     16 330
13  84  66  75   0   0  10 1.38    M    M  6.9 28 350   M    M   5 13     33 340
14  84  64  74  -1   0   9 0.00    M    M  8.8 22 360   M    M   3 1      30  10
15  79  60  70  -5   0   5 0.00    M    M  5.6 12  10   M    M   5        16 360
16  80  61  71  -4   0   6    T    M    M  5.7 16 170   M    M   1        21 160
17  87  66  77   2   0  12 2.06    M    M  7.3 24  30   M    M   5 138    33  20
18  90  67  79   4   0  14 0.00    M    M  5.5 15 230   M    M   1 1      20 220
19  84  71  78   3   0  13 0.48    M    M  5.4 16 290   M    M   4 123    23 290
20  83  67  75   1   0  10 0.05    M    M  3.4 13 270   M    M   5 12     18 250
21  80  60  70  -4   0   5 0.00    M    M  6.5 15 350   M    M   3 12     20 350
22  80  56  68  -6   0   3 0.00    M    M  1.9  8  20   M    M   2 12     11 230
23  82  61  72  -2   0   7 0.00    M    M  2.8 12  70   M    M   2        16  50
24  84  61  73  -1   0   8 0.00    M    M  2.3  9 190   M    M   1 1      15 160
25  85  64  75   1   0  10 0.01    M    M  3.9 14 220   M    M   3 18     19 220
26  84  67  76   2   0  11 0.80    M    M  3.0 14 190   M    M   3 138    20 200
27  84  67  76   2   0  11 0.00    M    M  5.3 15  70   M    M   5 1      17  70
28  90  69  80   6   0  15 0.00    M    M  2.9  8 120   M    M   2 18     11 140
29  86  64  75   1   0  10 0.00    M    M  4.4 16 280   M    M   4 1      23 320
30  85  59  72  -2   0   7 0.00    M    M  5.7 17 290   M    M   0        24 310
================================================================================
SM 2436 1851         6 208  6.67    M    148.1          M      105
================================================================================
AV 81.2 61.7                               4.9 FASTST   M    M   4    MAX(MPH)
                                 MISC ---->  # 28 350               # 33  340
================================================================================
NOTES:
# LAST OF SEVERAL OCCURRENCES

COLUMN 17 PEAK WIND IN M.P.H.

PRELIMINARY LOCAL CLIMATOLOGICAL DATA (WS FORM: F-6) , PAGE 2

                                          STATION:  LAFAYETTE IN
                                          MONTH:    JULY
                                          YEAR:     2015
                                          LATITUDE:   40 25 N
                                          LONGITUDE:  86 56 W

[TEMPERATURE DATA]      [PRECIPITATION DATA]       SYMBOLS USED IN COLUMN 16

AVERAGE MONTHLY: 71.4   TOTAL FOR MONTH:   6.67    1 = FOG OR MIST
DPTR FM NORMAL:  -3.2   DPTR FM NORMAL:    2.81    2 = FOG REDUCING VISIBILITY
HIGHEST:    90 ON 28,18 GRTST 24HR  2.06 ON 17-17      TO 1/4 MILE OR LESS
LOWEST:     51 ON  8                               3 = THUNDER
                        SNOW, ICE PELLETS, HAIL    4 = ICE PELLETS
                        TOTAL MONTH:    M          5 = HAIL
                        GRTST 24HR    M  ON   M    6 = FREEZING RAIN OR DRIZZLE
                        GRTST DEPTH:  M  ON   M    7 = DUSTSTORM OR SANDSTORM:
                                                       VSBY 1/2 MILE OR LESS
                                                   8 = SMOKE OR HAZE
[NO. OF DAYS WITH]      [WEATHER - DAYS WITH]      9 = BLOWING SNOW
                                                   X = TORNADO
MAX 32 OR BELOW:   0    0.01 INCH OR MORE:  11
MAX 90 OR ABOVE:   2    0.10 INCH OR MORE:   7
MIN 32 OR BELOW:   0    0.50 INCH OR MORE:   5
MIN  0 OR BELOW:   0    1.00 INCH OR MORE:   3

[HDD (BASE 65) ]
TOTAL THIS MO.     6    CLEAR  (SCALE 0-3)  16
DPTR FM NORMAL     6    PTCLDY (SCALE 4-7)  13
TOTAL FM JUL 1     6    CLOUDY (SCALE 8-10)  1
DPTR FM NORMAL     6

[CDD (BASE 65) ]
TOTAL THIS MO.   208
DPTR FM NORMAL   -82    [PRESSURE DATA]
TOTAL FM JAN 1   480    HIGHEST SLP  0.00 ON 23
DPTR FM NORMAL  -104    LOWEST  SLP 29.19 ON 30

[REMARKS]
