000
CXUS55 KTBW 311000
CF6LAL
PRELIMINARY LOCAL CLIMATOLOGICAL DATA (WS FORM: F-6)

                                          STATION:   Lakeland Linder
                                          MONTH:     OCTOBER
                                          YEAR:      2014
                                          LATITUDE:   28  0 N
                                          LONGITUDE:  82  3 W

  TEMPERATURE IN F:       :PCPN:    SNOW:  WIND      :SUNSHINE: SKY     :PK WND
================================================================================
1   2   3   4   5  6A  6B    7    8   9   10  11  12  13   14  15   16   17  18
                                     12Z  AVG MX 2MIN
DY MAX MIN AVG DEP HDD CDD  WTR  SNW DPTH SPD SPD DIR MIN PSBL S-S WX    SPD DR
================================================================================

 1  87  75  81   1   0  16 0.27  0.0    0  5.2 13 280   M    M   8 1       M  M
 2  90  73  82   3   0  17 0.10  0.0    0  1.6  7 330   M    M   4         M  M
 3  92  74  83   4   0  18 0.00  0.0    0  3.5 13 320   M    M   3        23 330
 4  90  73  82   3   0  17 0.10  0.0    0  6.6 15 320   M    M   5 3      28 320
 5  81  51  66 -13   0   1 0.00  0.0    0  6.1  9  10   M    M   0         M  M
 6  81  57  69 -10   0   4 0.00  0.0    0  3.9  9 100   M    M   4         M  M
 7  86  68  77  -1   0  12 0.00  0.0    0  3.6 10 150   M    M   3         M  M
 8  85  67  76  -2   0  11 0.00  0.0    0  2.1  7 110   M    M   2         M  M
 9  85  66  76  -2   0  11 0.00  0.0    0  4.5 12  70   M    M   1        20  50
10  86  69  78   0   0  13 0.00  0.0    0  5.5 12  70   M    M   2 1      17  70
11   M   M   M   M   M   M 0.00  0.0    0  4.4 10  80   M    M   2         M  M
12   M   M   M   M   M   M 0.00  0.0    0  5.8 12  90   M    M   2         M  M
13  86  67  77   0   0  12 0.00  0.0    0  6.9 15 120   M    M   3        17 120
14  86  71  79   2   0  14 0.19  0.0    0  7.1 16 170   M    M   7        25 200
15  81  72  77   0   0  12 0.19  0.0    0  4.9  9 300   M    M   6         M  M
16  79  58  69  -7   0   4 0.00  0.0    0  3.2 15 310   M    M   2        23 290
17  81  57  69  -7   0   4 0.00  0.0    0  2.4  8 310   M    M   0         M  M
18  81  56  69  -7   0   4 0.00  0.0    0  2.1  9 320   M    M   0         M  M
19  84  58  71  -5   0   6 0.00  0.0    0  3.5 12  80   M    M   3         M  M
20  84  58  71  -4   0   6 0.00  0.0    0  1.5  6  60   M    M   3         M  M
21  82  63  73  -2   0   8 0.00  0.0    0  1.1  6 290   M    M   7         M  M
22  84  63  74  -1   0   9 0.00  0.0    0  3.8 14  60   M    M   3        17  60
23  85  60  73  -2   0   8 0.00  0.0    0  8.5 14  80   M    M   0        17  50
24  85  60  73  -1   0   8 0.00  0.0    0  8.0 14  50   M    M   2        20  60
25  80  56  68  -6   0   3 0.00  0.0    0  5.3 12 360   M    M   0         M  M
26  81  51  66  -8   0   1 0.00  0.0    0  0.7  9  50   M    M   0        17  50
27  84  54  69  -5   0   4 0.00  0.0    0  3.0  9  80   M    M   0         M  M
28  85  60  73  -1   0   8 0.00  0.0    0  2.2  9 140   M    M   1         M  M
29  85  62  74   1   0   9 0.00  0.0    0  1.9  7 160   M    M   2         M  M
30  82  63  73   0   0   8 0.00  0.0    0  1.1  6 260   M    M   5         M  M
================================================================================
SM 2358 1762         0 248  0.85     0.0 120.0          M       80
================================================================================
AV 84.2 62.9                               4.0 FASTST   M    M   3    MAX(MPH)
                                 MISC ---->    16   M                 28    M
================================================================================
NOTES:
# LAST OF SEVERAL OCCURRENCES

COLUMN 17 PEAK WIND IN M.P.H.

PRELIMINARY LOCAL CLIMATOLOGICAL DATA (WS FORM: F-6) , PAGE 2

                                          STATION:  Lakeland Linder
                                          MONTH:    OCTOBER
                                          YEAR:     2014
                                          LATITUDE:   28  0 N
                                          LONGITUDE:  82  3 W

[TEMPERATURE DATA]      [PRECIPITATION DATA]       SYMBOLS USED IN COLUMN 16

AVERAGE MONTHLY: 73.6   TOTAL FOR MONTH:   0.85    1 = FOG OR MIST
DPTR FM NORMAL:  -2.9   DPTR FM NORMAL:   -1.71    2 = FOG REDUCING VISIBILITY
HIGHEST:    92 ON  3    GRTST 24HR  0.27 ON  1- 1      TO 1/4 MILE OR LESS
LOWEST:     51 ON 26, 5                            3 = THUNDER
                        SNOW, ICE PELLETS, HAIL    4 = ICE PELLETS
                        TOTAL MONTH:   0.0 INCH    5 = HAIL
                        GRTST 24HR     0.0         6 = FREEZING RAIN OR DRIZZLE
                        GRTST DEPTH:   0           7 = DUSTSTORM OR SANDSTORM:
                                                       VSBY 1/2 MILE OR LESS
                                                   8 = SMOKE OR HAZE
[NO. OF DAYS WITH]      [WEATHER - DAYS WITH]      9 = BLOWING SNOW
                                                   X = TORNADO
MAX 32 OR BELOW:   0    0.01 INCH OR MORE:   5
MAX 90 OR ABOVE:   3    0.10 INCH OR MORE:   5
MIN 32 OR BELOW:   0    0.50 INCH OR MORE:   0
MIN  0 OR BELOW:   0    1.00 INCH OR MORE:   0

[HDD (BASE 65) ]
TOTAL THIS MO.     0    CLEAR  (SCALE 0-3)  19
DPTR FM NORMAL     0    PTCLDY (SCALE 4-7)  11
TOTAL FM JUL 1     0    CLOUDY (SCALE 8-10)  0
DPTR FM NORMAL     0

[CDD (BASE 65) ]
TOTAL THIS MO.   248
DPTR FM NORMAL   -98    [PRESSURE DATA]
TOTAL FM JAN 1  3232    HIGHEST SLP M ON M
DPTR FM NORMAL  -235    LOWEST  SLP M ON M

[REMARKS]
