949
CXUS53 KGRR 221017
CF6LAN
PRELIMINARY LOCAL CLIMATOLOGICAL DATA (WS FORM: F-6)

                                          STATION:   LANSING MI
                                          MONTH:     MAY
                                          YEAR:      2015
                                          LATITUDE:   42 46 N
                                          LONGITUDE:  84 36 W

  TEMPERATURE IN F:       :PCPN:    SNOW:  WIND      :SUNSHINE: SKY     :PK WND
================================================================================
1   2   3   4   5  6A  6B    7    8   9   10  11  12  13   14  15   16   17  18
                                     12Z  AVG MX 2MIN
DY MAX MIN AVG DEP HDD CDD  WTR  SNW DPTH SPD SPD DIR MIN PSBL S-S WX    SPD DR
================================================================================

 1  73  39  56   3   9   0 0.00  0.0    0  6.6 21 280   M    M   1        26 270
 2  75  42  59   6   6   0 0.00  0.0    0  6.5 20 240   M    M   1 8      24 230
 3  80  52  66  12   0   1 0.00  0.0    0  9.4 22 190   M    M   2        29 220
 4  75  58  67  13   0   2 0.11  0.0    0 11.5 25 260   M    M   5 1      34 270
 5  58  48  53  -1  12   0 0.40  0.0    0  6.6 14  70   M    M   8 1      18  60
 6  74  52  63   9   2   0 0.00  0.0    0  5.7 10 160   M    M   5 18     17 180
 7  85  57  71  16   0   6 0.00  0.0    0  8.6 18 200   M    M   2 18     22 200
 8  83  62  73  18   0   8 0.03  0.0    0  9.2 24 250   M    M   2        32 250
 9  73  59  66  10   0   1 0.06  0.0    0  5.7 15 250   M    M   9 18     19 250
10  64  51  58   2   7   0 0.37  0.0    0  7.8 13  30   M    M  10 1      16  30
11  71  49  60   4   5   0 0.24  0.0    0  9.2 23 260   M    M   9 128    29 230
12  56  46  51  -5  14   0    T  0.0    0 16.2 30 250   M    M  10 8      36 250
13  57  38  48  -9  17   0 0.00  0.0    0  5.8 14 310   M    M   6        19 310
14  65  37  51  -6  14   0 0.00  0.0    0  7.4 15 150   M    M   0 1      19 150
15  73  50  62   5   3   0 0.36  0.0    0  8.4 16 210   M    M   9 128    28 180
16  77  55  66   8   0   1 0.58  0.0    0  3.2  9 190   M    M   8 128    12 160
17  81  64  73  15   0   8 0.01  0.0    0 10.2 22 190   M    M   6 18     31 190
18  83  54  69  11   0   4 0.00  0.0    0 13.1 25 270   M    M   2 1      31 270
19  54  39  47 -12  18   0 0.00  0.0    0 11.9 21 280   M    M   7        26 290
20  59  34  47 -12  18   0 0.00  0.0    0  4.6 14 360   M    M   3        18 360
21  64  45  55  -4  10   0 0.00  0.0    0 10.4 23 260   M    M   4        28 250
================================================================================
SM 1480 1031       135  31  2.16     0.0 178.0          M      109
================================================================================
AV 70.5 49.1                               8.5 FASTST   M    M   5    MAX(MPH)
                                 MISC ---->  # 30 250               # 36  250
================================================================================
NOTES:
# LAST OF SEVERAL OCCURRENCES

COLUMN 17 PEAK WIND IN M.P.H.

PRELIMINARY LOCAL CLIMATOLOGICAL DATA (WS FORM: F-6) , PAGE 2

                                          STATION:  LANSING MI
                                          MONTH:    MAY
                                          YEAR:     2015
                                          LATITUDE:   42 46 N
                                          LONGITUDE:  84 36 W

[TEMPERATURE DATA]      [PRECIPITATION DATA]       SYMBOLS USED IN COLUMN 16

AVERAGE MONTHLY: 59.8   TOTAL FOR MONTH:   2.16    1 = FOG OR MIST
DPTR FM NORMAL:   3.7   DPTR FM NORMAL:   -0.06    2 = FOG REDUCING VISIBILITY
HIGHEST:    85 ON  7    GRTST 24HR  0.58 ON 16-16      TO 1/4 MILE OR LESS
LOWEST:     34 ON 20                               3 = THUNDER
                        SNOW, ICE PELLETS, HAIL    4 = ICE PELLETS
                        TOTAL MONTH:   0.0 INCH    5 = HAIL
                        GRTST 24HR     0.0         6 = FREEZING RAIN OR DRIZZLE
                        GRTST DEPTH:   0           7 = DUSTSTORM OR SANDSTORM:
                                                       VSBY 1/2 MILE OR LESS
                                                   8 = SMOKE OR HAZE
[NO. OF DAYS WITH]      [WEATHER - DAYS WITH]      9 = BLOWING SNOW
                                                   X = TORNADO
MAX 32 OR BELOW:   0    0.01 INCH OR MORE:   9
MAX 90 OR ABOVE:   0    0.10 INCH OR MORE:   6
MIN 32 OR BELOW:   0    0.50 INCH OR MORE:   1
MIN  0 OR BELOW:   0    1.00 INCH OR MORE:   0

[HDD (BASE 65) ]
TOTAL THIS MO.   135    CLEAR  (SCALE 0-3)   8
DPTR FM NORMAL   -67    PTCLDY (SCALE 4-7)   7
TOTAL FM JUL 1  7141    CLOUDY (SCALE 8-10)  6
DPTR FM NORMAL   541

[CDD (BASE 65) ]
TOTAL THIS MO.    31
DPTR FM NORMAL    16    [PRESSURE DATA]
TOTAL FM JAN 1    31    HIGHEST SLP M ON M
DPTR FM NORMAL     9    LOWEST  SLP 29.76 ON 11

[REMARKS]
