000
CXUS54 KLUB 280755
CF6LBB
PRELIMINARY LOCAL CLIMATOLOGICAL DATA (WS FORM: F-6)

                                          STATION:   LUBBOCK
                                          MONTH:     SEPTEMBER
                                          YEAR:      2016
                                          LATITUDE:   33 39 N
                                          LONGITUDE: 101 49 W

  TEMPERATURE IN F:       :PCPN:    SNOW:  WIND      :SUNSHINE: SKY     :PK WND
================================================================================
1   2   3   4   5  6A  6B    7    8   9   10  11  12  13   14  15   16   17  18
                                     12Z  AVG MX 2MIN
DY MAX MIN AVG DEP HDD CDD  WTR  SNW DPTH SPD SPD DIR MIN PSBL S-S WX    SPD DR
================================================================================

 1  83  67  75  -1   0  10 0.03  0.0    0  6.6 15  50   M    M   7 1      17  50
 2  82  65  74  -2   0   9 0.13  0.0    0  7.2 15  70   M    M   6 12     19  70
 3  84  65  75  -1   0  10 0.00  0.0    0 10.4 20 180   M    M   6 128    24 180
 4  87  68  78   2   0  13 0.00  0.0    0 15.3 25 160   M    M   4 18     33 150
 5  88  65  77   2   0  12 0.00  0.0    0 15.9 29 180   M    M   3        35 180
 6  87  68  78   3   0  13 0.06  0.0    0 14.6 30 160   M    M   6        36 160
 7  85  69  77   2   0  12 0.04  0.0    0 12.6 24 220   M    M   8 1      29 200
 8  92  71  82   8   0  17    T  0.0    0 14.2 24 210   M    M   5        30 210
 9  92  71  82   8   0  17 0.00  0.0    0 11.1 20 200   M    M   2        25 220
10  78  60  69  -5   0   4 0.22  0.0    0 12.7 35  20   M    M   5 13     45  20
11  84  60  72  -1   0   7 0.00  0.0    0 12.7 24 220   M    M   1        30 220
12  88  66  77   4   0  12 0.00  0.0    0 13.8 24 200   M    M   6        31 210
13  86  64  75   2   0  10 0.11  0.0    0  8.4 25  60   M    M   5 13     32  60
14  80  64  72   0   0   7    T  0.0    0  8.4 18 110   M    M   9 1      22 110
15  83  63  73   1   0   8 0.68  0.0    0  9.6 35 300   M    M   8 13     37 310
16  80  59  70  -2   0   5 0.00  0.0    0  6.9 18 330   M    M   4 38     26 280
17  79  61  70  -1   0   5 0.17  0.0    0  6.6 14 170   M    M   8 138    17 180
18  89  62  76   5   0  11 0.00  0.0    0  8.3 18 240   M    M   2        23 240
19  93  65  79   9   0  14 0.00  0.0    0  8.9 16 150   M    M   2 18     20 190
20  91  66  79   9   0  14 0.00  0.0    0  9.2 21 190   M    M   4        25 190
21  89  64  77   7   0  12 0.00  0.0    0 10.2 21 190   M    M   8        25 180
22  87  62  75   5   0  10 0.00  0.0    0 11.3 21 170   M    M   2 1      26 190
23  87  61  74   5   0   9 0.00  0.0    0 14.5 25 180   M    M   2        31 180
24  82  65  74   5   0   9 0.02  0.0    0  8.8 20 170   M    M   7 13     24 180
25  71  60  66  -2   0   1 0.01  0.0    0 11.7 35  30   M    M  10 178    46  30
26  73  55  64  -4   1   0 0.00  0.0    0  9.3 21  70   M    M   8        26  70
27  79  50  65  -3   0   0 0.00  0.0    0  5.0  9 320   M    M   7 8      12 340
================================================================================
SM 2279 1716         1 251  1.47     0.0 284.2          M      145
================================================================================
AV 84.4 63.6                              10.5 FASTST   M    M   5    MAX(MPH)
                                 MISC ---->  # 35  20               # 46   30
================================================================================
NOTES:
# LAST OF SEVERAL OCCURRENCES

COLUMN 17 PEAK WIND IN M.P.H.

PRELIMINARY LOCAL CLIMATOLOGICAL DATA (WS FORM: F-6) , PAGE 2

                                          STATION:  LUBBOCK
                                          MONTH:    SEPTEMBER
                                          YEAR:     2016
                                          LATITUDE:   33 39 N
                                          LONGITUDE: 101 49 W

[TEMPERATURE DATA]      [PRECIPITATION DATA]       SYMBOLS USED IN COLUMN 16

AVERAGE MONTHLY: 74.0   TOTAL FOR MONTH:   1.47    1 = FOG OR MIST
DPTR FM NORMAL:   1.8   DPTR FM NORMAL:   -0.83    2 = FOG REDUCING VISIBILITY
HIGHEST:    93 ON 19    GRTST 24HR  0.68 ON 15-15      TO 1/4 MILE OR LESS
LOWEST:     50 ON 27                               3 = THUNDER
                        SNOW, ICE PELLETS, HAIL    4 = ICE PELLETS
                        TOTAL MONTH:   0.0 INCH    5 = HAIL
                        GRTST 24HR     0.0         6 = FREEZING RAIN OR DRIZZLE
                        GRTST DEPTH:   0           7 = DUSTSTORM OR SANDSTORM:
                                                       VSBY 1/2 MILE OR LESS
                                                   8 = SMOKE OR HAZE
[NO. OF DAYS WITH]      [WEATHER - DAYS WITH]      9 = BLOWING SNOW
                                                   X = TORNADO
MAX 32 OR BELOW:   0    0.01 INCH OR MORE:  10
MAX 90 OR ABOVE:   4    0.10 INCH OR MORE:   5
MIN 32 OR BELOW:   0    0.50 INCH OR MORE:   1
MIN  0 OR BELOW:   0    1.00 INCH OR MORE:   0

[HDD (BASE 65) ]
TOTAL THIS MO.     1    CLEAR  (SCALE 0-3)   7
DPTR FM NORMAL   -16    PTCLDY (SCALE 4-7)  17
TOTAL FM JUL 1     1    CLOUDY (SCALE 8-10)  3
DPTR FM NORMAL   -16

[CDD (BASE 65) ]
TOTAL THIS MO.   251
DPTR FM NORMAL    41    [PRESSURE DATA]
TOTAL FM JAN 1  1977    HIGHEST SLP M ON M
DPTR FM NORMAL   241    LOWEST  SLP 29.73 ON  9

[REMARKS]
