000
CXUS55 KLBF 231200
CF6LBF
PRELIMINARY LOCAL CLIMATOLOGICAL DATA (WS FORM: F-6)

                                          STATION:   NORTH PLATTE NE
                                          MONTH:     MAY
                                          YEAR:      2015
                                          LATITUDE:   41  7 N
                                          LONGITUDE: 100 41 W

  TEMPERATURE IN F:       :PCPN:    SNOW:  WIND      :SUNSHINE: SKY     :PK WND
================================================================================
1   2   3   4   5  6A  6B    7    8   9   10  11  12  13   14  15   16   17  18
                                     12Z  AVG MX 2MIN
DY MAX MIN AVG DEP HDD CDD  WTR  SNW DPTH SPD SPD DIR MIN PSBL S-S WX    SPD DR
================================================================================

 1  76  50  63  10   2   0 0.00  0.0    0  8.2 22 120   M    M   3 3      28 120
 2  84  43  64  11   1   0 0.20  0.0    0  6.0 22 310   M    M   2 123    30 310
 3  80  43  62   8   3   0 0.00  0.0    0 11.2 21  30   M    M   0        27  30
 4  60  49  55   1  10   0 0.12  0.0    0  9.3 21 110   M    M   7 1      25 110
 5  62  51  57   3   8   0 0.27  0.0    0  7.9 21 110   M    M  10 1      27 160
 6  67  52  60   5   5   0 0.26  0.0    0  8.1 23 160   M    M   9 13     29 170
 7  64  43  54  -1  11   0 0.00  0.0    0 11.5 21 320   M    M   7        27 320
 8  66  37  52  -3  13   0    T  0.0    0  7.9 17  80   M    M   4        23 100
 9  52  38  45 -11  20   0 0.64  0.0    0 19.1 38  20   M    M  10 13     49  20
10  45  36  41 -15  24   0 0.22  0.0    0 17.9 30 310   M    M   9 13     38 320
11  56  31  44 -12  21   0 0.00  0.0    0 16.1 33 320   M    M   5        44 310
12  74  27  51  -6  14   0 0.00  0.0    0 12.5 31 190   M    M   1        41 170
13  73  50  62   5   3   0 0.21  0.0    0 14.7 31 180   M    M   4        42 170
14  77  52  65   8   0   0 0.01  0.0    0  5.8 14  30   M    M   5        19 290
15  76  53  65   7   0   0 0.27    T    0 16.1 29 130   M    M   5 13     35 110
16  75  54  65   7   0   0    T  0.0    0 13.4 26 160   M    M   4        38 160
17  72  47  60   2   5   0 0.28    T    0  8.8 29 290   M    M   4 3      36 300
18  64  39  52  -7  13   0 0.00  0.0    0  9.1 20  10   M    M   2        26  10
19  49  37  43 -16  22   0 0.69    T    0  9.4 23  70   M    M  10 1      28  60
20  50  37  44 -15  21   0 0.02  0.0    0  7.6 15  10   M    M   9 1      18  50
21  64  30  47 -13  18   0 0.00  0.0    0  4.1 10 160   M    M   3 1      13 160
22  51  43  47 -13  18   0 0.59  0.0    0 12.2 23 110   M    M   7 1      27 100
================================================================================
SM 1437  942       232   0  3.78    T    236.9          M      120
================================================================================
AV 65.3 42.8                              10.8 FASTST   M    M   5    MAX(MPH)
                                 MISC ---->  # 38  20               # 49   20
================================================================================
NOTES:
# LAST OF SEVERAL OCCURRENCES

COLUMN 17 PEAK WIND IN M.P.H.

PRELIMINARY LOCAL CLIMATOLOGICAL DATA (WS FORM: F-6) , PAGE 2

                                          STATION:  NORTH PLATTE NE
                                          MONTH:    MAY
                                          YEAR:     2015
                                          LATITUDE:   41  7 N
                                          LONGITUDE: 100 41 W

[TEMPERATURE DATA]      [PRECIPITATION DATA]       SYMBOLS USED IN COLUMN 16

AVERAGE MONTHLY: 54.1   TOTAL FOR MONTH:   3.78    1 = FOG OR MIST
DPTR FM NORMAL:  -2.4   DPTR FM NORMAL:    1.58    2 = FOG REDUCING VISIBILITY
HIGHEST:    84 ON  2    GRTST 24HR  0.84 ON  9-10      TO 1/4 MILE OR LESS
LOWEST:     27 ON 12                               3 = THUNDER
                        SNOW, ICE PELLETS, HAIL    4 = ICE PELLETS
                        TOTAL MONTH:    T          5 = HAIL
                        GRTST 24HR    T  ON 19-19  6 = FREEZING RAIN OR DRIZZLE
                        GRTST DEPTH:   0           7 = DUSTSTORM OR SANDSTORM:
                                                       VSBY 1/2 MILE OR LESS
                                                   8 = SMOKE OR HAZE
[NO. OF DAYS WITH]      [WEATHER - DAYS WITH]      9 = BLOWING SNOW
                                                   X = TORNADO
MAX 32 OR BELOW:   0    0.01 INCH OR MORE:  13
MAX 90 OR ABOVE:   0    0.10 INCH OR MORE:  11
MIN 32 OR BELOW:   3    0.50 INCH OR MORE:   3
MIN  0 OR BELOW:   0    1.00 INCH OR MORE:   0

[HDD (BASE 65) ]
TOTAL THIS MO.   232    CLEAR  (SCALE 0-3)   5
DPTR FM NORMAL    33    PTCLDY (SCALE 4-7)  11
TOTAL FM JUL 1  6216    CLOUDY (SCALE 8-10)  6
DPTR FM NORMAL  -373

[CDD (BASE 65) ]
TOTAL THIS MO.     0
DPTR FM NORMAL   -12    [PRESSURE DATA]
TOTAL FM JAN 1     2    HIGHEST SLP M ON M
DPTR FM NORMAL   -13    LOWEST  SLP 29.49 ON 16

[REMARKS]
