000
CXUS54 KHGX 011415
CF6LBX
PRELIMINARY LOCAL CLIMATOLOGICAL DATA (WS FORM: F-6)

                                          STATION:   ANGLETON/LAKE_JACKS
                                          MONTH:     JUNE
                                          YEAR:      2015
                                          LATITUDE:   29  6 N
                                          LONGITUDE:  95 28 W

  TEMPERATURE IN F:       :PCPN:    SNOW:  WIND      :SUNSHINE: SKY     :PK WND
================================================================================
1   2   3   4   5  6A  6B    7    8   9   10  11  12  13   14  15   16   17  18
                                     12Z  AVG MX 2MIN
DY MAX MIN AVG DEP HDD CDD  WTR  SNW DPTH SPD SPD DIR MIN PSBL S-S WX    SPD DR
================================================================================

 1  90  63  77  -2   0  12 0.00  0.0    0  3.3 12 170   M    M   1 18     14 180
 2  90  67  79   0   0  14 0.00  0.0    0  3.1 14 180   M    M   3        17 190
 3  90  69  80   1   0  15 0.00  0.0    0  3.4 14 150   M    M   2 1      17 150
 4  89  67  78  -2   0  13 0.00  0.0    0  4.6 14 130   M    M   0 1      17 130
 5  90  69  80   0   0  15 0.00  0.0    0  4.3 15 130   M    M   1 1      21 150
 6  92  69  81   1   0  16 0.00  0.0    0  2.7 14 160   M    M   1 1      18 170
 7  92  69  81   1   0  16 0.00  0.0    0  3.4 14 150   M    M   1 1      18 160
 8  91  70  81   1   0  16 0.02  0.0    0  3.3 12 180   M    M   3 1      18 310
 9  92  73  83   3   0  18 0.00  0.0    0  4.6 17 170   M    M   2 1      21 160
10  91  74  83   2   0  18 0.00  0.0    0  4.8 17 180   M    M   1        21 170
11  90  77  84   3   0  19    T  0.0    0  8.7 18 160   M    M   1        24 190
12  91  80  86   5   0  21    T  0.0    0 10.8 18 140   M    M   2        25 160
13  88  73  81   0   0  16 1.50  0.0    0 10.4 29 170   M    M   5 13     36 180
14  89  76  83   2   0  18 0.34  0.0    0  9.8 24 160   M    M   4 1      28 170
15  89  76  83   2   0  18 0.23  0.0    0  8.9 24  70   M    M   7 1      33  70
16  82  77  80  -2   0  15 0.99  0.0    0 17.3 32 150   M    M   9 1      46 160
17  84  75  80  -2   0  15 0.94  0.0    0 14.3 33 160   M    M   7 138    40 160
18  89  79  84   2   0  19 0.00  0.0    0 10.6 17 170   M    M   5 1      21 170
19  90  76  83   1   0  18    T  0.0    0  6.4 18 160   M    M   2 13     22 170
20  91  76  84   2   0  19 0.07  0.0    0  7.8 17 170   M    M   2 1      22 150
21  90  80  85   3   0  20 0.00  0.0    0  9.9 18 170   M    M   5        23 170
22  89  77  83   1   0  18 0.00  0.0    0  5.7 15 160   M    M   2 1      18 160
23  90  75  83   1   0  18 0.00  0.0    0  4.4 15 150   M    M   0        18 150
24  91  73  82   0   0  17 0.00  0.0    0  3.8 13 130   M    M   1 1      17 130
25  92  73  83   1   0  18 0.17  0.0    0  4.1 15 160   M    M   3 3      18  80
26  92  76  84   2   0  19 0.00  0.0    0  6.6 18 190   M    M   1 1      22 170
27  93  76  85   3   0  20 0.31  0.0    0  5.0 18 200   M    M   1 13     29 220
28  86  73  80  -2   0  15 0.24  0.0    0  2.8 23 150   M    M   3 13     30 150
29  91  75  83   1   0  18 0.00  0.0    0  6.6 16 180   M    M   2 13     21 180
30  91  73  82   0   0  17 0.60  0.0    0  7.0 33 180   M    M   1 13     37 180
================================================================================
SM 2695 2206         0 511  5.41     0.0 198.4          M       78
================================================================================
AV 89.8 73.5                               6.6 FASTST   M    M   3    MAX(MPH)
                                 MISC ---->  # 33 160               # 46  160
================================================================================
NOTES:
# LAST OF SEVERAL OCCURRENCES

COLUMN 17 PEAK WIND IN M.P.H.

PRELIMINARY LOCAL CLIMATOLOGICAL DATA (WS FORM: F-6) , PAGE 2

                                          STATION:  ANGLETON/LAKE_JACKS
                                          MONTH:    JUNE
                                          YEAR:     2015
                                          LATITUDE:   29  6 N
                                          LONGITUDE:  95 28 W

[TEMPERATURE DATA]      [PRECIPITATION DATA]       SYMBOLS USED IN COLUMN 16

AVERAGE MONTHLY: 81.7   TOTAL FOR MONTH:   5.41    1 = FOG OR MIST
DPTR FM NORMAL:   0.6   DPTR FM NORMAL:   -0.26    2 = FOG REDUCING VISIBILITY
HIGHEST:    93 ON 27    GRTST 24HR  1.50 ON 13-13      TO 1/4 MILE OR LESS
LOWEST:     63 ON  1                               3 = THUNDER
                        SNOW, ICE PELLETS, HAIL    4 = ICE PELLETS
                        TOTAL MONTH:   0.0 INCH    5 = HAIL
                        GRTST 24HR     0.0         6 = FREEZING RAIN OR DRIZZLE
                        GRTST DEPTH:   0           7 = DUSTSTORM OR SANDSTORM:
                                                       VSBY 1/2 MILE OR LESS
                                                   8 = SMOKE OR HAZE
[NO. OF DAYS WITH]      [WEATHER - DAYS WITH]      9 = BLOWING SNOW
                                                   X = TORNADO
MAX 32 OR BELOW:   0    0.01 INCH OR MORE:  11
MAX 90 OR ABOVE:  21    0.10 INCH OR MORE:   9
MIN 32 OR BELOW:   0    0.50 INCH OR MORE:   4
MIN  0 OR BELOW:   0    1.00 INCH OR MORE:   1

[HDD (BASE 65) ]
TOTAL THIS MO.     0    CLEAR  (SCALE 0-3)  23
DPTR FM NORMAL     0    PTCLDY (SCALE 4-7)   6
TOTAL FM JUL 1  1487    CLOUDY (SCALE 8-10)  1
DPTR FM NORMAL   173

[CDD (BASE 65) ]
TOTAL THIS MO.   511
DPTR FM NORMAL    27    [PRESSURE DATA]
TOTAL FM JAN 1  1075    HIGHEST SLP 30.16 ON 24
DPTR FM NORMAL    23    LOWEST  SLP 29.80 ON 16

[REMARKS]
#FINAL-06-15#
