000
CXUS54 KHGX 171415
CF6LBX
PRELIMINARY LOCAL CLIMATOLOGICAL DATA (WS FORM: F-6)

                                          STATION:   ANGLETON/LAKE_JACKS
                                          MONTH:     FEBRUARY
                                          YEAR:      2018
                                          LATITUDE:   29  6 N
                                          LONGITUDE:  95 28 W

  TEMPERATURE IN F:       :PCPN:    SNOW:  WIND      :SUNSHINE: SKY     :PK WND
================================================================================
1   2   3   4   5  6A  6B    7    8   9   10  11  12  13   14  15   16   17  18
                                     12Z  AVG MX 2MIN
DY MAX MIN AVG DEP HDD CDD  WTR  SNW DPTH SPD SPD DIR MIN PSBL S-S WX    SPD DR
================================================================================

 1  79  55  67  12   0   2 0.00  0.0    0  7.3 20 200   M    M   5 12     28 200
 2  65  52  59   4   6   0 0.00  0.0    0 11.7 22  40   M    M  10        32  30
 3  62  50  56   1   9   0 0.03  0.0    0  5.8 18 100   M    M  10 128    23  90
 4  71  61  66  11   0   1    T  0.0    0  6.1 16  40   M    M  10 1      21  40
 5  62  57  60   5   5   0 0.00  0.0    0  7.9 15  60   M    M  10 128    21  60
 6  76  59  68  13   0   3 0.03  0.0    0  9.3 23 170   M    M  10 123    27 160
 7  71  45  58   3   7   0 0.18    M    0 13.8 20  10   M    M  10 13     25  10
 8  52  44  48  -8  17   0 0.00  0.0    0  5.8 16  10   M    M  10 8      20  10
 9  75  52  64   8   1   0 0.03  0.0    0  5.1 15 160   M    M  10 1      19 160
10  72  56  64   8   1   0 1.91  0.0    0  4.9 22 170   M    M  10 123    27 170
11  56  41  49  -7  16   0    T  0.0    0 14.3 24 360   M    M  10 13     31 360
12  48  39  44 -12  21   0    T  0.0    0 10.6 18 360   M    M  10 1      24 360
13  58  47  53  -3  12   0 0.07    M    0  7.6 13  40   M    M  10 18     17  70
14  78  57  68  12   0   3    T  0.0    0  8.4 20 180   M    M   9 12     22 190
15  79  68  74  17   0   9 0.00  0.0    0 13.6 25 190   M    M   9 1      34 180
16  82  65  74  17   0   9 0.00  0.0    0  7.8 21 200   M    M   7 18     24 200
================================================================================
SM 1086  848        95  27  2.25     0.0 140.0          M      150
================================================================================
AV 67.9 53.0                               8.8 FASTST   M    M   9    MAX(MPH)
                                 MISC ---->  # 25 190               # 34  180
================================================================================
NOTES:
# LAST OF SEVERAL OCCURRENCES

COLUMN 17 PEAK WIND IN M.P.H.

PRELIMINARY LOCAL CLIMATOLOGICAL DATA (WS FORM: F-6) , PAGE 2

                                          STATION:  ANGLETON/LAKE_JACKS
                                          MONTH:    FEBRUARY
                                          YEAR:     2018
                                          LATITUDE:   29  6 N
                                          LONGITUDE:  95 28 W

[TEMPERATURE DATA]      [PRECIPITATION DATA]       SYMBOLS USED IN COLUMN 16

AVERAGE MONTHLY: 60.4   TOTAL FOR MONTH:   2.25    1 = FOG OR MIST
DPTR FM NORMAL:   4.8   DPTR FM NORMAL:    0.69    2 = FOG REDUCING VISIBILITY
HIGHEST:    82 ON 16    GRTST 24HR  1.91 ON 10-10      TO 1/4 MILE OR LESS
LOWEST:     39 ON 12                               3 = THUNDER
                        SNOW, ICE PELLETS, HAIL    4 = ICE PELLETS
                        TOTAL MONTH:   0.0 INCH    5 = HAIL
                        GRTST 24HR     0.0         6 = FREEZING RAIN OR DRIZZLE
                        GRTST DEPTH:   0           7 = DUSTSTORM OR SANDSTORM:
                                                       VSBY 1/2 MILE OR LESS
                                                   8 = SMOKE OR HAZE
[NO. OF DAYS WITH]      [WEATHER - DAYS WITH]      9 = BLOWING SNOW
                                                   X = TORNADO
MAX 32 OR BELOW:   0    0.01 INCH OR MORE:   6
MAX 90 OR ABOVE:   0    0.10 INCH OR MORE:   2
MIN 32 OR BELOW:   0    0.50 INCH OR MORE:   1
MIN  0 OR BELOW:   0    1.00 INCH OR MORE:   1

[HDD (BASE 65) ]
TOTAL THIS MO.    95    CLEAR  (SCALE 0-3)   0
DPTR FM NORMAL   -65    PTCLDY (SCALE 4-7)   2
TOTAL FM JUL 1   981    CLOUDY (SCALE 8-10) 14
DPTR FM NORMAL   -47

[CDD (BASE 65) ]
TOTAL THIS MO.    27
DPTR FM NORMAL    13    [PRESSURE DATA]
TOTAL FM JAN 1    32    HIGHEST SLP M ON M
DPTR FM NORMAL     5    LOWEST  SLP 29.79 ON 10

[REMARKS]
