000
CXUS53 KLMK 240800
CF6LEX
PRELIMINARY LOCAL CLIMATOLOGICAL DATA (WS FORM: F-6)

                                          STATION:   LEXINGTON KY
                                          MONTH:     NOVEMBER
                                          YEAR:      2017
                                          LATITUDE:   38  1 N
                                          LONGITUDE:  84 36 W

  TEMPERATURE IN F:       :PCPN:    SNOW:  WIND      :SUNSHINE: SKY     :PK WND
================================================================================
1   2   3   4   5  6A  6B    7    8   9   10  11  12  13   14  15   16   17  18
                                     12Z  AVG MX 2MIN
DY MAX MIN AVG DEP HDD CDD  WTR  SNW DPTH SPD SPD DIR MIN PSBL S-S WX    SPD DR
================================================================================

 1  61  42  52   0  13   0 0.38  0.0    0  8.9 16 180   M    M  10 1      23 180
 2  74  58  66  14   0   1 0.01  0.0    0 12.0 21 190   M    M   8        28 160
 3  68  51  60   9   5   0 0.52  0.0    0  9.0 17  20   M    M  10 13     24  30
 4  69  53  61  10   4   0 0.00  0.0    0  7.5 14 170   M    M   7 12     18 170
 5  77  63  70  19   0   5 0.00  0.0    0 14.0 28 210   M    M   6 1      38 220
 6  73  50  62  12   3   0 0.08  0.0    0 11.0 36 180   M    M   9 1      49 170
 7  51  44  48  -2  17   0 0.50  0.0    0 12.7 22  40   M    M  10 1      28  50
 8  50  38  44  -5  21   0    T  0.0    0  9.2 16  50   M    M   6        22  40
 9  57  32  45  -4  20   0 0.00  0.0    0  4.7 13 310   M    M   0 18     17 300
10  42  27  35 -14  30   0 0.00  0.0    0 10.6 20  40   M    M   0        25  30
11  50  25  38 -10  27   0 0.00  0.0    0  6.5 14  70   M    M   0        20  70
12  56  39  48   0  17   0 0.08  0.0    0  8.3 18 300   M    M   6 18     25 290
13  46  39  43  -5  22   0 0.00  0.0    0  7.1 15 300   M    M  10 18     23 290
14  51  39  45  -2  20   0 0.00  0.0    0  7.0 14 100   M    M   6 18     19 130
15  57  35  46  -1  19   0 0.27  0.0    0 10.6 17 220   M    M   5 1      26 220
16  49  35  42  -4  23   0 0.00  0.0    0  8.0 14 250   M    M   8 1      18 260
17  55  33  44  -2  21   0    T  0.0    0  8.6 16 170   M    M   4        23 150
18  65  41  53   8  12   0 0.45  0.0    0 21.4 35 210   M    M   9 13     50 190
19  41  28  35 -10  30   0 0.00  0.0    0  9.4 21 280   M    M   7        29 270
20  48  24  36  -8  29   0 0.00  0.0    0  7.5 14 180   M    M   0        21 160
21  59  36  48   4  17   0 0.00  0.0    0 11.6 25 210   M    M   0        38 210
22  47  28  38  -6  27   0 0.00  0.0    0  7.4 22 330   M    M   1        31 330
23  48  20  34  -9  31   0 0.00  0.0    0  1.9  8 160   M    M   0 8      13 120
================================================================================
SM 1294  880       408   6  2.29     0.0 214.9          M      122
================================================================================
AV 56.3 38.3                               9.3 FASTST   M    M   5    MAX(MPH)
                                 MISC ---->  # 36 180               # 50  190
================================================================================
NOTES:
# LAST OF SEVERAL OCCURRENCES

COLUMN 17 PEAK WIND IN M.P.H.

PRELIMINARY LOCAL CLIMATOLOGICAL DATA (WS FORM: F-6) , PAGE 2

                                          STATION:  LEXINGTON KY
                                          MONTH:    NOVEMBER
                                          YEAR:     2017
                                          LATITUDE:   38  1 N
                                          LONGITUDE:  84 36 W

[TEMPERATURE DATA]      [PRECIPITATION DATA]       SYMBOLS USED IN COLUMN 16

AVERAGE MONTHLY: 47.3   TOTAL FOR MONTH:   2.29    1 = FOG OR MIST
DPTR FM NORMAL:  -0.5   DPTR FM NORMAL:   -0.36    2 = FOG REDUCING VISIBILITY
HIGHEST:    77 ON  5    GRTST 24HR  0.52 ON  3- 3      TO 1/4 MILE OR LESS
LOWEST:     20 ON 23                               3 = THUNDER
                        SNOW, ICE PELLETS, HAIL    4 = ICE PELLETS
                        TOTAL MONTH:   0.0 INCH    5 = HAIL
                        GRTST 24HR     0.0         6 = FREEZING RAIN OR DRIZZLE
                        GRTST DEPTH:   0           7 = DUSTSTORM OR SANDSTORM:
                                                       VSBY 1/2 MILE OR LESS
                                                   8 = SMOKE OR HAZE
[NO. OF DAYS WITH]      [WEATHER - DAYS WITH]      9 = BLOWING SNOW
                                                   X = TORNADO
MAX 32 OR BELOW:   0    0.01 INCH OR MORE:   8
MAX 90 OR ABOVE:   0    0.10 INCH OR MORE:   5
MIN 32 OR BELOW:   7    0.50 INCH OR MORE:   2
MIN  0 OR BELOW:   0    1.00 INCH OR MORE:   0

[HDD (BASE 65) ]
TOTAL THIS MO.   408    CLEAR  (SCALE 0-3)   7
DPTR FM NORMAL    10    PTCLDY (SCALE 4-7)   9
TOTAL FM JUL 1   660    CLOUDY (SCALE 8-10)  7
DPTR FM NORMAL   -64

[CDD (BASE 65) ]
TOTAL THIS MO.     6
DPTR FM NORMAL     6    [PRESSURE DATA]
TOTAL FM JAN 1  1290    HIGHEST SLP M ON M
DPTR FM NORMAL   102    LOWEST  SLP 29.29 ON 18

[REMARKS]
