000
CXUS53 KLMK 250800
CF6LEX
PRELIMINARY LOCAL CLIMATOLOGICAL DATA (WS FORM: F-6)

                                          STATION:   LEXINGTON KY
                                          MONTH:     SEPTEMBER
                                          YEAR:      2016
                                          LATITUDE:   38  1 N
                                          LONGITUDE:  84 36 W

  TEMPERATURE IN F:       :PCPN:    SNOW:  WIND      :SUNSHINE: SKY     :PK WND
================================================================================
1   2   3   4   5  6A  6B    7    8   9   10  11  12  13   14  15   16   17  18
                                     12Z  AVG MX 2MIN
DY MAX MIN AVG DEP HDD CDD  WTR  SNW DPTH SPD SPD DIR MIN PSBL S-S WX    SPD DR
================================================================================

 1  82  62  72  -1   0   7    T  0.0    0 10.0 20  40   M    M   3 1      24  40
 2  81  59  70  -3   0   5 0.00  0.0    0 13.3 24  40   M    M   1        30  30
 3  82  57  70  -3   0   5 0.00  0.0    0  7.3 14  60   M    M   0        19  50
 4  88  55  72   0   0   7 0.00  0.0    0  4.4 10 120   M    M   0        13 120
 5  91  64  78   6   0  13 0.00  0.0    0  6.4 10 240   M    M   0        16 240
 6  93  66  80   8   0  15 0.00  0.0    0  5.8 13 250   M    M   1        17 250
 7  92  66  79   7   0  14 0.00  0.0    0  6.4 14 260   M    M   1        20 220
 8  91  70  81  10   0  16 0.00  0.0    0  9.9 20 210   M    M   1        24 210
 9  87  72  80   9   0  15    T  0.0    0  7.0 16 220   M    M   5        21 220
10  91  67  79   9   0  14 0.22  0.0    0 10.7 32 290   M    M   4 1      45 280
11  80  57  69  -1   0   4 0.00  0.0    0  4.1 12  50   M    M   1 12     14  10
12  86  55  71   1   0   6 0.00  0.0    0  4.1 10 130   M    M   0        14 130
13  90  56  73   4   0   8 0.00  0.0    0  3.7 15 260   M    M   0        18 260
14  90  60  75   6   0  10 0.00  0.0    0  3.8 13  60   M    M   0 8      17  60
15  88  68  78  10   0  13 0.00  0.0    0  8.1 13  40   M    M   3 18     14  10
16  93  69  81  13   0  16    T  0.0    0  7.3 16 160   M    M   1 3      23 190
17  82  70  76   8   0  11 0.43  0.0    0  9.4 21 230   M    M   4 1      28 230
18  85  70  78  11   0  13 0.00  0.0    0  3.7 10 150   M    M   6 1      13 150
19  86  63  75   8   0  10 0.00  0.0    0  3.0  9 340   M    M   3 128    12  60
20  89  60  75   9   0  10 0.00  0.0    0  4.4 14  30   M    M   0        19  30
21  91  59  75   9   0  10 0.00  0.0    0  4.7 15  50   M    M   0        19  40
22  91  59  75   9   0  10 0.00  0.0    0  2.2  8 250   M    M   0        11 220
23  91  62  77  12   0  12 0.00  0.0    0  3.0  9 360   M    M   0        13 310
24  92  64  78  13   0  13 0.00  0.0    0  4.3 13  20   M    M   1        16  20
================================================================================
SM 2112 1510         0 257  0.65     0.0 147.0          M       35
================================================================================
AV 88.0 62.9                               6.1 FASTST   M    M   1    MAX(MPH)
                                 MISC ---->  # 32 290               # 45  280
================================================================================
NOTES:
# LAST OF SEVERAL OCCURRENCES

COLUMN 17 PEAK WIND IN M.P.H.

PRELIMINARY LOCAL CLIMATOLOGICAL DATA (WS FORM: F-6) , PAGE 2

                                          STATION:  LEXINGTON KY
                                          MONTH:    SEPTEMBER
                                          YEAR:     2016
                                          LATITUDE:   38  1 N
                                          LONGITUDE:  84 36 W

[TEMPERATURE DATA]      [PRECIPITATION DATA]       SYMBOLS USED IN COLUMN 16

AVERAGE MONTHLY: 75.5   TOTAL FOR MONTH:   0.65    1 = FOG OR MIST
DPTR FM NORMAL:   6.2   DPTR FM NORMAL:   -1.66    2 = FOG REDUCING VISIBILITY
HIGHEST:    93 ON 16, 6 GRTST 24HR  0.43 ON 17-17      TO 1/4 MILE OR LESS
LOWEST:     55 ON 12, 4                            3 = THUNDER
                        SNOW, ICE PELLETS, HAIL    4 = ICE PELLETS
                        TOTAL MONTH:   0.0 INCH    5 = HAIL
                        GRTST 24HR     0.0         6 = FREEZING RAIN OR DRIZZLE
                        GRTST DEPTH:   0           7 = DUSTSTORM OR SANDSTORM:
                                                       VSBY 1/2 MILE OR LESS
                                                   8 = SMOKE OR HAZE
[NO. OF DAYS WITH]      [WEATHER - DAYS WITH]      9 = BLOWING SNOW
                                                   X = TORNADO
MAX 32 OR BELOW:   0    0.01 INCH OR MORE:   2
MAX 90 OR ABOVE:  12    0.10 INCH OR MORE:   2
MIN 32 OR BELOW:   0    0.50 INCH OR MORE:   0
MIN  0 OR BELOW:   0    1.00 INCH OR MORE:   0

[HDD (BASE 65) ]
TOTAL THIS MO.     0    CLEAR  (SCALE 0-3)  20
DPTR FM NORMAL   -27    PTCLDY (SCALE 4-7)   4
TOTAL FM JUL 1     0    CLOUDY (SCALE 8-10)  0
DPTR FM NORMAL   -29

[CDD (BASE 65) ]
TOTAL THIS MO.   257
DPTR FM NORMAL   127    [PRESSURE DATA]
TOTAL FM JAN 1  1533    HIGHEST SLP M ON M
DPTR FM NORMAL   386    LOWEST  SLP 29.84 ON 10

[REMARKS]
