000
CXUS54 KLCH 181610
CF6LFT
PRELIMINARY LOCAL CLIMATOLOGICAL DATA (WS FORM: F-6)

                                          STATION:   LAFAYETTE
                                          MONTH:     SEPTEMBER
                                          YEAR:      2014
                                          LATITUDE:   30 12 N
                                          LONGITUDE:  92  0 W

  TEMPERATURE IN F:       :PCPN:    SNOW:  WIND      :SUNSHINE: SKY     :PK WND
================================================================================
1   2   3   4   5  6A  6B    7    8   9   10  11  12  13   14  15   16   17  18
                                     12Z  AVG MX 2MIN
DY MAX MIN AVG DEP HDD CDD  WTR  SNW DPTH SPD SPD DIR MIN PSBL S-S WX    SPD DR
================================================================================

 1  91  76  84   2   0  19    T  0.0    0  5.1 16 190   M    M   4 13     22 170
 2  92  76  84   2   0  19 0.00  0.0    0  5.9 16 360   M    M   2 38     24 220
 3  92  74  83   1   0  18 0.27  0.0    0  2.6 17 270   M    M   2 13     22 280
 4  92  73  83   1   0  18 0.00  0.0    0  1.9 10 160   M    M   1 13     15 170
 5  90  75  83   1   0  18 0.13  0.0    0  2.4 17 200   M    M   2 13     22 200
 6  89  73  81  -1   0  16 0.62  0.0    0  2.9 18 340   M    M   3 13     23 340
 7  91  73  82   0   0  17 0.13  0.0    0  2.9 14 270   M    M   2 13     16 260
 8  92  74  83   2   0  18 0.62  0.0    0  3.1 22 250   M    M   3 12     26 250
 9  91  75  83   2   0  18 1.63  0.0    0  2.3 24  30   M    M   2 18     30  30
10  92  74  83   2   0  18 0.00  0.0    0  3.9 14 200   M    M   2        18 200
11  92  75  84   3   0  19 0.01  0.0    0  1.4 14 200   M    M   2 3      18 200
12  91  74  83   3   0  18 1.58  0.0    0  4.2 17 190   M    M   3 123    22 190
13  77  69  73  -7   0   8 0.00  0.0    0 11.6 17  20   M    M   9 1      23  20
14  84  69  77  -3   0  12 0.00  0.0    0  9.1 13  10   M    M   6 1      17  40
15  92  71  82   2   0  17 0.14  0.0    0  4.5 16  80   M    M   3 13     23  80
16   M   M   M   M   M   M    M    M    M   M   M   M   M    M   M 13      M  M
17  89  72  81   2   0  16 0.00  0.0    0  2.6 14 240   M    M   3 1      17 240
================================================================================
SM 1437 1173         0 269  5.13     0.0  66.4          M       49
================================================================================
AV 89.8 73.3                               4.2 FASTST   M    M   3    MAX(MPH)
                                 MISC ---->  # 24  30               # 30   30
================================================================================
NOTES:
# LAST OF SEVERAL OCCURRENCES

COLUMN 17 PEAK WIND IN M.P.H.

PRELIMINARY LOCAL CLIMATOLOGICAL DATA (WS FORM: F-6) , PAGE 2

                                          STATION:  LAFAYETTE
                                          MONTH:    SEPTEMBER
                                          YEAR:     2014
                                          LATITUDE:   30 12 N
                                          LONGITUDE:  92  0 W

[TEMPERATURE DATA]      [PRECIPITATION DATA]       SYMBOLS USED IN COLUMN 16

AVERAGE MONTHLY: 81.6   TOTAL FOR MONTH:   5.13    1 = FOG OR MIST
DPTR FM NORMAL:   0.6   DPTR FM NORMAL:    2.33    2 = FOG REDUCING VISIBILITY
HIGHEST:    92 ON 15,11 GRTST 24HR  2.25 ON  8- 9      TO 1/4 MILE OR LESS
LOWEST:     69 ON 14,13                            3 = THUNDER
                        SNOW, ICE PELLETS, HAIL    4 = ICE PELLETS
                        TOTAL MONTH:   0.0 INCH    5 = HAIL
                        GRTST 24HR     0.0         6 = FREEZING RAIN OR DRIZZLE
                        GRTST DEPTH:   0           7 = DUSTSTORM OR SANDSTORM:
                                                       VSBY 1/2 MILE OR LESS
                                                   8 = SMOKE OR HAZE
[NO. OF DAYS WITH]      [WEATHER - DAYS WITH]      9 = BLOWING SNOW
                                                   X = TORNADO
MAX 32 OR BELOW:   0    0.01 INCH OR MORE:   9
MAX 90 OR ABOVE:  12    0.10 INCH OR MORE:   8
MIN 32 OR BELOW:   0    0.50 INCH OR MORE:   4
MIN  0 OR BELOW:   0    1.00 INCH OR MORE:   2

[HDD (BASE 65) ]
TOTAL THIS MO.     0    CLEAR  (SCALE 0-3)  12
DPTR FM NORMAL     0    PTCLDY (SCALE 4-7)   3
TOTAL FM JUL 1     0    CLOUDY (SCALE 8-10)  1
DPTR FM NORMAL     0

[CDD (BASE 65) ]
TOTAL THIS MO.   269
DPTR FM NORMAL    -2    [PRESSURE DATA]
TOTAL FM JAN 1  2326    HIGHEST SLP M ON M
DPTR FM NORMAL  -206    LOWEST  SLP 29.89 ON 10

[REMARKS]
