000
CXUS51 KOKX 220702
CF6LGA
PRELIMINARY LOCAL CLIMATOLOGICAL DATA (WS FORM: F-6)

                                          STATION:   LAGUARDIA NY
                                          MONTH:     JUNE
                                          YEAR:      2017
                                          LATITUDE:   40 46 N
                                          LONGITUDE:  73 54 W

  TEMPERATURE IN F:       :PCPN:    SNOW:  WIND      :SUNSHINE: SKY     :PK WND
================================================================================
1   2   3   4   5  6A  6B    7    8   9   10  11  12  13   14  15   16   17  18
                                     12Z  AVG MX 2MIN
DY MAX MIN AVG DEP HDD CDD  WTR  SNW DPTH SPD SPD DIR MIN PSBL S-S WX    SPD DR
================================================================================

 1  82  60  71   3   0   6    T  0.0    0  8.8 22 260   M    M   5        28 260
 2  79  60  70   2   0   5    T  0.0    0  9.7 33 310   M    M   3        39 310
 3  74  59  67  -1   0   2    T  0.0    0 10.6 24 260   M    M   4        33 260
 4  71  59  65  -4   0   0 0.04  0.0    0  6.4 15 190   M    M   6        19 190
 5  67  58  63  -6   2   0 0.02  0.0    0 10.6 22  60   M    M   9 138    24  50
 6  59  52  56 -13   9   0 0.03  0.0    0 13.2 21  50   M    M  10 18     24  50
 7  70  52  61  -9   4   0 0.00  0.0    0  6.9 14  30   M    M   6        19  60
 8  71  57  64  -6   1   0 0.00  0.0    0  6.8 14 130   M    M   6        25  60
 9  83  56  70   0   0   5 0.00  0.0    0  8.9 24 320   M    M   5        29 310
10  88  67  78   7   0  13 0.00  0.0    0  9.3 21 220   M    M   5        27 190
11  94  75  85  14   0  20 0.00  0.0    0 10.8 22 260   M    M   4        29 200
12  96  76  86  15   0  21 0.00  0.0    0  9.7 18 260   M    M   1        24 250
13 101  80  91  19   0  26    T  0.0    0  8.7 20 260   M    M   5        25 310
14  83  70  77   5   0  12 0.50  0.0    0  8.5 16 170   M    M   7 38     21  10
15  76  64  70  -2   0   5 0.00  0.0    0  9.8 21 160   M    M   4        26 170
16  70  63  67  -5   0   2    T  0.0    0 11.0 16  40   M    M  10 1      25  50
17  74  64  69  -4   0   4 1.26  0.0    0  7.1 13 190   M    M  10 18     17  70
18  84  70  77   4   0  12    T  0.0    0 10.6 25 170   M    M   8 12     32 180
19  87  70  79   6   0  14 1.22  0.0    0 12.4 25 200   M    M   7 138    37 190
20  86  70  78   4   0  13 0.01  0.0    0 12.3 28 270   M    M   5        33 270
21  87  75  81   7   0  16 0.00  0.0    0  9.8 24 270   M    M   6 3      29 270
================================================================================
SM 1682 1357        16 176  3.08     0.0 201.9          M      126
================================================================================
AV 80.1 64.6                               9.6 FASTST   M    M   6    MAX(MPH)
                                 MISC ---->  # 33 310               # 39  310
================================================================================
NOTES:
# LAST OF SEVERAL OCCURRENCES

COLUMN 17 PEAK WIND IN M.P.H.

PRELIMINARY LOCAL CLIMATOLOGICAL DATA (WS FORM: F-6) , PAGE 2

                                          STATION:  LAGUARDIA NY
                                          MONTH:    JUNE
                                          YEAR:     2017
                                          LATITUDE:   40 46 N
                                          LONGITUDE:  73 54 W

[TEMPERATURE DATA]      [PRECIPITATION DATA]       SYMBOLS USED IN COLUMN 16

AVERAGE MONTHLY: 72.4   TOTAL FOR MONTH:   3.08    1 = FOG OR MIST
DPTR FM NORMAL:   1.5   DPTR FM NORMAL:    0.21    2 = FOG REDUCING VISIBILITY
HIGHEST:   101 ON 13    GRTST 24HR  1.26 ON 17-17      TO 1/4 MILE OR LESS
LOWEST:     52 ON  7, 6                            3 = THUNDER
                        SNOW, ICE PELLETS, HAIL    4 = ICE PELLETS
                        TOTAL MONTH:   0.0 INCH    5 = HAIL
                        GRTST 24HR     0.0         6 = FREEZING RAIN OR DRIZZLE
                        GRTST DEPTH:   0           7 = DUSTSTORM OR SANDSTORM:
                                                       VSBY 1/2 MILE OR LESS
                                                   8 = SMOKE OR HAZE
[NO. OF DAYS WITH]      [WEATHER - DAYS WITH]      9 = BLOWING SNOW
                                                   X = TORNADO
MAX 32 OR BELOW:   0    0.01 INCH OR MORE:   7
MAX 90 OR ABOVE:   3    0.10 INCH OR MORE:   3
MIN 32 OR BELOW:   0    0.50 INCH OR MORE:   3
MIN  0 OR BELOW:   0    1.00 INCH OR MORE:   2

[HDD (BASE 65) ]
TOTAL THIS MO.    16    CLEAR  (SCALE 0-3)   2
DPTR FM NORMAL     1    PTCLDY (SCALE 4-7)  15
TOTAL FM JUL 1  3806    CLOUDY (SCALE 8-10)  4
DPTR FM NORMAL  -857

[CDD (BASE 65) ]
TOTAL THIS MO.   176
DPTR FM NORMAL    36    [PRESSURE DATA]
TOTAL FM JAN 1   281    HIGHEST SLP M ON M
DPTR FM NORMAL    75    LOWEST  SLP 29.69 ON  6

[REMARKS]
