000
CXUS51 KOKX 010703
CF6LGA
PRELIMINARY LOCAL CLIMATOLOGICAL DATA (WS FORM: F-6)

                                          STATION:   LAGUARDIA NY
                                          MONTH:     SEPTEMBER
                                          YEAR:      2016
                                          LATITUDE:   40 46 N
                                          LONGITUDE:  73 54 W

  TEMPERATURE IN F:       :PCPN:    SNOW:  WIND      :SUNSHINE: SKY     :PK WND
================================================================================
1   2   3   4   5  6A  6B    7    8   9   10  11  12  13   14  15   16   17  18
                                     12Z  AVG MX 2MIN
DY MAX MIN AVG DEP HDD CDD  WTR  SNW DPTH SPD SPD DIR MIN PSBL S-S WX    SPD DR
================================================================================

 1  80  73  77   3   0  12 0.34  0.0    0  5.7 17 360   M    M   9 13     21 360
 2  83  68  76   2   0  11 0.00  0.0    0 10.8 17 350   M    M   6        23 360
 3  76  69  73   0   0   8 0.00  0.0    0 12.3 21  60   M    M   7        24  50
 4  81  66  74   1   0   9 0.00  0.0    0 11.5 23  50   M    M   4        27  50
 5  84  67  76   3   0  11 0.00  0.0    0 13.9 25 360   M    M   7        37  10
 6  82  72  77   5   0  12 0.01  0.0    0 16.7 26  60   M    M   9 1      33  40
 7  86  72  79   7   0  14    T  0.0    0 11.1 20 360   M    M   7 1      26 350
 8  88  73  81   9   0  16 0.00  0.0    0  7.8 15 170   M    M   6        19 160
 9  93  77  85  13   0  20 0.05  0.0    0  7.8 16 260   M    M   7 13     22 280
10  91  76  84  13   0  19    T  0.0    0  9.2 17 160   M    M   6        22 100
11  84  70  77   6   0  12    T  0.0    0 13.3 28 310   M    M   7        34 320
12  78  64  71   1   0   6 0.00  0.0    0  8.3 15 170   M    M   2        25  60
13  82  68  75   5   0  10 0.00  0.0    0 10.2 20 170   M    M   1        24 160
14  92  70  81  11   0  16 0.37  0.0    0  9.0 29 260   M    M   3 13     41 240
15  75  63  69  -1   0   4 0.00  0.0    0 10.5 20  50   M    M   4        26  10
16  75  64  70   1   0   5 0.00  0.0    0  7.4 14  90   M    M   4        21 110
17  78  64  71   2   0   6 0.00  0.0    0  8.1 18 160   M    M   6        22 150
18  85  72  79  11   0  14 0.00  0.0    0  9.7 17 190   M    M   7        23 190
19  77  72  75   7   0  10 0.78  0.0    0  6.0 16 140   M    M   8 1      22 260
20  84  71  78  10   0  13 0.00  0.0    0  5.7 12  90   M    M   9        18  60
21  85  73  79  12   0  14 0.00  0.0    0  5.3 12  60   M    M   8        24  60
22  86  70  78  11   0  13 0.00  0.0    0  6.5 12  50   M    M   3        19  60
23  89  66  78  12   0  13 0.24  0.0    0  5.8 17 360   M    M   4 13     22 360
24  72  59  66   0   0   1 0.20  0.0    0 10.3 22  50   M    M   6 1      26  50
25  71  58  65  -1   0   0 0.00  0.0    0  7.3 15 350   M    M   1        19 350
26  73  57  65   0   0   0 0.00  0.0    0 10.3 21 160   M    M   6 8      27 170
27  76  66  71   6   0   6 0.15  0.0    0  7.6 17 180   M    M   7 1      22 190
28  71  60  66   1   0   1    T  0.0    0 16.6 25  50   M    M   8 18     32  60
29  67  60  64   0   1   0    T  0.0    0 21.2 31  60   M    M  10        37  60
30  64  58  61  -3   4   0 0.39  0.0    0 23.4 35  50   M    M  10 18     42  60
================================================================================
SM 2408 2018         5 276  2.53     0.0 309.3          M      182
================================================================================
AV 80.3 67.3                              10.3 FASTST   M    M   6    MAX(MPH)
                                 MISC ---->  # 35  50               # 42   60
================================================================================
NOTES:
# LAST OF SEVERAL OCCURRENCES

COLUMN 17 PEAK WIND IN M.P.H.

PRELIMINARY LOCAL CLIMATOLOGICAL DATA (WS FORM: F-6) , PAGE 2

                                          STATION:  LAGUARDIA NY
                                          MONTH:    SEPTEMBER
                                          YEAR:     2016
                                          LATITUDE:   40 46 N
                                          LONGITUDE:  73 54 W

[TEMPERATURE DATA]      [PRECIPITATION DATA]       SYMBOLS USED IN COLUMN 16

AVERAGE MONTHLY: 73.8   TOTAL FOR MONTH:   2.53    1 = FOG OR MIST
DPTR FM NORMAL:   4.7   DPTR FM NORMAL:   -1.20    2 = FOG REDUCING VISIBILITY
HIGHEST:    93 ON  9    GRTST 24HR  0.78 ON 18-19      TO 1/4 MILE OR LESS
LOWEST:     57 ON 26                               3 = THUNDER
                        SNOW, ICE PELLETS, HAIL    4 = ICE PELLETS
                        TOTAL MONTH:   0.0 INCH    5 = HAIL
                        GRTST 24HR     0.0         6 = FREEZING RAIN OR DRIZZLE
                        GRTST DEPTH:   0           7 = DUSTSTORM OR SANDSTORM:
                                                       VSBY 1/2 MILE OR LESS
                                                   8 = SMOKE OR HAZE
[NO. OF DAYS WITH]      [WEATHER - DAYS WITH]      9 = BLOWING SNOW
                                                   X = TORNADO
MAX 32 OR BELOW:   0    0.01 INCH OR MORE:   9
MAX 90 OR ABOVE:   3    0.10 INCH OR MORE:   7
MIN 32 OR BELOW:   0    0.50 INCH OR MORE:   1
MIN  0 OR BELOW:   0    1.00 INCH OR MORE:   0

[HDD (BASE 65) ]
TOTAL THIS MO.     5    CLEAR  (SCALE 0-3)   4
DPTR FM NORMAL   -29    PTCLDY (SCALE 4-7)  21
TOTAL FM JUL 1     5    CLOUDY (SCALE 8-10)  5
DPTR FM NORMAL   -30

[CDD (BASE 65) ]
TOTAL THIS MO.   276
DPTR FM NORMAL   119    [PRESSURE DATA]
TOTAL FM JAN 1  1693    HIGHEST SLP M ON M
DPTR FM NORMAL   503    LOWEST  SLP 29.79 ON  8

[REMARKS]
#FINAL-09-16#
