000
CXUS51 KOKX 300703
CF6LGA
PRELIMINARY LOCAL CLIMATOLOGICAL DATA (WS FORM: F-6)

                                          STATION:   LAGUARDIA NY
                                          MONTH:     MAY
                                          YEAR:      2015
                                          LATITUDE:   40 46 N
                                          LONGITUDE:  73 54 W

  TEMPERATURE IN F:       :PCPN:    SNOW:  WIND      :SUNSHINE: SKY     :PK WND
================================================================================
1   2   3   4   5  6A  6B    7    8   9   10  11  12  13   14  15   16   17  18
                                     12Z  AVG MX 2MIN
DY MAX MIN AVG DEP HDD CDD  WTR  SNW DPTH SPD SPD DIR MIN PSBL S-S WX    SPD DR
================================================================================

 1  59  48  54  -4  11   0 0.00  0.0    0  7.7 16  50   M    M   8        20 140
 2  69  48  59   1   6   0 0.00  0.0    0  6.2 20 170   M    M   4        23 170
 3  76  51  64   6   1   0 0.00  0.0    0  6.8 22 170   M    M   4        29 210
 4  82  54  68   9   0   3 0.00  0.0    0  9.9 23 170   M    M   2        29 180
 5  81  64  73  14   0   8 0.00  0.0    0  6.7 16 170   M    M   6        22 220
 6  69  58  64   5   1   0    T  0.0    0  7.3 13  50   M    M   8        21  50
 7  76  52  64   4   1   0 0.00  0.0    0  6.8 16 180   M    M   2 1      21 130
 8  79  54  67   7   0   2 0.00  0.0    0  7.3 17 180   M    M   4 18     23 170
 9  64  53  59  -1   6   0 0.01  0.0    0  8.6 15  40   M    M  10 128    21  40
10  82  57  70   9   0   5 0.00  0.0    0  8.1 18 160   M    M   7 12     23 190
11  83  67  75  14   0  10    T  0.0    0 10.8 22 170   M    M   6 18     29 190
12  87  63  75  14   0  10    T  0.0    0 12.7 31 310   M    M   7 1      41 300
13  67  54  61  -1   4   0 0.00  0.0    0 17.1 26 320   M    M   6        32 320
14  72  52  62   0   3   0 0.00  0.0    0  8.1 17 160   M    M   3        21 350
15  74  56  65   3   0   0    T  0.0    0  9.1 23 180   M    M   8        32 180
16  75  57  66   4   0   1 0.27  0.0    0  6.0 13  50   M    M  10 1      14 170
17  83  61  72   9   0   7 0.02  0.0    0  3.6 13 170   M    M   8 18     17 170
18  71  56  64   1   1   0 0.00  0.0    0  9.3 22  50   M    M   8 128    25  50
19  82  55  69   6   0   4 0.01  0.0    0  8.0 24 330   M    M   8 128    30 320
20  66  55  61  -3   4   0 0.00  0.0    0 16.0 25 320   M    M   6        31 320
21  62  53  58  -6   7   0    T  0.0    0  6.8 15 180   M    M   9        18 180
22  75  55  65   1   0   0    T  0.0    0 13.2 25 310   M    M   5        36 270
23  70  50  60  -5   5   0 0.00  0.0    0 11.7 26 320   M    M   1 8      38 310
24  81  56  69   4   0   4 0.00  0.0    0 10.0 21 160   M    M   5        25 170
25  83  65  74   9   0   9 0.00  0.0    0 10.6 22 170   M    M   6        25 180
26  86  67  77  11   0  12 0.00  0.0    0 11.7 18 160   M    M   5        23 160
27  81  67  74   8   0   9 0.02  0.0    0 10.0 25 160   M    M   6 3      30 170
28  84  67  76  10   0  11    T  0.0    0  8.5 17 160   M    M   8        21 200
29  82  64  73   6   0   8 0.00  0.0    0  7.9 14 190   M    M   4        18 160
================================================================================
SM 2201 1659        50 103  0.33     0.0 266.5          M      174
================================================================================
AV 75.9 57.2                               9.2 FASTST   M    M   6    MAX(MPH)
                                 MISC ---->  # 31 310               # 41  300
================================================================================
NOTES:
# LAST OF SEVERAL OCCURRENCES

COLUMN 17 PEAK WIND IN M.P.H.

PRELIMINARY LOCAL CLIMATOLOGICAL DATA (WS FORM: F-6) , PAGE 2

                                          STATION:  LAGUARDIA NY
                                          MONTH:    MAY
                                          YEAR:     2015
                                          LATITUDE:   40 46 N
                                          LONGITUDE:  73 54 W

[TEMPERATURE DATA]      [PRECIPITATION DATA]       SYMBOLS USED IN COLUMN 16

AVERAGE MONTHLY: 66.6   TOTAL FOR MONTH:   0.33    1 = FOG OR MIST
DPTR FM NORMAL:   4.4   DPTR FM NORMAL:   -3.18    2 = FOG REDUCING VISIBILITY
HIGHEST:    87 ON 12    GRTST 24HR  0.28 ON 16-17      TO 1/4 MILE OR LESS
LOWEST:     48 ON  2, 1                            3 = THUNDER
                        SNOW, ICE PELLETS, HAIL    4 = ICE PELLETS
                        TOTAL MONTH:   0.0 INCH    5 = HAIL
                        GRTST 24HR     0.0         6 = FREEZING RAIN OR DRIZZLE
                        GRTST DEPTH:   0           7 = DUSTSTORM OR SANDSTORM:
                                                       VSBY 1/2 MILE OR LESS
                                                   8 = SMOKE OR HAZE
[NO. OF DAYS WITH]      [WEATHER - DAYS WITH]      9 = BLOWING SNOW
                                                   X = TORNADO
MAX 32 OR BELOW:   0    0.01 INCH OR MORE:   5
MAX 90 OR ABOVE:   0    0.10 INCH OR MORE:   1
MIN 32 OR BELOW:   0    0.50 INCH OR MORE:   0
MIN  0 OR BELOW:   0    1.00 INCH OR MORE:   0

[HDD (BASE 65) ]
TOTAL THIS MO.    50    CLEAR  (SCALE 0-3)   4
DPTR FM NORMAL   -81    PTCLDY (SCALE 4-7)  20
TOTAL FM JUL 1  4950    CLOUDY (SCALE 8-10)  5
DPTR FM NORMAL   305

[CDD (BASE 65) ]
TOTAL THIS MO.   103
DPTR FM NORMAL    51    [PRESSURE DATA]
TOTAL FM JAN 1   105    HIGHEST SLP M ON M
DPTR FM NORMAL    45    LOWEST  SLP 29.75 ON M

[REMARKS]
