000
CXUS55 KLOX 011902
CF6LGB
PRELIMINARY LOCAL CLIMATOLOGICAL DATA (WS FORM: F-6)

                                          STATION:   LONG BEACH AIRPORT CA
                                          MONTH:     JUNE
                                          YEAR:      2015
                                          LATITUDE:   33 49 N
                                          LONGITUDE: 118  9 W

  TEMPERATURE IN F:       :PCPN:    SNOW:  WIND      :SUNSHINE: SKY     :PK WND
================================================================================
1   2   3   4   5  6A  6B    7    8   9   10  11  12  13   14  15   16   17  18
                                     12Z  AVG MX 2MIN
DY MAX MIN AVG DEP HDD CDD  WTR  SNW DPTH SPD SPD DIR MIN PSBL S-S WX    SPD DR
================================================================================

 1  76  61  69   2   0   4 0.00  0.0    0  5.6 15 310   M    M   4        19 320
 2  75  60  68   1   0   3 0.00  0.0    0  4.8 12 210   M    M   2        17 210
 3  72  62  67   0   0   2 0.00  0.0    0  7.4 16 300   M    M   7 8      19 300
 4  71  63  67   0   0   2 0.00  0.0    0  5.2 13 160   M    M   8        18 160
 5  73  62  68   1   0   3 0.00  0.0    0  7.7 16 310   M    M   6        20 310
 6  75  60  68   1   0   3 0.00  0.0    0  6.1 15 300   M    M   4        20 300
 7  81  61  71   4   0   6 0.00  0.0    0  5.8 14 310   M    M   3 8      19 300
 8  88  62  75   7   0  10 0.00  0.0    0  5.5 15 290   M    M   0 18     19 280
 9  87  64  76   8   0  11 0.01  0.0    M  8.5 17 290   M    M   7 18     24 130
10  76  64  70   2   0   5 0.00  0.0    0  6.7 16 310   M    M   7        18 310
11  74  63  69   1   0   4 0.00  0.0    0  5.9 12 200   M    M   7 18     15 170
12  73  63  68   0   0   3 0.00  0.0    0  5.1 13 200   M    M   7 1      15 160
13  73  62  68   0   0   3    T  0.0    0  5.3 12 130   M    M   8 1      14 180
14  80  65  73   5   0   8 0.00  0.0    0  5.5 14 310   M    M   6        17 310
15  81  64  73   4   0   8 0.00  0.0    0  5.4 13 190   M    M   4 18     18 180
16  75  63  69   0   0   4 0.00  0.0    0  5.0 12 190   M    M   6 18     17 180
17  80  63  72   3   0   7 0.00  0.0    0  5.2 13 180   M    M   3 18     16 180
18  85  64  75   6   0  10 0.00  0.0    0  4.7 12 150   M    M   3 18     16 150
19  87  60  74   5   0   9 0.00  0.0    0  5.1 12 310   M    M   1 128    17 330
20  79  64  72   2   0   7 0.00  0.0    0  6.4 14 190   M    M   2 18     17 180
21  80  66  73   3   0   8 0.00  0.0    0  6.5 13 170   M    M   4 18     17 190
22  85  65  75   5   0  10 0.00  0.0    0  5.6 13 200   M    M   0        18 190
23  86  65  76   6   0  11 0.00  0.0    0  5.2 14 310   M    M   0        17 220
24  83  65  74   4   0   9 0.00  0.0    0  5.8 12 310   M    M   1 18     16 190
25  84  63  74   4   0   9 0.00  0.0    0  5.3 12 300   M    M   1 8      19 190
26  83  64  74   3   0   9 0.00  0.0    0  6.8 15 290   M    M   3 18     24 240
27  78  64  71   0   0   6    T  0.0    0  5.4 20 320   M    M   1        24 320
28  91  68  80   9   0  15    T  0.0    0  6.4 20 300   M    M   2        23 300
29  83  67  75   4   0  10 0.00  0.0    0  5.4 13 190   M    M   1        16 180
30  85  68  77   6   0  12    T  0.0    0  6.4 18 160   M    M   0        24 160
================================================================================
SM 2399 1905         0 211  0.01     0.0 175.7          M      108
================================================================================
AV 80.0 63.5                               5.9 FASTST   M    M   4    MAX(MPH)
                                 MISC ---->  # 20 320                 24    M
================================================================================
NOTES:
# LAST OF SEVERAL OCCURRENCES

COLUMN 17 PEAK WIND IN M.P.H.

PRELIMINARY LOCAL CLIMATOLOGICAL DATA (WS FORM: F-6) , PAGE 2

                                          STATION:  LONG BEACH AIRPORT CA
                                          MONTH:    JUNE
                                          YEAR:     2015
                                          LATITUDE:   33 49 N
                                          LONGITUDE: 118  9 W

[TEMPERATURE DATA]      [PRECIPITATION DATA]       SYMBOLS USED IN COLUMN 16

AVERAGE MONTHLY: 71.7   TOTAL FOR MONTH:   0.01    1 = FOG OR MIST
DPTR FM NORMAL:   2.8   DPTR FM NORMAL:   -0.06    2 = FOG REDUCING VISIBILITY
HIGHEST:    91 ON 28    GRTST 24HR  0.01 ON  9- 9      TO 1/4 MILE OR LESS
LOWEST:     60 ON 19, 6                            3 = THUNDER
                        SNOW, ICE PELLETS, HAIL    4 = ICE PELLETS
                        TOTAL MONTH:   0.0 INCH    5 = HAIL
                        GRTST 24HR     0.0         6 = FREEZING RAIN OR DRIZZLE
                        GRTST DEPTH:   0           7 = DUSTSTORM OR SANDSTORM:
                                                       VSBY 1/2 MILE OR LESS
                                                   8 = SMOKE OR HAZE
[NO. OF DAYS WITH]      [WEATHER - DAYS WITH]      9 = BLOWING SNOW
                                                   X = TORNADO
MAX 32 OR BELOW:   0    0.01 INCH OR MORE:   1
MAX 90 OR ABOVE:   1    0.10 INCH OR MORE:   0
MIN 32 OR BELOW:   0    0.50 INCH OR MORE:   0
MIN  0 OR BELOW:   0    1.00 INCH OR MORE:   0

[HDD (BASE 65) ]
TOTAL THIS MO.     0    CLEAR  (SCALE 0-3)  16
DPTR FM NORMAL    -6    PTCLDY (SCALE 4-7)  14
TOTAL FM JUL 1   534    CLOUDY (SCALE 8-10)  0
DPTR FM NORMAL  -685

[CDD (BASE 65) ]
TOTAL THIS MO.   211
DPTR FM NORMAL    90    [PRESSURE DATA]
TOTAL FM JAN 1   467    HIGHEST SLP 30.03 ON 27
DPTR FM NORMAL   243    LOWEST  SLP 29.75 ON 14

[REMARKS]
#FINAL-06-15#
