000
CXUS54 KFWD 280730
CF6LHB
PRELIMINARY LOCAL CLIMATOLOGICAL DATA (WS FORM: F-6)

                                          STATION:   HEARNE
                                          MONTH:     FEBRUARY
                                          YEAR:      2015
                                          LATITUDE:   30 52 N
                                          LONGITUDE:  96 36 W

  TEMPERATURE IN F:       :PCPN:    SNOW:  WIND      :SUNSHINE: SKY     :PK WND
================================================================================
1   2   3   4   5  6A  6B    7    8   9   10  11  12  13   14  15   16   17  18
                                     12Z  AVG MX 2MIN
DY MAX MIN AVG DEP HDD CDD  WTR  SNW DPTH SPD SPD DIR MIN PSBL S-S WX    SPD DR
================================================================================

 1  72  42  57   M   8   0 0.01  0.0    0 11.9 23 320   M    M   6 1      32 320
 2  45  30  38   M  27   0 0.00  0.0    0  7.9 18 330   M    M   0        25 330
 3  45  37  41   M  24   0 0.01  0.0    0  3.2  9 170   M    M   6 1       M  M
 4  53  41  47   M  18   0 0.02  0.0    0  3.4  8 130   M    M  10 1       M  M
 5  51  36  44   M  21   0 0.01  0.0    0 10.9 20 340   M    M  10 1      27 340
 6  59  37  48   M  17   0 0.00  0.0    0  3.7  9 150   M    M   3 1       M  M
 7  69  42  56   M   9   0 0.00  0.0    0 10.5 20 190   M    M   2 1      27 190
 8  74  51  63   M   2   0 0.00  0.0    0  8.5 16 170   M    M   6        23 170
 9  80  40  60   M   5   0 0.00  0.0    0  2.9 14 320   M    M   2 12     17 320
10  78  38  58   M   7   0 0.00  0.0    0  4.7 13 140   M    M   0         M  M
11  75  52  64   M   1   0 0.00  0.0    0  5.9  9 360   M    M   4 1       M  M
12  60  40  50   M  15   0 0.00  0.0    0  9.6 16 340   M    M   3        24 340
13  67  33  50   M  15   0 0.00  0.0    0  1.9  8 170   M    M   2         M  M
14  78  40  59   M   6   0 0.00  0.0    0  1.6 10 310   M    M   0 1       M  M
15  68  50  59   M   6   0 0.00  0.0    0  3.8 10 140   M    M   5         M  M
16  66  35  51   M  14   0 0.14    M    0 15.5 24 330   M    M   9        30 310
17  50  31  41   M  24   0 0.00  0.0    0  7.6 14 350   M    M   5         M  M
18  62  27  45   M  20   0 0.00  0.0    0  1.7  7 330   M    M   0 1       M  M
19  66  34  50   M  15   0 0.00  0.0    0  8.2 15 150   M    M   2        23 170
20  73  51  62   M   3   0 0.00  0.0    0 14.2 22 170   M    M  10        37 170
21  72  52  62   M   3   0 0.00  0.0    0 11.6 20 180   M    M   9        25 160
22  57  37  47   M  18   0 0.09    M    0  8.8 20 330   M    M  10 1      23 330
23  37  31  34   M  31   0 0.01    M    0 14.2 18 340   M    M  10 1      25 340
24  37  29  33   M  32   0 0.00  0.0    0  7.3 12 340   M    M  10 1      16 310
25  49  34  42   M  23   0 0.00  0.0    0  5.6 14 300   M    M   6 1      16 300
26  46  28  37   M  28   0 0.00  0.0    0  7.0 15 320   M    M   5 1      27 320
27  37  33  35   M  30   0 0.00  0.0    0  7.9 13  10   M    M  10        18  10
================================================================================
SM 1626 1031       422   0  0.29     0.0 200.0          M      145
================================================================================
AV 60.2 38.2                               7.4 FASTST   M    M   5    MAX(MPH)
                                 MISC ---->    24   M                 37    M
================================================================================
NOTES:
# LAST OF SEVERAL OCCURRENCES

COLUMN 17 PEAK WIND IN M.P.H.

PRELIMINARY LOCAL CLIMATOLOGICAL DATA (WS FORM: F-6) , PAGE 2

                                          STATION:  HEARNE
                                          MONTH:    FEBRUARY
                                          YEAR:     2015
                                          LATITUDE:   30 52 N
                                          LONGITUDE:  96 36 W

[TEMPERATURE DATA]      [PRECIPITATION DATA]       SYMBOLS USED IN COLUMN 16

AVERAGE MONTHLY: 49.2   TOTAL FOR MONTH:   0.29    1 = FOG OR MIST
DPTR FM NORMAL:     M   DPTR FM NORMAL:       M    2 = FOG REDUCING VISIBILITY
HIGHEST:    80 ON  9    GRTST 24HR  0.14 ON 16-16      TO 1/4 MILE OR LESS
LOWEST:     27 ON 18                               3 = THUNDER
                        SNOW, ICE PELLETS, HAIL    4 = ICE PELLETS
                        TOTAL MONTH:   0.0 INCH    5 = HAIL
                        GRTST 24HR     0.0         6 = FREEZING RAIN OR DRIZZLE
                        GRTST DEPTH:   0           7 = DUSTSTORM OR SANDSTORM:
                                                       VSBY 1/2 MILE OR LESS
                                                   8 = SMOKE OR HAZE
[NO. OF DAYS WITH]      [WEATHER - DAYS WITH]      9 = BLOWING SNOW
                                                   X = TORNADO
MAX 32 OR BELOW:   0    0.01 INCH OR MORE:   7
MAX 90 OR ABOVE:   0    0.10 INCH OR MORE:   1
MIN 32 OR BELOW:   6    0.50 INCH OR MORE:   0
MIN  0 OR BELOW:   0    1.00 INCH OR MORE:   0

[HDD (BASE 65) ]
TOTAL THIS MO.   422    CLEAR  (SCALE 0-3)   9
DPTR FM NORMAL     M    PTCLDY (SCALE 4-7)   9
TOTAL FM JUL 1  1728    CLOUDY (SCALE 8-10)  9
DPTR FM NORMAL     M

[CDD (BASE 65) ]
TOTAL THIS MO.     0
DPTR FM NORMAL     M    [PRESSURE DATA]
TOTAL FM JAN 1     0    HIGHEST SLP M ON M
DPTR FM NORMAL     M    LOWEST  SLP M ON M

[REMARKS]
