000
CXUS55 KBOU 181106
CF6LIC
PRELIMINARY LOCAL CLIMATOLOGICAL DATA (WS FORM: F-6)

                                          STATION:   LIMON CO
                                          MONTH:     APRIL
                                          YEAR:      2014
                                          LATITUDE:   39 10 N
                                          LONGITUDE: 103 42 W

  TEMPERATURE IN F:       :PCPN:    SNOW:  WIND      :SUNSHINE: SKY     :PK WND
================================================================================
1   2   3   4   5  6A  6B    7    8   9   10  11  12  13   14  15   16   17  18
                                     12Z  AVG MX 2MIN
DY MAX MIN AVG DEP HDD CDD  WTR  SNW DPTH SPD SPD DIR MIN PSBL S-S WX    SPD DR
================================================================================

 1  63  24  44   M  21   0 0.00    M    M 11.9 21 130   M    M   1        31 200
 2  62  27  45   M  20   0 0.00    M    M 13.3 26  40   M    M   6 18     32  50
 3  42  29  36   M  29   0 0.27    M    M 13.7 33 360   M    M   7 1      39 350
 4  51  21  36   M  29   0 0.00    M    M  5.6 18 200   M    M   2        27 150
 5  57  22  40   M  25   0 0.00    M    M  5.8 20 150   M    M   2        24 140
 6  56  23  40   M  25   0    T    M    M 11.0 39 330   M    M   3        47 330
 7  50  27  39   M  26   0 0.01    M    M 18.7 38 330   M    M   5 18     46 340
 8  66  26  46   M  19   0 0.00    M    M 10.9 25 340   M    M   1        35  10
 9  75  26  51   M  14   0 0.00    M    M  6.8 21 320   M    M   0        27 320
10  64  34  49   M  16   0 0.00    M    M 10.7 21 150   M    M   1        27 160
11  75  29  52   M  13   0 0.00    M    M  5.9 21 150   M    M   0        27 170
12  74  39  57   M   8   0    T    M    M  9.7 29  40   M    M   3        45  40
13  50  19  35   M  30   0 0.06    M    M 23.0 36 360   M    M  10 13     42 360
14  36  18  27   M  38   0 0.01    M    M 13.2 26 340   M    M   3 1      32 340
15  61  20  41   M  24   0 0.00    M    M  8.2 22 180   M    M   0        29 190
16  53  30  42   M  23   0 0.00    M    M 15.0 31  10   M    M   3        39 350
17  57  29  43   M  22   0 0.00    M    M 14.9 26 190   M    M   3        33 180
================================================================================
SM  992  443       382   0  0.35    M    198.3          M       50
================================================================================
AV 58.4 26.1                              11.7 FASTST   M    M   3    MAX(MPH)
                                 MISC ---->  # 39 330               # 47  330
================================================================================
NOTES:
# LAST OF SEVERAL OCCURRENCES

COLUMN 17 PEAK WIND IN M.P.H.

PRELIMINARY LOCAL CLIMATOLOGICAL DATA (WS FORM: F-6) , PAGE 2

                                          STATION:  LIMON CO
                                          MONTH:    APRIL
                                          YEAR:     2014
                                          LATITUDE:   39 10 N
                                          LONGITUDE: 103 42 W

[TEMPERATURE DATA]      [PRECIPITATION DATA]       SYMBOLS USED IN COLUMN 16

AVERAGE MONTHLY: 42.2   TOTAL FOR MONTH:   0.35    1 = FOG OR MIST
DPTR FM NORMAL:     M   DPTR FM NORMAL:       M    2 = FOG REDUCING VISIBILITY
HIGHEST:    75 ON 11, 9 GRTST 24HR  0.27 ON  3- 3      TO 1/4 MILE OR LESS
LOWEST:     18 ON 14                               3 = THUNDER
                        SNOW, ICE PELLETS, HAIL    4 = ICE PELLETS
                        TOTAL MONTH:    M          5 = HAIL
                        GRTST 24HR    M  ON   M    6 = FREEZING RAIN OR DRIZZLE
                        GRTST DEPTH:  M  ON   M    7 = DUSTSTORM OR SANDSTORM:
                                                       VSBY 1/2 MILE OR LESS
                                                   8 = SMOKE OR HAZE
[NO. OF DAYS WITH]      [WEATHER - DAYS WITH]      9 = BLOWING SNOW
                                                   X = TORNADO
MAX 32 OR BELOW:   0    0.01 INCH OR MORE:   4
MAX 90 OR ABOVE:   0    0.10 INCH OR MORE:   1
MIN 32 OR BELOW:  15    0.50 INCH OR MORE:   0
MIN  0 OR BELOW:   0    1.00 INCH OR MORE:   0

[HDD (BASE 65) ]
TOTAL THIS MO.   382    CLEAR  (SCALE 0-3)  11
DPTR FM NORMAL     M    PTCLDY (SCALE 4-7)   5
TOTAL FM JUL 1  6574    CLOUDY (SCALE 8-10)  1
DPTR FM NORMAL     M

[CDD (BASE 65) ]
TOTAL THIS MO.     0
DPTR FM NORMAL     M    [PRESSURE DATA]
TOTAL FM JAN 1     0    HIGHEST SLP M ON M
DPTR FM NORMAL     M    LOWEST  SLP 29.49 ON 12

[REMARKS]
