000
CXUS55 KBOU 200758
CF6LIC
PRELIMINARY LOCAL CLIMATOLOGICAL DATA (WS FORM: F-6)

                                          STATION:   LIMON CO
                                          MONTH:     JANUARY
                                          YEAR:      2017
                                          LATITUDE:   39 10 N
                                          LONGITUDE: 103 42 W

  TEMPERATURE IN F:       :PCPN:    SNOW:  WIND      :SUNSHINE: SKY     :PK WND
================================================================================
1   2   3   4   5  6A  6B    7    8   9   10  11  12  13   14  15   16   17  18
                                     12Z  AVG MX 2MIN
DY MAX MIN AVG DEP HDD CDD  WTR  SNW DPTH SPD SPD DIR MIN PSBL S-S WX    SPD DR
================================================================================

 1  50   6  28   M  37   0 0.00    M    M  2.9 13 290   M    M   0        18 290
 2  50  10  30   M  35   0 0.00    M    M  7.9 28  10   M    M   2        32 360
 3  31   3  17   M  48   0 0.00    M    M  7.1 14 140   M    M   1        17 130
 4  20   1  11   M  54   0    T    M    M  9.5 18 330   M    M   5 1      23 350
 5   4  -7  -1   M  66   0 0.10    M    M  7.4 15 350   M    M   8 18     18 350
 6  25 -24   1   M  64   0 0.00    M    M  4.2 10 360   M    M   1        11  10
 7  33 -12  11   M  54   0 0.00    M    M  7.8 18 160   M    M   0        23 160
 8  55   7  31   M  34   0 0.00    M    M  6.4 13 150   M    M   1        17 140
 9  62  21  42   M  23   0 0.00    M    M  7.1 22 280   M    M   0        32 280
10  54  20  37   M  28   0 0.00    M    M 10.8 25 240   M    M   1        36 240
11  60  15  38   M  27   0 0.00    M    M  8.9 31 240   M    M   0        42 230
12  40  13  27   M  38   0 0.00    M    M  9.0 23 110   M    M   5        27 110
13  37  12  25   M  40   0 0.00    M    M  5.5 14 160   M    M   1 1      17 160
14  49  17  33   M  32   0 0.00    M    M  3.6 13 110   M    M   4 1      16 130
15  32  17  25   M  40   0 0.14    M    M  7.2 17 340   M    M   9 1      25 330
16  31  27  29   M  36   0 0.06    M    M 16.7 32 330   M    M  10 1      39 330
17  44  10  27   M  38   0 0.00    M    M  5.2 15 210   M    M   2 12     20 210
18  50   9  30   M  35   0 0.00    M    M  4.3 12 160   M    M   0        14 140
19  54  14  34   M  31   0 0.00    M    M  4.7 12 340   M    M   0        15 320
================================================================================
SM  781  159       760   0  0.30    M    136.2          M       50
================================================================================
AV 41.1  8.4                               7.2 FASTST   M    M   3    MAX(MPH)
                                 MISC ---->  # 32 330               # 42  230
================================================================================
NOTES:
# LAST OF SEVERAL OCCURRENCES

COLUMN 17 PEAK WIND IN M.P.H.

PRELIMINARY LOCAL CLIMATOLOGICAL DATA (WS FORM: F-6) , PAGE 2

                                          STATION:  LIMON CO
                                          MONTH:    JANUARY
                                          YEAR:     2017
                                          LATITUDE:   39 10 N
                                          LONGITUDE: 103 42 W

[TEMPERATURE DATA]      [PRECIPITATION DATA]       SYMBOLS USED IN COLUMN 16

AVERAGE MONTHLY: 24.7   TOTAL FOR MONTH:   0.30    1 = FOG OR MIST
DPTR FM NORMAL:     M   DPTR FM NORMAL:       M    2 = FOG REDUCING VISIBILITY
HIGHEST:    62 ON  9    GRTST 24HR  0.19 ON 15-16      TO 1/4 MILE OR LESS
LOWEST:    -24 ON  6                               3 = THUNDER
                        SNOW, ICE PELLETS, HAIL    4 = ICE PELLETS
                        TOTAL MONTH:    M          5 = HAIL
                        GRTST 24HR    M  ON   M    6 = FREEZING RAIN OR DRIZZLE
                        GRTST DEPTH:  M  ON   M    7 = DUSTSTORM OR SANDSTORM:
                                                       VSBY 1/2 MILE OR LESS
                                                   8 = SMOKE OR HAZE
[NO. OF DAYS WITH]      [WEATHER - DAYS WITH]      9 = BLOWING SNOW
                                                   X = TORNADO
MAX 32 OR BELOW:   6    0.01 INCH OR MORE:   3
MAX 90 OR ABOVE:   0    0.10 INCH OR MORE:   2
MIN 32 OR BELOW:  19    0.50 INCH OR MORE:   0
MIN  0 OR BELOW:   3    1.00 INCH OR MORE:   0

[HDD (BASE 65) ]
TOTAL THIS MO.   760    CLEAR  (SCALE 0-3)  13
DPTR FM NORMAL     M    PTCLDY (SCALE 4-7)   3
TOTAL FM JUL 1  3402    CLOUDY (SCALE 8-10)  3
DPTR FM NORMAL     M

[CDD (BASE 65) ]
TOTAL THIS MO.     0
DPTR FM NORMAL     M    [PRESSURE DATA]
TOTAL FM JAN 1     0    HIGHEST SLP M ON M
DPTR FM NORMAL     M    LOWEST  SLP 29.38 ON 11

[REMARKS]
