000
CXUS54 KLZK 191330
CF6LIT
PRELIMINARY LOCAL CLIMATOLOGICAL DATA (WS FORM: F-6)

                                          STATION:   Little Rock Adams Field
                                          MONTH:     OCTOBER
                                          YEAR:      2014
                                          LATITUDE:   34 43 N
                                          LONGITUDE:  92 14 W

  TEMPERATURE IN F:       :PCPN:    SNOW:  WIND      :SUNSHINE: SKY     :PK WND
================================================================================
1   2   3   4   5  6A  6B    7    8   9   10  11  12  13   14  15   16   17  18
                                     12Z  AVG MX 2MIN
DY MAX MIN AVG DEP HDD CDD  WTR  SNW DPTH SPD SPD DIR MIN PSBL S-S WX    SPD DR
================================================================================

 1  89  66  78   9   0  13 0.00  0.0    0  5.2 16 140   M    M   4        21 220
 2  91  67  79  10   0  14 0.65  0.0    0  8.4 36 290   M    M   7 13     47 290
 3  79  54  67  -1   0   2 0.00  0.0    0 12.0 24 320   M    M   4        32 290
 4  72  46  59  -9   6   0 0.00  0.0    0  7.0 18 320   M    M   4        23 280
 5  78  49  64  -4   1   0 0.00  0.0    0  9.1 21 220   M    M   5        26 230
 6  79  58  69   2   0   4 0.33  0.0    0  7.8 38 310   M    M   8 13     53 300
 7  88  65  77  10   0  12 0.00  0.0    0  8.1 15 210   M    M   5        23 230
 8  85  68  77  11   0  12 0.14  0.0    0  4.5 29 300   M    M   7 13     35 310
 9  87  65  76  10   0  11 0.00  0.0    0  4.0 16 190   M    M   7 12     21 190
10  86  67  77  11   0  12 0.40  0.0    0  7.5 28 330   M    M   7 138    35 320
11  68  57  63  -2   2   0 0.54  0.0    0  8.0  5 100   M    M  10 13      5 100
12  70  57  64  -1   1   0 0.12  0.0    0  5.3 15 200   M    M  10 12     17 200
13  74  60  67   2   0   2 1.10  0.0    0 11.2 28 250   M    M   9 13     38 250
14  72  53  63  -1   2   0 0.00  0.0    0 11.9 25 280   M    M   6        36 280
15  74  50  62  -2   3   0 0.00  0.0    0 10.2 23 310   M    M   0        30 310
16  79  46  63  -1   2   0 0.00  0.0    0  4.8 12 200   M    M   3        15 160
17  84  55  70   7   0   5 0.00  0.0    0  3.4  9 320   M    M   2        14 230
18  75  52  64   1   1   0 0.00  0.0    0  5.5 14  10   M    M   7        18 350
================================================================================
SM 1430 1035        18  87  3.28     0.0 133.9          M      105
================================================================================
AV 79.4 57.5                               7.4 FASTST   M    M   6    MAX(MPH)
                                 MISC ---->  # 38 310               # 53  300
================================================================================
NOTES:
# LAST OF SEVERAL OCCURRENCES

COLUMN 17 PEAK WIND IN M.P.H.

PRELIMINARY LOCAL CLIMATOLOGICAL DATA (WS FORM: F-6) , PAGE 2

                                          STATION:  Little Rock Adams Field
                                          MONTH:    OCTOBER
                                          YEAR:     2014
                                          LATITUDE:   34 43 N
                                          LONGITUDE:  92 14 W

[TEMPERATURE DATA]      [PRECIPITATION DATA]       SYMBOLS USED IN COLUMN 16

AVERAGE MONTHLY: 68.5   TOTAL FOR MONTH:   3.28    1 = FOG OR MIST
DPTR FM NORMAL:   2.5   DPTR FM NORMAL:    0.58    2 = FOG REDUCING VISIBILITY
HIGHEST:    91 ON  2    GRTST 24HR  1.14 ON 12-13      TO 1/4 MILE OR LESS
LOWEST:     46 ON 16, 4                            3 = THUNDER
                        SNOW, ICE PELLETS, HAIL    4 = ICE PELLETS
                        TOTAL MONTH:   0.0 INCH    5 = HAIL
                        GRTST 24HR     0.0         6 = FREEZING RAIN OR DRIZZLE
                        GRTST DEPTH:   0           7 = DUSTSTORM OR SANDSTORM:
                                                       VSBY 1/2 MILE OR LESS
                                                   8 = SMOKE OR HAZE
[NO. OF DAYS WITH]      [WEATHER - DAYS WITH]      9 = BLOWING SNOW
                                                   X = TORNADO
MAX 32 OR BELOW:   0    0.01 INCH OR MORE:   7
MAX 90 OR ABOVE:   1    0.10 INCH OR MORE:   7
MIN 32 OR BELOW:   0    0.50 INCH OR MORE:   3
MIN  0 OR BELOW:   0    1.00 INCH OR MORE:   1

[HDD (BASE 65) ]
TOTAL THIS MO.    18    CLEAR  (SCALE 0-3)   3
DPTR FM NORMAL   -28    PTCLDY (SCALE 4-7)  12
TOTAL FM JUL 1    22    CLOUDY (SCALE 8-10)  3
DPTR FM NORMAL   -35

[CDD (BASE 65) ]
TOTAL THIS MO.    87
DPTR FM NORMAL    26    [PRESSURE DATA]
TOTAL FM JAN 1  2027    HIGHEST SLP M ON M
DPTR FM NORMAL  -147    LOWEST  SLP 29.54 ON 13

[REMARKS]
