000
CXUS55 KPIH 281200
CF6LLJ

PRELIMINARY LOCAL CLIMATOLOGICAL DATA (WS FORM: F-6)

                                          STATION:   CHALLIS ID
                                          MONTH:     FEBRUARY
                                          YEAR:      2015
                                          LATITUDE:   44 31 N
                                          LONGITUDE: 114 13 W

  TEMPERATURE IN F:       :PCPN:    SNOW:  WIND      :SUNSHINE: SKY     :PK WND
================================================================================
1   2   3   4   5  6A  6B    7    8   9   10  11  12  13   14  15   16   17  18
                                     12Z  AVG MX 2MIN
DY MAX MIN AVG DEP HDD CDD  WTR  SNW DPTH SPD SPD DIR MIN PSBL S-S WX    SPD DR
================================================================================

 1  28  16  22   1  43   0    T    M    M  2.5  6  10   M    M   8 1       8  10
 2  37  20  29   8  36   0    T    M    M  2.0  8 330   M    M   6 1      10  10
 3  42  25  34  13  31   0 0.07    M    M  2.5 13 190   M    M   6 1      16 190
 4  38  29  34  12  31   0 0.04    M    M  0.8  7 360   M    M   7 1       9 360
 5  55  28  42  20  23   0 0.00    M    M  2.5 29 270   M    M   2 1      35 270
 6  61  30  46  24  19   0 0.01    M    M  8.5 24 210   M    M   3        34 200
 7  51  38  45  23  20   0 0.25    M    M  8.9 26 200   M    M   5 1      33 210
 8  54  31  43  21  22   0    T    M    M  5.0 18 150   M    M   3        27 150
 9  51  36  44  21  21   0 0.08    M    M  6.7 21 230   M    M   8 1      26 190
10  49  32  41  18  24   0 0.00    M    M  3.9 12 180   M    M   8        14 190
11  45  26  36  13  29   0 0.00    M    M  1.4  7 330   M    M   0         8 310
12  52  29  41  17  24   0 0.00    M    M  2.2  9 140   M    M   2        10 130
13  50  24  37  13  28   0 0.00    M    M  0.9  6 160   M    M   0         8 170
14  56  27  42  18  23   0 0.00    M    M  3.5 14  30   M    M   1        19  20
15  48  26  37  13  28   0 0.00    M    M  5.6 22  10   M    M   1        27 360
16  42  23  33   8  32   0 0.00    M    M  3.6 10  20   M    M   2        12  20
17  45  18  32   7  33   0 0.00    M    M  1.1  8 130   M    M   0         8 130
18  52  20  36  10  29   0 0.00    M    M  1.6  8 300   M    M   0         9 320
19  58  23  41  15  24   0 0.00    M    M  5.1 28 270   M    M   2        34 270
20  43  26  35   9  30   0 0.01    M    M  4.7 18 300   M    M   7 1      25 300
21  39  20  30   3  35   0    T    M    M  8.1 28  30   M    M   9 1      35  30
22  30   9  20  -7  45   0 0.00    M    M  9.1 15  30   M    M   1        19  40
23  36   6  21  -7  44   0 0.00    M    M  1.8  9 300   M    M   0        11 310
24  50  15  33   5  32   0 0.00    M    M  1.6  9 280   M    M   1        13 280
25  45  27  36   8  29   0 0.00    M    M  6.5 18  40   M    M   5        24 330
26  40  26  33   4  32   0 0.00    M    M  3.3 12  20   M    M   7        15  10
27  41  27  34   5  31   0    T    M    M  4.1 14  10   M    M  10        20  20
================================================================================
SM 1238  657       798   0  0.46    M    107.5          M      104
================================================================================
AV 45.9 24.3                               4.0 FASTST   M    M   4    MAX(MPH)
                                 MISC ---->  # 29 270               # 35  270
================================================================================
NOTES:
# LAST OF SEVERAL OCCURRENCES

COLUMN 17 PEAK WIND IN M.P.H.

PRELIMINARY LOCAL CLIMATOLOGICAL DATA (WS FORM: F-6) , PAGE 2

                                          STATION:  CHALLIS ID
                                          MONTH:    FEBRUARY
                                          YEAR:     2015
                                          LATITUDE:   44 31 N
                                          LONGITUDE: 114 13 W

[TEMPERATURE DATA]      [PRECIPITATION DATA]       SYMBOLS USED IN COLUMN 16

AVERAGE MONTHLY: 35.1   TOTAL FOR MONTH:   0.46    1 = FOG OR MIST
DPTR FM NORMAL:  10.6   DPTR FM NORMAL:   -0.14    2 = FOG REDUCING VISIBILITY
HIGHEST:    61 ON  6    GRTST 24HR  0.26 ON  6- 7      TO 1/4 MILE OR LESS
LOWEST:      6 ON 23                               3 = THUNDER
                        SNOW, ICE PELLETS, HAIL    4 = ICE PELLETS
                        TOTAL MONTH:    M          5 = HAIL
                        GRTST 24HR    M  ON   M    6 = FREEZING RAIN OR DRIZZLE
                        GRTST DEPTH:  M  ON   M    7 = DUSTSTORM OR SANDSTORM:
                                                       VSBY 1/2 MILE OR LESS
                                                   8 = SMOKE OR HAZE
[NO. OF DAYS WITH]      [WEATHER - DAYS WITH]      9 = BLOWING SNOW
                                                   X = TORNADO
MAX 32 OR BELOW:   2    0.01 INCH OR MORE:   6
MAX 90 OR ABOVE:   0    0.10 INCH OR MORE:   1
MIN 32 OR BELOW:  25    0.50 INCH OR MORE:   0
MIN  0 OR BELOW:   0    1.00 INCH OR MORE:   0

[HDD (BASE 65) ]
TOTAL THIS MO.   798    CLEAR  (SCALE 0-3)  14
DPTR FM NORMAL  -294    PTCLDY (SCALE 4-7)  11
TOTAL FM JUL 1  5103    CLOUDY (SCALE 8-10)  2
DPTR FM NORMAL  -911

[CDD (BASE 65) ]
TOTAL THIS MO.     0
DPTR FM NORMAL     0    [PRESSURE DATA]
TOTAL FM JAN 1     0    HIGHEST SLP M ON M
DPTR FM NORMAL     0    LOWEST  SLP 29.74 ON 27

[REMARKS]
