000
CXUS54 KLZK 271130
CF6LLQ
PRELIMINARY LOCAL CLIMATOLOGICAL DATA (WS FORM: F-6)

                                          STATION:   Monticello
                                          MONTH:     MAY
                                          YEAR:      2016
                                          LATITUDE:   33 37 N
                                          LONGITUDE:  91 45 W

  TEMPERATURE IN F:       :PCPN:    SNOW:  WIND      :SUNSHINE: SKY     :PK WND
================================================================================
1   2   3   4   5  6A  6B    7    8   9   10  11  12  13   14  15   16   17  18
                                     12Z  AVG MX 2MIN
DY MAX MIN AVG DEP HDD CDD  WTR  SNW DPTH SPD SPD DIR MIN PSBL S-S WX    SPD DR
================================================================================

 1  86  67  77  10   0  12 0.80  0.0    0  2.8 17  60   M    M   6 128    23  50
 2  70  57  64  -4   1   0 0.46  0.0    0  4.3 16 320   M    M   8 13     22  10
 3  71  52  62  -6   3   0 0.00  0.0    0  3.5 10  40   M    M   6        16  10
 4  81  51  66  -2   0   1 0.00  0.0    0  7.3 18 290   M    M   1        28 300
 5  78  49  64  -4   1   0 0.00  0.0    0  3.6 13 330   M    M   0        21 320
 6  78  48  63  -6   2   0 0.00  0.0    0  2.5 10  50   M    M   0        14  10
 7  85  51  68  -1   0   3 0.00  0.0    0  4.8 12 210   M    M   0        18 170
 8  81  63  72   3   0   7 0.00  0.0    0  8.2 17 210   M    M   1        24 190
 9  78  65  72   2   0   7 0.00  0.0    0  9.3 18 160   M    M   4        24 170
10  89  70  80  10   0  15 0.00  0.0    0  9.2 20 200   M    M   5        26 190
11  87  68  78   8   0  13 0.00  0.0    0  6.9 15 200   M    M   1        22 200
12  85  65  75   5   0  10 0.02  0.0    0  4.1 15 320   M    M   2 38     22 330
13  83  54  69  -2   0   4 0.00  0.0    0  2.7 15  60   M    M   0        18  60
14  75  54  65  -6   0   0 0.00  0.0    0  5.0 13  50   M    M   2        21 320
15  72  58  65  -6   0   0    T  0.0    0  4.0 16  70   M    M   9        21  60
16  66  58  62 -10   3   0 0.19  0.0    0  5.1 10  90   M    M   9 1      14 130
17  84  62  73   1   0   8 0.00  0.0    0  3.6 14  10   M    M   6 1      21  10
18  65  58  62 -10   3   0 0.00  0.0    0  5.9 13  40   M    M  10        20  10
19  80  55  68  -4   0   3    T  0.0    0  4.6 16  60   M    M   3 18     21  50
20  81  62  72   0   0   7 0.00  0.0    0  4.0 12 300   M    M   6        15 290
21  84  59  72  -1   0   7 0.00  0.0    0  2.3  9  50   M    M   2 1      12  50
22  85  59  72  -1   0   7 0.00  0.0    0  3.4 14  70   M    M   0        17  60
23  85  56  71  -2   0   6 0.00  0.0    0  3.4 13 190   M    M   0        17 180
24  91  62  77   3   0  12 0.02  0.0    0  5.8 17  40   M    M   3 3      24  50
25  87  68  78   4   0  13 0.00  0.0    0  5.4 14 160   M    M   5 3      20 160
26  90  72  81   7   0  16 0.00  0.0    0  5.8 15 200   M    M   4 123    20 200
================================================================================
SM 2097 1543        13 151  1.49     0.0 127.5          M       93
================================================================================
AV 80.7 59.3                               4.9 FASTST   M    M   4    MAX(MPH)
                                 MISC ---->  # 20 200               # 28  300
================================================================================
NOTES:
# LAST OF SEVERAL OCCURRENCES

COLUMN 17 PEAK WIND IN M.P.H.

PRELIMINARY LOCAL CLIMATOLOGICAL DATA (WS FORM: F-6) , PAGE 2

                                          STATION:  Monticello
                                          MONTH:    MAY
                                          YEAR:     2016
                                          LATITUDE:   33 37 N
                                          LONGITUDE:  91 45 W

[TEMPERATURE DATA]      [PRECIPITATION DATA]       SYMBOLS USED IN COLUMN 16

AVERAGE MONTHLY: 70.0   TOTAL FOR MONTH:   1.49    1 = FOG OR MIST
DPTR FM NORMAL:  -0.8   DPTR FM NORMAL:   -2.80    2 = FOG REDUCING VISIBILITY
HIGHEST:    91 ON 24    GRTST 24HR  1.25 ON  1- 2      TO 1/4 MILE OR LESS
LOWEST:     48 ON  6                               3 = THUNDER
                        SNOW, ICE PELLETS, HAIL    4 = ICE PELLETS
                        TOTAL MONTH:   0.0 INCH    5 = HAIL
                        GRTST 24HR     0.0         6 = FREEZING RAIN OR DRIZZLE
                        GRTST DEPTH:   0           7 = DUSTSTORM OR SANDSTORM:
                                                       VSBY 1/2 MILE OR LESS
                                                   8 = SMOKE OR HAZE
[NO. OF DAYS WITH]      [WEATHER - DAYS WITH]      9 = BLOWING SNOW
                                                   X = TORNADO
MAX 32 OR BELOW:   0    0.01 INCH OR MORE:   5
MAX 90 OR ABOVE:   2    0.10 INCH OR MORE:   3
MIN 32 OR BELOW:   0    0.50 INCH OR MORE:   1
MIN  0 OR BELOW:   0    1.00 INCH OR MORE:   0

[HDD (BASE 65) ]
TOTAL THIS MO.    13    CLEAR  (SCALE 0-3)  13
DPTR FM NORMAL    -6    PTCLDY (SCALE 4-7)  10
TOTAL FM JUL 1  1926    CLOUDY (SCALE 8-10)  3
DPTR FM NORMAL  -773

[CDD (BASE 65) ]
TOTAL THIS MO.   151
DPTR FM NORMAL   -19    [PRESSURE DATA]
TOTAL FM JAN 1   283    HIGHEST SLP M ON M
DPTR FM NORMAL     7    LOWEST  SLP 29.62 ON  9

[REMARKS]
ALL SNOWFALL DATA IS FROM THE UNIVERSITY OF ARKANSAS AT MONTICELLO COOPERATIVE OBSERVER SITE
