000
CXUS55 KRIW 160945
CF6LND
PRELIMINARY LOCAL CLIMATOLOGICAL DATA (WS FORM: F-6)

                                          STATION:   LANDER WY
                                          MONTH:     DECEMBER
                                          YEAR:      2017
                                          LATITUDE:   42 49 N
                                          LONGITUDE: 108 44 W

  TEMPERATURE IN F:       :PCPN:    SNOW:  WIND      :SUNSHINE: SKY     :PK WND
================================================================================
1   2   3   4   5  6A  6B    7    8   9   10  11  12  13   14  15   16   17  18
                                     12Z  AVG MX 2MIN
DY MAX MIN AVG DEP HDD CDD  WTR  SNW DPTH SPD SPD DIR MIN PSBL S-S WX    SPD DR
================================================================================

 1  48  25  37  14  28   0 0.00  0.0    0  5.1 15 130   M    M   0        19 300
 2  49  22  36  13  29   0 0.00  0.0    0  4.8 16 270   M    M   0        22 150
 3  56  29  43  21  22   0 0.18  2.1    0 10.3 41 190   M    M   3 1      49 210
 4  29   8  19  -3  46   0 0.10  2.0    4  6.6 28 340   M    M   5 1      36 340
 5  32   4  18  -4  47   0 0.00  0.0    3  5.5 18 250   M    M   0        20 250
 6  30  10  20  -2  45   0 0.00  0.0    3  5.5 16 240   M    M   1        19 240
 7  39  13  26   5  39   0 0.00  0.0    2  3.0 13 260   M    M   5        16 150
 8  46  17  32  11  33   0 0.00  0.0    1  3.7 13 250   M    M   0        15 240
 9  43  18  31  10  34   0 0.00  0.0    T  2.5  9 120   M    M   0        11 360
10  38  15  27   6  38   0 0.00  0.0    0  2.5 13 240   M    M   0        13 250
11  41  11  26   6  39   0 0.00  0.0    T  3.3  9 250   M    M   0        11 260
12  44  16  30  10  35   0 0.00  0.0    T  3.9 14  20   M    M   0        18  20
13  41  27  34  14  31   0 0.17  2.4    T  4.7 21  20   M    M   8 1      24  20
14  35  16  26   6  39   0 0.00  0.0    2  5.0 14 240   M    M   2        15 240
15  37  13  25   5  40   0 0.00  0.0    2  4.5 13 210   M    M   0        14 210
================================================================================
SM  608  244       545   0  0.45     6.5  70.9          M       24
================================================================================
AV 40.5 16.3                               4.7 FASTST   M    M   2    MAX(MPH)
                                 MISC ---->  # 41 190               # 49  210
================================================================================
NOTES:
# LAST OF SEVERAL OCCURRENCES

COLUMN 17 PEAK WIND IN M.P.H.

PRELIMINARY LOCAL CLIMATOLOGICAL DATA (WS FORM: F-6) , PAGE 2

                                          STATION:  LANDER WY
                                          MONTH:    DECEMBER
                                          YEAR:     2017
                                          LATITUDE:   42 49 N
                                          LONGITUDE: 108 44 W

[TEMPERATURE DATA]      [PRECIPITATION DATA]       SYMBOLS USED IN COLUMN 16

AVERAGE MONTHLY: 28.4   TOTAL FOR MONTH:   0.45    1 = FOG OR MIST
DPTR FM NORMAL:   7.2   DPTR FM NORMAL:    0.13    2 = FOG REDUCING VISIBILITY
HIGHEST:    56 ON  3    GRTST 24HR  0.18 ON  3- 3      TO 1/4 MILE OR LESS
LOWEST:      4 ON  5                               3 = THUNDER
                        SNOW, ICE PELLETS, HAIL    4 = ICE PELLETS
                        TOTAL MONTH:   6.5 INCHES  5 = HAIL
                        GRTST 24HR   2.4 ON 13-13  6 = FREEZING RAIN OR DRIZZLE
                        GRTST DEPTH:   4 ON  4     7 = DUSTSTORM OR SANDSTORM:
                                                       VSBY 1/2 MILE OR LESS
                                                   8 = SMOKE OR HAZE
[NO. OF DAYS WITH]      [WEATHER - DAYS WITH]      9 = BLOWING SNOW
                                                   X = TORNADO
MAX 32 OR BELOW:   3    0.01 INCH OR MORE:   3
MAX 90 OR ABOVE:   0    0.10 INCH OR MORE:   3
MIN 32 OR BELOW:  15    0.50 INCH OR MORE:   0
MIN  0 OR BELOW:   0    1.00 INCH OR MORE:   0

[HDD (BASE 65) ]
TOTAL THIS MO.   545    CLEAR  (SCALE 0-3)  11
DPTR FM NORMAL  -112    PTCLDY (SCALE 4-7)   4
TOTAL FM JUL 1  2145    CLOUDY (SCALE 8-10)  0
DPTR FM NORMAL  -385

[CDD (BASE 65) ]
TOTAL THIS MO.     0
DPTR FM NORMAL     0    [PRESSURE DATA]
TOTAL FM JAN 1   292    HIGHEST SLP M ON M
DPTR FM NORMAL  -180    LOWEST  SLP 29.54 ON  3

[REMARKS]
