000
CXUS53 KMKX 170658
CF6LNR
PRELIMINARY LOCAL CLIMATOLOGICAL DATA (WS FORM: F-6)

                                          STATION:   LONE ROCK WI
                                          MONTH:     OCTOBER
                                          YEAR:      2017
                                          LATITUDE:   43 12 N
                                          LONGITUDE:  90 11 W

  TEMPERATURE IN F:       :PCPN:    SNOW:  WIND      :SUNSHINE: SKY     :PK WND
================================================================================
1   2   3   4   5  6A  6B    7    8   9   10  11  12  13   14  15   16   17  18
                                     12Z  AVG MX 2MIN
DY MAX MIN AVG DEP HDD CDD  WTR  SNW DPTH SPD SPD DIR MIN PSBL S-S WX    SPD DR
================================================================================

 1  72  48  60   5   5   0    T  0.0    0  8.1 21 200   M    M   0        26 160
 2  82  52  67  13   0   2 0.00  0.0    0  9.8 21 170   M    M   1        26 160
 3  78  63  71  17   0   6 0.03  0.0    0  8.8 20 210   M    M   7 138    27 210
 4  70  42  56   3   9   0 0.13  0.0    0  5.8 17 280   M    M   2 1      25 290
 5  71  40  56   3   9   0 0.20    M    0  3.2 17 330   M    M   8 13     24 330
 6  69  55  62   9   3   0 0.46  0.0    0  9.2 18 100   M    M  10 13     24 100
 7  73  53  63  11   2   0 0.24  0.0    0 10.0 24 280   M    M   6 13     34 270
 8  76  46  61   9   4   0 0.00  0.0    0  5.4 18 180   M    M   0 1      23 200
 9  71  46  59   7   6   0    T    M    0  6.1 20 360   M    M   1 12     29 350
10  57  47  52   1  13   0 0.87  0.0    0  8.7 16  60   M    M   9 1      22  30
11  60  48  54   3  11   0 0.04  0.0    0  5.9 12 100   M    M  10 1      17  30
12  60  54  57   7   8   0    T  0.0    0  3.9 10 120   M    M  10 1      13 120
13  60  54  57   7   8   0 0.06    M    M  3.1 10  30   M    M  10 1      15  30
14  66  56  61  11   4   0 0.30    M    M  9.1 20  90   M    M  10 13     24  90
15  65  37  51   2  14   0    T    M    M 10.0 26 300   M    M   9 1      36 300
16  63  34  49   0  16   0 0.00    M    M  2.9 15 240   M    M   3 12     23 220
================================================================================
SM 1093  775       112   8  2.33     0.0 110.0          M       96
================================================================================
AV 68.3 48.4                               6.9 FASTST   M    M   6    MAX(MPH)
                                 MISC ---->  # 26 300               # 36  300
================================================================================
NOTES:
# LAST OF SEVERAL OCCURRENCES

COLUMN 17 PEAK WIND IN M.P.H.

PRELIMINARY LOCAL CLIMATOLOGICAL DATA (WS FORM: F-6) , PAGE 2

                                          STATION:  LONE ROCK WI
                                          MONTH:    OCTOBER
                                          YEAR:     2017
                                          LATITUDE:   43 12 N
                                          LONGITUDE:  90 11 W

[TEMPERATURE DATA]      [PRECIPITATION DATA]       SYMBOLS USED IN COLUMN 16

AVERAGE MONTHLY: 58.4   TOTAL FOR MONTH:   2.33    1 = FOG OR MIST
DPTR FM NORMAL:   6.6   DPTR FM NORMAL:    1.06    2 = FOG REDUCING VISIBILITY
HIGHEST:    82 ON  2    GRTST 24HR  0.87 ON 10-10      TO 1/4 MILE OR LESS
LOWEST:     34 ON 16                               3 = THUNDER
                        SNOW, ICE PELLETS, HAIL    4 = ICE PELLETS
                        TOTAL MONTH:   0.0 INCH    5 = HAIL
                        GRTST 24HR     0.0         6 = FREEZING RAIN OR DRIZZLE
                        GRTST DEPTH:   0           7 = DUSTSTORM OR SANDSTORM:
                                                       VSBY 1/2 MILE OR LESS
                                                   8 = SMOKE OR HAZE
[NO. OF DAYS WITH]      [WEATHER - DAYS WITH]      9 = BLOWING SNOW
                                                   X = TORNADO
MAX 32 OR BELOW:   0    0.01 INCH OR MORE:   9
MAX 90 OR ABOVE:   0    0.10 INCH OR MORE:   6
MIN 32 OR BELOW:   0    0.50 INCH OR MORE:   1
MIN  0 OR BELOW:   0    1.00 INCH OR MORE:   0

[HDD (BASE 65) ]
TOTAL THIS MO.   112    CLEAR  (SCALE 0-3)   6
DPTR FM NORMAL  -106    PTCLDY (SCALE 4-7)   3
TOTAL FM JUL 1   238    CLOUDY (SCALE 8-10)  7
DPTR FM NORMAL  -169

[CDD (BASE 65) ]
TOTAL THIS MO.     8
DPTR FM NORMAL     6    [PRESSURE DATA]
TOTAL FM JAN 1   608    HIGHEST SLP M ON M
DPTR FM NORMAL    41    LOWEST  SLP 29.43 ON  7

[REMARKS]
